{"id":1330102,"date":"2026-08-11T13:33:26","date_gmt":"2026-08-11T11:33:26","guid":{"rendered":"https:\/\/www.serra.immo\/propiedad\/ref-25-3702-1468-gran-finca-rustica-de-10-000-m2-con-masia-en-la-zon-del-fraitg\/"},"modified":"2026-08-11T13:33:26","modified_gmt":"2026-08-11T11:33:26","slug":"ref-25-3702-1468-large-rustic-estate-of-10000-m2-with-farmhouse-in-the-fraitg-area","status":"publish","type":"property","link":"https:\/\/www.serra.immo\/en\/propiedad\/ref-25-3702-1468-gran-finca-rustica-de-10-000-m2-con-masia-en-la-zon-del-fraitg\/","title":{"rendered":"Ref. 25-3702\/1468 \u2013 Large 10,000 m2 country estate with farmhouse in the Fraitg area"},"content":{"rendered":"<p>[formatar_descripcio(Presentamos una magn\u00edfica finca r\u00fastica con una gran casa mas\u00eda de 570 m2 distribuida en dos plantas, edificada en un gran solar de casi 10.000 m2 d\u00f3nde tambi\u00e9n encontramos cuadras de caballos, un garaje de 50 m2, un gran almac\u00e9n de 350 m2, gallineros, huerto&#8230;, todo ello le permitir\u00e1 realizar diversas actividades, consultar sus usos.<\/p>\n<p>Esta finca destaca por su privilegiada ubicaci\u00f3n, en la partida del Fraitg, al lado mismo de la urbanizaci\u00f3n la Collada y del n\u00facleo urbano, con todos los servicios a su alcance.<\/p>\n<p>La finca se encuentra en suelo urbanizable y la legislaci\u00f3n urban\u00edstica catalana permite la autorizaci\u00f3n de usos y obras de car\u00e1cter provisional, siempre que no est\u00e9n prohibidos por la planificaci\u00f3n territorial o sectorial. Seg\u00fan las modificaciones del Decreto ley 2\/2025 estos usos se pueden autorizar mientras no se haya iniciado el proceso de reparcelaci\u00f3n, expropiaci\u00f3n u ocupaci\u00f3n. Consultar dichos usos.<\/p>\n<p>La casa existente en la finca est\u00e1 distribuida en dos plantas, en la planta baja hay 2 habitaciones tipo despacho o sala, en la planta piso se encuentra la vivienda compuesta por 5 habitaciones dobles (20 m2, 17 m2, 16 m2, 15 m2, 11 m2), 2 ba\u00f1os completos, amplia cocina, gran sal\u00f3n comedor de 65 m2 con chimenea y con salida a terraza de 60 m2<\/p>\n<p>Concierte visita vea usted mismo las posibilidades de esta exclusiva finca.<\/p>\n<p>En cumplimiento de las obligaciones de informaci\u00f3n previstas en la Ley 10\/2025,de 28 de diciembre, de servicios de atenci\u00f3n a la clientela y transparencia , as\u00ed como en la normativa sectorial vigente, se hace constar que el precio de venta indicado incluye los honorarios de la agencia y no incluye los gastos e impuestos inherentes a la adquisici\u00f3n, los cuales de desglosan a continuaci\u00f3n:<\/p>\n<p>* Impuesto de Transmisiones Patrimoniales (ITP): Se aplicar\u00e1 el tipo impositivo vigente en la Comunidad Aut\u00f3noma de Catalu\u00f1a a partir de 600.001 \u20ac a 900.000 \u20ac el ITP es 11%(94.600 \u20ac, resultando un importe de 954.600 \u20ac); sin perjuicio de los tipos reducidos del 5%, aplicables seg\u00fan las circunstancias personales del comprador y del 20% en el supuesto de los grandes tenedores: (172.000 \u20ac, resultando un importe de 1.032.000 \u20ac).<br \/>\nEl impuesto se devenga sobre el Valor de Referencia de Catastro o el precio de venta, aquel que resulte superior.<br \/>\n\u2022 Gastos de Notar\u00eda: Los honorarios notariales se calcular\u00e1n conforme al arancel oficial regulado en el Anexo I, del Real Decreto 1426\/1989, de 17 de noviembre, por el que se aprueba el arancel Notarial.<br \/>\n\u2022 Gastos de Registro: La inscripci\u00f3n en el Registro de la Propiedad se facturar\u00e1 seg\u00fan el arancel oficial establecido en el ANEXO I, del Real Decreto 1427\/1989, de 17 de noviembre, por el que se aprueba el arancel Notarial.<br \/>\n\u2022 Gastos de Gesti\u00f3n (Gestor\u00eda): Los honorarios por la tramitaci\u00f3n administrativa, liquidaci\u00f3n de impuestos e inscripci\u00f3n registral. Estos tres \u00faltimos gastos ascienden a un importe aproximado de 2.000 \u20ac.<br \/>\n\u2022 Honorarios de la Agencia: API colegiado n\u00fam. 2640 ALARCON PROPIEDADES, S.L.: incluidos en el PVP.<\/p>\n<p>Para una informaci\u00f3n exhaustiva sobre el funcionamiento, tipos impositivos y bonificaciones del ITP en Catalu\u00f1a, puede consultar el portal oficial de la Agencia Tributaria de la Agencia Tributaria Catalana, en el siguiente enlace:<br \/>\nhttps:\/\/atc.gencat.cat\/es\/tributs\/itpajd\/tpo\/tarifes-tipus.)]<\/p>\n","protected":false},"excerpt":{"rendered":"<p>We present a magnificent rustic estate with a large farmhouse of 570 m2 distributed over two floors, built on a large plot of almost 10,000 m2 where we also find horse stables, a 50 m2 garage, a large warehouse of 350 m2, chicken coops, orchard\u2026, all of which will allow you to carry out various activities, consult its uses.<\/p>\n<p>This property stands out for its privileged location, in the Fraitg area, right next to the La Collada urbanization and the town center, with all services within easy reach.<\/p>\n<p>The property is located on developable land, and Catalan urban planning legislation allows for the authorization of temporary uses and works, provided they are not prohibited by territorial or sectoral planning regulations. According to the amendments introduced by Decree Law 2\/2025, these uses may be authorized until the process of land readjustment, expropriation, or occupation has begun. Please consult the relevant regulations regarding these uses.<\/p>\n<p>The existing house on the property is distributed over two floors. On the ground floor there are 2 rooms suitable as offices or living rooms. On the first floor there is the living area consisting of 5 double bedrooms (20 m2, 17 m2, 16 m2, 15 m2, 11 m2), 2 full bathrooms, a large kitchen, a large 65 m2 living-dining room with a fireplace and access to a 60 m2 terrace.<\/p>\n<p>Schedule a visit and see for yourself the possibilities of this exclusive estate.<\/p>\n<p>In compliance with the information obligations set forth in Law 10\/2025, of December 28, on customer service and transparency, as well as in current sector regulations, it is hereby stated that the indicated sale price includes the agency fees and does not include the expenses and taxes inherent to the acquisition, which are detailed below:<\/p>\n<p>* Property Transfer Tax (ITP): The tax rate in force in the Autonomous Community of Catalonia will be applied from \u20ac600,001 to \u20ac900,000 the ITP is 11% (\u20ac94,600, resulting in an amount of \u20ac954,600); without prejudice to the reduced rates of 5%, applicable according to the personal circumstances of the buyer and of 20% in the case of large holders: (\u20ac172,000, resulting in an amount of \u20ac1,032,000).<br \/>\nThe tax is levied on the Cadastral Reference Value or the sale price, whichever is higher.<br \/>\n\u2022 Notary fees: Notary fees will be calculated according to the official tariff regulated in Annex I, of Royal Decree 1426\/1989, of November 17, which approves the Notarial tariff.<br \/>\n\u2022 Registration Expenses: Registration in the Property Registry will be billed according to the official fee established in ANNEX I, of Royal Decree 1427\/1989, of November 17, which approves the Notarial fee.<br \/>\n\u2022 Management Expenses (Administrative Services): Fees for administrative processing, tax settlement, and registration. These last three expenses amount to approximately \u20ac2,000.<br \/>\n\u2022 Agency Fees: API member no. 2640 ALARCON PROPIEDADES, SL: included in the RRP.<\/p>\n<p>For comprehensive information on the operation, tax rates and tax credits of the ITP in Catalonia, you can consult the official website of the Catalan Tax Agency at the following link:<br \/>\nhttps:\/\/atc.gencat.cat\/es\/tributs\/itpajd\/tpo\/tarifes-tipus.<\/p>","protected":false},"author":4,"featured_media":1330103,"parent":0,"menu_order":0,"template":"","property_type":[835],"property_status":[371],"property_feature":[1013,1015,1022,1018,1021],"property_label":[],"property_state":[],"property_city":[198],"property_area":[915],"class_list":["post-1330102","property","type-property","status-publish","has-post-thumbnail","hentry","property_type-viviendas","property_status-comprar","property_feature-aicat_aire_","property_feature-aicat_ascensor_","property_feature-aicat_calefaccion_","property_feature-aicat_terraza_","property_feature-aicat_trastero_","property_city-vilanova-i-la-geltru","property_area-nord-2"],"property_meta":{"fave_currency":["EUR"],"fave_currency_info":[""],"fave_property_price":["[preuFinal(860000,0)]"],"fave_property_sec_price":["[preuLloguerNomesSiAmbdos(860000,0)]"],"fave_property_size":["500.00"],"fave_property_size_prefix":["m2"],"fave_property_land":["10000"],"fave_property_land_postfix":["m2"],"fave_property_bedrooms":["7"],"fave_property_bathrooms":["[array_sum(array(0,2))]"],"fave_property_garage":["[garaje(X)]"],"fave_virtual_tour":["0"],"fave_property_map":["1"],"fave_property_id":["25-3702\/1468"],"fave_property_zip":["08800"],"fave_featured":["0"],"houzez_featured_listing_date":[""],"fave_agent_display_option":["agent_info"],"fave_prop_homeslider":["no"],"fave_video_url":["[netejar_url_youtube()]"],"fave_energy_class":["E"],"fave_energy_global_index":["187"],"fave_energy_performance":["E"],"fave_renewable_energy_global_index":["39"],"floor_plans":[""],"fave_multi_units":[""],"additional_features":[""],"fave_agents":["1179704"],"fave_property_agency":["1214635"],"fave_property_map_address":[null],"fave_property_location":["41.24338991,1.715647445"],"houzez_geolocation_lat":["41.24338991"],"houzez_geolocation_long":["1.715647445"],"aicat":["1"],"_wp_page_template":["default"],"fave_property_images":["1330103","1330103","1330104","1330105","1330106","1330107","1330108","1330109","1330110","1330111","1330112","1330113","1330114","1330115","1330116","1330117","1330118","1330119","1330120","1330121","1330122","1330123","1330124","1330125","1330126"],"_thumbnail_id":["1330103"],"houzez_total_property_views":["62"],"houzez_views_by_date":["a:22:{s:10:\"08-11-2026\";i:2;s:10:\"08-13-2026\";i:4;s:10:\"08-14-2026\";i:3;s:10:\"08-15-2026\";i:2;s:10:\"08-16-2026\";i:1;s:10:\"08-17-2026\";i:3;s:10:\"08-18-2026\";i:1;s:10:\"08-19-2026\";i:1;s:10:\"08-20-2026\";i:4;s:10:\"08-21-2026\";i:4;s:10:\"08-22-2026\";i:6;s:10:\"08-23-2026\";i:2;s:10:\"08-24-2026\";i:2;s:10:\"08-25-2026\";i:4;s:10:\"08-26-2026\";i:1;s:10:\"08-27-2026\";i:2;s:10:\"08-28-2026\";i:3;s:10:\"08-29-2026\";i:2;s:10:\"08-30-2026\";i:1;s:10:\"09-01-2026\";i:3;s:10:\"09-02-2026\";i:2;s:10:\"09-03-2026\";i:9;}"],"houzez_recently_viewed":["2026-09-03 21:12:43"],"_oembed_743d82b14dcd6c3cfb19dbbd93f33d32":["{{unknown}}"],"_elementor_page_assets":["a:0:{}"]},"_links":{"self":[{"href":"https:\/\/www.serra.immo\/en\/wp-json\/wp\/v2\/properties\/1330102","targetHints":{"allow":["GET"]}}],"collection":[{"href":"https:\/\/www.serra.immo\/en\/wp-json\/wp\/v2\/properties"}],"about":[{"href":"https:\/\/www.serra.immo\/en\/wp-json\/wp\/v2\/types\/property"}],"author":[{"embeddable":true,"href":"https:\/\/www.serra.immo\/en\/wp-json\/wp\/v2\/users\/4"}],"version-history":[{"count":0,"href":"https:\/\/www.serra.immo\/en\/wp-json\/wp\/v2\/properties\/1330102\/revisions"}],"wp:featuredmedia":[{"embeddable":true,"href":"https:\/\/www.serra.immo\/en\/wp-json\/wp\/v2\/media\/1330103"}],"wp:attachment":[{"href":"https:\/\/www.serra.immo\/en\/wp-json\/wp\/v2\/media?parent=1330102"}],"wp:term":[{"taxonomy":"property_type","embeddable":true,"href":"https:\/\/www.serra.immo\/en\/wp-json\/wp\/v2\/property_type?post=1330102"},{"taxonomy":"property_status","embeddable":true,"href":"https:\/\/www.serra.immo\/en\/wp-json\/wp\/v2\/property_status?post=1330102"},{"taxonomy":"property_feature","embeddable":true,"href":"https:\/\/www.serra.immo\/en\/wp-json\/wp\/v2\/property_feature?post=1330102"},{"taxonomy":"property_label","embeddable":true,"href":"https:\/\/www.serra.immo\/en\/wp-json\/wp\/v2\/property_label?post=1330102"},{"taxonomy":"property_state","embeddable":true,"href":"https:\/\/www.serra.immo\/en\/wp-json\/wp\/v2\/property_state?post=1330102"},{"taxonomy":"property_city","embeddable":true,"href":"https:\/\/www.serra.immo\/en\/wp-json\/wp\/v2\/property_city?post=1330102"},{"taxonomy":"property_area","embeddable":true,"href":"https:\/\/www.serra.immo\/en\/wp-json\/wp\/v2\/property_area?post=1330102"}],"curies":[{"name":"wp","href":"https:\/\/api.w.org\/{rel}","templated":true}]}}

<p>[formatar_descripcio(Presentamos una magnífica finca rústica con una gran casa masía de 570 m2 distribuida en dos plantas, edificada en un gran solar de casi 10.000 m2 dónde también encontramos cuadras de caballos, un garaje de 50 m2, un gran almacén de 350 m2, gallineros, huerto&#8230;, todo ello le permitirá realizar diversas actividades, consultar sus usos.</p>
<p>Esta finca destaca por su privilegiada ubicación, en la partida del Fraitg, al lado mismo de la urbanización la Collada y del núcleo urbano, con todos los servicios a su alcance.</p>
<p>La finca se encuentra en suelo urbanizable y la legislación urbanística catalana permite la autorización de usos y obras de carácter provisional, siempre que no estén prohibidos por la planificación territorial o sectorial. Según las modificaciones del Decreto ley 2/2025 estos usos se pueden autorizar mientras no se haya iniciado el proceso de reparcelación, expropiación u ocupación. Consultar dichos usos.</p>
<p>La casa existente en la finca está distribuida en dos plantas, en la planta baja hay 2 habitaciones tipo despacho o sala, en la planta piso se encuentra la vivienda compuesta por 5 habitaciones dobles (20 m2, 17 m2, 16 m2, 15 m2, 11 m2), 2 baños completos, amplia cocina, gran salón comedor de 65 m2 con chimenea y con salida a terraza de 60 m2</p>
<p>Concierte visita vea usted mismo las posibilidades de esta exclusiva finca.</p>
<p>En cumplimiento de las obligaciones de información previstas en la Ley 10/2025,de 28 de diciembre, de servicios de atención a la clientela y transparencia , así como en la normativa sectorial vigente, se hace constar que el precio de venta indicado incluye los honorarios de la agencia y no incluye los gastos e impuestos inherentes a la adquisición, los cuales de desglosan a continuación:</p>
<p>* Impuesto de Transmisiones Patrimoniales (ITP): Se aplicará el tipo impositivo vigente en la Comunidad Autónoma de Cataluña a partir de 600.001 € a 900.000 € el ITP es 11%(94.600 €, resultando un importe de 954.600 €); sin perjuicio de los tipos reducidos del 5%, aplicables según las circunstancias personales del comprador y del 20% en el supuesto de los grandes tenedores: (172.000 €, resultando un importe de 1.032.000 €).<br />
El impuesto se devenga sobre el Valor de Referencia de Catastro o el precio de venta, aquel que resulte superior.<br />
• Gastos de Notaría: Los honorarios notariales se calcularán conforme al arancel oficial regulado en el Anexo I, del Real Decreto 1426/1989, de 17 de noviembre, por el que se aprueba el arancel Notarial.<br />
• Gastos de Registro: La inscripción en el Registro de la Propiedad se facturará según el arancel oficial establecido en el ANEXO I, del Real Decreto 1427/1989, de 17 de noviembre, por el que se aprueba el arancel Notarial.<br />
• Gastos de Gestión (Gestoría): Los honorarios por la tramitación administrativa, liquidación de impuestos e inscripción registral. Estos tres últimos gastos ascienden a un importe aproximado de 2.000 €.<br />
• Honorarios de la Agencia: API colegiado núm. 2640 ALARCON PROPIEDADES, S.L.: incluidos en el PVP.</p>
<p>Para una información exhaustiva sobre el funcionamiento, tipos impositivos y bonificaciones del ITP en Cataluña, puede consultar el portal oficial de la Agencia Tributaria de la Agencia Tributaria Catalana, en el siguiente enlace:<br />
https://atc.gencat.cat/es/tributs/itpajd/tpo/tarifes-tipus.)]</p>
