{"id":1323140,"date":"2026-05-01T13:33:38","date_gmt":"2026-05-01T11:33:38","guid":{"rendered":"https:\/\/www.serra.immo\/propiedad\/ref-30-111p414-1649-amplio-y-luminoso-piso-en-calle-teodor-creus-i-coromines\/"},"modified":"2026-05-01T13:33:38","modified_gmt":"2026-05-01T11:33:38","slug":"ref-30-111p414-1649-amplio-y-luminoso-piso-en-calle-teodor-creus-i-coromines","status":"publish","type":"property","link":"https:\/\/www.serra.immo\/en\/propiedad\/ref-30-111p414-1649-amplio-y-luminoso-piso-en-calle-teodor-creus-i-coromines\/","title":{"rendered":"Ref. 30-111P414\/1649 \u2013 Spacious and bright apartment on Teodor Creus i Coromines Street"},"content":{"rendered":"<p>Descubre este espl\u00e9ndido piso ubicado en la Calle Teodor Creus i Coromines.<br \/>\nCon una superficie construida de 96 m\u00b2 y orientaci\u00f3n sur, esta propiedad se destaca por su luminosidad y excelente distribuci\u00f3n al ser todo exterior (menos los dos ba\u00f1os).<br \/>\nCuenta con un acogedor sal\u00f3n-comedor esquinero, tres habitaciones: una doble perfecta como suite principal y dos sencillas. Adem\u00e1s, dispone de dos ba\u00f1os completos. Dispone de calefacci\u00f3n (radiadores) en todo el piso y de un aparato de aire acondicionado en el comedor.<br \/>\nSu ubicaci\u00f3n es muy c\u00e9ntrica; cercana a colegios e hospitales as\u00ed como a supermercados. Todo ello sin perder la tranquilidad residencial que ofrece el barrio.<br \/>\nEl piso es un segundo de altura y el edificio, del a\u00f1o 1996, cuenta con ascensor y terrado comunitario.<\/p>\n<p>Seg\u00fan Catastro dispone de 96m2 construidos y 80,75m2 \u00fatiles interiores m\u00e1s 5,84m2 de balc\u00f3n, seg\u00fan Registro de la Propiedad. Seg\u00fan C\u00e9dula de Habitabilidad dispone de 71,8m2 \u00fatiles interiores.<\/p>\n<p>El precio no incluye los gastos de notario, registro e impuesto de transmisiones patrimoniales.<br \/>\nReal estate agency fees to be paid by the seller.<br \/>\nAgente de la Propiedad Inmobiliaria (API) inscrito en el Registro AICAT n\u00fam. 2082.<br \/>\nC\u00e9dula de Habitabilidad: CHB<a href=\"tel:00633914001\">00633914001<\/a>.<br \/>\nCertificado energ\u00e9tico con n\u00famero de registro 15Q2YY2VR<br \/>\nVendedor: Peque\u00f1o tenedor.<\/p>","protected":false},"excerpt":{"rendered":"<p>Descubre este espl\u00e9ndido piso ubicado en la Calle Teodor Creus i Coromines.<br \/>\nCon una superficie construida de 96 m\u00b2 y orientaci\u00f3n sur, esta propiedad se destaca por su luminosidad y excelente distribuci\u00f3n al ser todo exterior (menos los dos ba\u00f1os).<br \/>\nCuenta con un acogedor sal\u00f3n-comedor esquinero, tres habitaciones: una doble perfecta como suite principal y dos sencillas. Adem\u00e1s, dispone de dos ba\u00f1os completos. Dispone de calefacci\u00f3n (radiadores) en todo el piso y de un aparato de aire acondicionado en el comedor.<br \/>\nSu ubicaci\u00f3n es muy c\u00e9ntrica; cercana a colegios e hospitales as\u00ed como a supermercados. Todo ello sin perder la tranquilidad residencial que ofrece el barrio.<br \/>\nEl piso es un segundo de altura y el edificio, del a\u00f1o 1996, cuenta con ascensor y terrado comunitario.<\/p>\n<p>Seg\u00fan Catastro dispone de 96m2 construidos y 80,75m2 \u00fatiles interiores m\u00e1s 5,84m2 de balc\u00f3n, seg\u00fan Registro de la Propiedad. Seg\u00fan C\u00e9dula de Habitabilidad dispone de 71,8m2 \u00fatiles interiores.<\/p>\n<p>El precio no incluye los gastos de notario, registro e impuesto de transmisiones patrimoniales.<br \/>\nReal estate agency fees to be paid by the seller.<br \/>\nAgente de la Propiedad Inmobiliaria (API) inscrito en el Registro AICAT n\u00fam. 2082.<br \/>\nC\u00e9dula de Habitabilidad: CHB00633914001.<br \/>\nCertificado energ\u00e9tico con n\u00famero de registro 15Q2YY2VR<br \/>\nVendedor: Peque\u00f1o tenedor.<\/p>","protected":false},"author":4,"featured_media":1323141,"parent":0,"menu_order":0,"template":"","property_type":[835],"property_status":[371],"property_feature":[376,375,383],"property_label":[],"property_state":[],"property_city":[198],"property_area":[473],"class_list":["post-1323140","property","type-property","status-publish","has-post-thumbnail","hentry","property_type-viviendas","property_status-comprar","property_feature-ascensor","property_feature-calefaccion","property_feature-sur","property_city-vilanova-i-la-geltru","property_area-fabrica-nova"],"property_meta":{"fave_currency":["EUR"],"fave_currency_info":[""],"fave_property_price":["290000"],"fave_property_size":["0.00"],"fave_property_size_prefix":["m2"],"fave_property_land":["0"],"fave_property_land_postfix":["m2"],"fave_property_bedrooms":["3"],"fave_property_bathrooms":["2"],"fave_virtual_tour":["0"],"fave_property_map":["1"],"fave_property_id":["30-111P414\/1649"],"fave_property_year":["1996"],"fave_property_zip":["08800"],"fave_featured":["0"],"houzez_featured_listing_date":[""],"fave_agent_display_option":["agent_info"],"fave_prop_homeslider":["no"],"fave_energy_class":["E"],"fave_energy_global_index":["177"],"fave_energy_performance":["E"],"fave_renewable_energy_global_index":["37"],"floor_plans":[""],"fave_multi_units":[""],"additional_features":[""],"fave_agents":["1179704"],"fave_property_agency":["1214635"],"fave_property_map_address":[null],"fave_property_location":["41.22532603703,1.718196999508"],"houzez_geolocation_lat":["41.22532603703"],"houzez_geolocation_long":["1.718196999508"],"aicat":["1"],"_wp_page_template":["default"],"fave_property_images":["1323141","1323141","1323142","1323143","1323144","1323145","1323146","1323147","1323148","1323149","1323150","1323151","1323152","1323153","1323154"],"_thumbnail_id":["1323141"],"houzez_total_property_views":["3"],"houzez_views_by_date":["a:1:{s:10:\"05-01-2026\";i:3;}"],"houzez_recently_viewed":["2026-05-01 22:48:28"],"_elementor_page_assets":["a:0:{}"],"wp-smush-lcp-data-f6241335caf80d42c7ea01cad1f04291":["a:6:{s:8:\"selector\";s:70:\".img-wrap-1houzez-trigger-popup-slider-js > .logo-wrapper > .img-fluid\";s:14:\"selector_xpath\";s:90:\"\/html\/body\/main\/div[1]\/div[1]\/div\/div[1]\/div\/div\/div[2]\/div\/div[2]\/div\/div[1]\/a\/div\/img[1]\";s:11:\"selector_id\";s:0:\"\";s:14:\"selector_class\";s:9:\"img-fluid\";s:9:\"image_url\";s:67:\"https:\/\/www.serra.immo\/wp-content\/smush-webp\/2026\/04\/2-1-5.jpg.webp\";s:7:\"version\";i:0;}"]},"_links":{"self":[{"href":"https:\/\/www.serra.immo\/en\/wp-json\/wp\/v2\/properties\/1323140","targetHints":{"allow":["GET"]}}],"collection":[{"href":"https:\/\/www.serra.immo\/en\/wp-json\/wp\/v2\/properties"}],"about":[{"href":"https:\/\/www.serra.immo\/en\/wp-json\/wp\/v2\/types\/property"}],"author":[{"embeddable":true,"href":"https:\/\/www.serra.immo\/en\/wp-json\/wp\/v2\/users\/4"}],"version-history":[{"count":0,"href":"https:\/\/www.serra.immo\/en\/wp-json\/wp\/v2\/properties\/1323140\/revisions"}],"wp:featuredmedia":[{"embeddable":true,"href":"https:\/\/www.serra.immo\/en\/wp-json\/wp\/v2\/media\/1323141"}],"wp:attachment":[{"href":"https:\/\/www.serra.immo\/en\/wp-json\/wp\/v2\/media?parent=1323140"}],"wp:term":[{"taxonomy":"property_type","embeddable":true,"href":"https:\/\/www.serra.immo\/en\/wp-json\/wp\/v2\/property_type?post=1323140"},{"taxonomy":"property_status","embeddable":true,"href":"https:\/\/www.serra.immo\/en\/wp-json\/wp\/v2\/property_status?post=1323140"},{"taxonomy":"property_feature","embeddable":true,"href":"https:\/\/www.serra.immo\/en\/wp-json\/wp\/v2\/property_feature?post=1323140"},{"taxonomy":"property_label","embeddable":true,"href":"https:\/\/www.serra.immo\/en\/wp-json\/wp\/v2\/property_label?post=1323140"},{"taxonomy":"property_state","embeddable":true,"href":"https:\/\/www.serra.immo\/en\/wp-json\/wp\/v2\/property_state?post=1323140"},{"taxonomy":"property_city","embeddable":true,"href":"https:\/\/www.serra.immo\/en\/wp-json\/wp\/v2\/property_city?post=1323140"},{"taxonomy":"property_area","embeddable":true,"href":"https:\/\/www.serra.immo\/en\/wp-json\/wp\/v2\/property_area?post=1323140"}],"curies":[{"name":"wp","href":"https:\/\/api.w.org\/{rel}","templated":true}]}}

<p>Descubre este espléndido piso ubicado en la Calle Teodor Creus i Coromines.<br />
Con una superficie construida de 96 m² y orientación sur, esta propiedad se destaca por su luminosidad y excelente distribución al ser todo exterior (menos los dos baños).<br />
Cuenta con un acogedor salón-comedor esquinero, tres habitaciones: una doble perfecta como suite principal y dos sencillas. Además, dispone de dos baños completos. Dispone de calefacción (radiadores) en todo el piso y de un aparato de aire acondicionado en el comedor.<br />
Su ubicación es muy céntrica; cercana a colegios e hospitales así como a supermercados. Todo ello sin perder la tranquilidad residencial que ofrece el barrio.<br />
El piso es un segundo de altura y el edificio, del año 1996, cuenta con ascensor y terrado comunitario.</p>
<p>Según Catastro dispone de 96m2 construidos y 80,75m2 útiles interiores más 5,84m2 de balcón, según Registro de la Propiedad. Según Cédula de Habitabilidad dispone de 71,8m2 útiles interiores.</p>
<p>El precio no incluye los gastos de notario, registro e impuesto de transmisiones patrimoniales.<br />
Real estate agency fees to be paid by the seller.<br />
Agente de la Propiedad Inmobiliaria (API) inscrito en el Registro AICAT núm. 2082.<br />
Cédula de Habitabilidad: CHB<a href="tel:00633914001">00633914001</a>.<br />
Certificado energético con número de registro 15Q2YY2VR<br />
Vendedor: Pequeño tenedor.</p>

<p>Descubre este espléndido piso ubicado en la Calle Teodor Creus i Coromines.<br />
Con una superficie construida de 96 m² y orientación sur, esta propiedad se destaca por su luminosidad y excelente distribución al ser todo exterior (menos los dos baños).<br />
Cuenta con un acogedor salón-comedor esquinero, tres habitaciones: una doble perfecta como suite principal y dos sencillas. Además, dispone de dos baños completos. Dispone de calefacción (radiadores) en todo el piso y de un aparato de aire acondicionado en el comedor.<br />
Su ubicación es muy céntrica; cercana a colegios e hospitales así como a supermercados. Todo ello sin perder la tranquilidad residencial que ofrece el barrio.<br />
El piso es un segundo de altura y el edificio, del año 1996, cuenta con ascensor y terrado comunitario.</p>
<p>Según Catastro dispone de 96m2 construidos y 80,75m2 útiles interiores más 5,84m2 de balcón, según Registro de la Propiedad. Según Cédula de Habitabilidad dispone de 71,8m2 útiles interiores.</p>
<p>El precio no incluye los gastos de notario, registro e impuesto de transmisiones patrimoniales.<br />
Real estate agency fees to be paid by the seller.<br />
Agente de la Propiedad Inmobiliaria (API) inscrito en el Registro AICAT núm. 2082.<br />
Cédula de Habitabilidad: CHB00633914001.<br />
Certificado energético con número de registro 15Q2YY2VR<br />
Vendedor: Pequeño tenedor.</p>
