{"id":1323108,"date":"2026-04-30T13:38:37","date_gmt":"2026-04-30T11:38:37","guid":{"rendered":"https:\/\/www.serra.immo\/propiedad\/ref-30-111p413-1649-atico-con-terraza-privada-en-el-centro-de-vilanova\/"},"modified":"2026-04-30T13:38:37","modified_gmt":"2026-04-30T11:38:37","slug":"ref-30-111p413-1649-atico-con-terraza-privada-en-el-centro-de-vilanova","status":"publish","type":"property","link":"https:\/\/www.serra.immo\/en\/propiedad\/ref-30-111p413-1649-atico-con-terraza-privada-en-el-centro-de-vilanova\/","title":{"rendered":"Ref. 30-111P413\/1649 \u2013 Penthouse with private terrace in the center of Vilanova"},"content":{"rendered":"<p>\u00c1tico en el centro de Vilanova con amplia terraza y excelente orientaci\u00f3n. Dispone de una superficie construida, seg\u00fan Catastro, de 120 m\u00b2 y una superficie \u00fatil interior, seg\u00fan c\u00e9dula de habitabilidad vigente, de 82,2 m\u00b2.<\/p>\n<p>Ubicado en la calle Tetu\u00e1n, junto a la Rambla Principal, en una de las zonas m\u00e1s c\u00e9ntricas y c\u00f3modas de la ciudad, con todos los servicios a pocos pasos.<\/p>\n<p>La vivienda se distribuye en un luminoso sal\u00f3n-comedor con acceso directo a la terraza, orientada al mar, ideal para disfrutar del exterior durante todo el a\u00f1o. Este espacio cuenta adem\u00e1s con aire acondicionado. La cocina es independiente y funcional, con acceso tanto desde el pasillo como desde el comedor.<\/p>\n<p>Cuenta con una habitaci\u00f3n tipo suite, con armario empotrado y ba\u00f1o completo equipado con ba\u00f1era y plato de ducha, adem\u00e1s de acceso directo a la terraza.<\/p>\n<p>La vivienda dispone tambi\u00e9n de dos habitaciones individuales con armarios empotrados, otro ba\u00f1o completo con plato de ducha, una amplia galer\u00eda donde se ubican la lavadora y la caldera de gas, y una estancia adicional perfecta como despacho, vestidor o zona polivalente. Dispone de calefacci\u00f3n por radiadores.<\/p>\n<p>Como valor a\u00f1adido, en el vest\u00edbulo del edificio hay un espacio comunitario habilitado como trastero, ideal para bicicletas o cochecitos de beb\u00e9.<\/p>\n<p>El edificio es del a\u00f1o 1978 y no dispone de ascensor.<\/p>\n<p>El precio no incluye los gastos de notario, registro e impuesto de transmisiones patrimoniales.<br \/>\nReal estate agency fees to be paid by the seller.<br \/>\nAgente de la Propiedad Inmobiliaria (API) inscrito en el Registro AICAT n\u00fam. 2082.<br \/>\nC\u00e9dula de Habitabilidad: CHB<a href=\"tel:07493724001\">07493724001<\/a>.<br \/>\nCertificado energ\u00e9tico con n\u00famero de registro 3WH2R424L<br \/>\nVendedor: Peque\u00f1o tenedor.<\/p>","protected":false},"excerpt":{"rendered":"<p>\u00c1tico en el centro de Vilanova con amplia terraza y excelente orientaci\u00f3n. Dispone de una superficie construida, seg\u00fan Catastro, de 120 m\u00b2 y una superficie \u00fatil interior, seg\u00fan c\u00e9dula de habitabilidad vigente, de 82,2 m\u00b2.<\/p>\n<p>Ubicado en la calle Tetu\u00e1n, junto a la Rambla Principal, en una de las zonas m\u00e1s c\u00e9ntricas y c\u00f3modas de la ciudad, con todos los servicios a pocos pasos.<\/p>\n<p>La vivienda se distribuye en un luminoso sal\u00f3n-comedor con acceso directo a la terraza, orientada al mar, ideal para disfrutar del exterior durante todo el a\u00f1o. Este espacio cuenta adem\u00e1s con aire acondicionado. La cocina es independiente y funcional, con acceso tanto desde el pasillo como desde el comedor.<\/p>\n<p>Cuenta con una habitaci\u00f3n tipo suite, con armario empotrado y ba\u00f1o completo equipado con ba\u00f1era y plato de ducha, adem\u00e1s de acceso directo a la terraza.<\/p>\n<p>La vivienda dispone tambi\u00e9n de dos habitaciones individuales con armarios empotrados, otro ba\u00f1o completo con plato de ducha, una amplia galer\u00eda donde se ubican la lavadora y la caldera de gas, y una estancia adicional perfecta como despacho, vestidor o zona polivalente. Dispone de calefacci\u00f3n por radiadores.<\/p>\n<p>Como valor a\u00f1adido, en el vest\u00edbulo del edificio hay un espacio comunitario habilitado como trastero, ideal para bicicletas o cochecitos de beb\u00e9.<\/p>\n<p>El edificio es del a\u00f1o 1978 y no dispone de ascensor.<\/p>\n<p>El precio no incluye los gastos de notario, registro e impuesto de transmisiones patrimoniales.<br \/>\nReal estate agency fees to be paid by the seller.<br \/>\nAgente de la Propiedad Inmobiliaria (API) inscrito en el Registro AICAT n\u00fam. 2082.<br \/>\nC\u00e9dula de Habitabilidad: CHB07493724001.<br \/>\nCertificado energ\u00e9tico con n\u00famero de registro 3WH2R424L<br \/>\nVendedor: Peque\u00f1o tenedor.<\/p>","protected":false},"author":4,"featured_media":1323109,"parent":0,"menu_order":0,"template":"","property_type":[835],"property_status":[371],"property_feature":[375,383,377,378],"property_label":[],"property_state":[],"property_city":[198],"property_area":[199],"class_list":["post-1323108","property","type-property","status-publish","has-post-thumbnail","hentry","property_type-viviendas","property_status-comprar","property_feature-calefaccion","property_feature-sur","property_feature-terraza","property_feature-trastero","property_city-vilanova-i-la-geltru","property_area-centre"],"property_meta":{"_wp_page_template":["default"],"fave_currency":["EUR"],"fave_currency_info":[""],"fave_property_price":["305000"],"fave_property_size":["82.20"],"fave_property_size_prefix":["m2"],"fave_property_land":["0"],"fave_property_land_postfix":["m2"],"fave_property_bedrooms":["4"],"fave_property_bathrooms":["2"],"fave_virtual_tour":["0"],"fave_property_map":["1"],"fave_property_id":["30-111P413\/1649"],"fave_property_year":["1978"],"fave_property_zip":["08800"],"fave_featured":["0"],"houzez_featured_listing_date":[""],"fave_agent_display_option":["agent_info"],"fave_prop_homeslider":["no"],"fave_energy_class":["F"],"fave_energy_global_index":["215"],"fave_energy_performance":["E"],"fave_renewable_energy_global_index":["45"],"floor_plans":[""],"fave_multi_units":[""],"additional_features":[""],"fave_agents":["1179704"],"fave_property_agency":["1214635"],"fave_property_map_address":[null],"fave_property_location":["41.222172108073,1.7265487334035"],"houzez_geolocation_lat":["41.222172108073"],"houzez_geolocation_long":["1.7265487334035"],"aicat":["1"],"fave_property_images":["1323109","1323109","1323110","1323111","1323112","1323113","1323114","1323115","1323116","1323117","1323118","1323119","1323120","1323121","1323122","1323123","1323124","1323125","1323126","1323127","1323128","1323129","1323130","1323131","1323132","1323133","1323134","1323135","1323136","1323137","1323138","1323139"],"_thumbnail_id":["1323109"],"houzez_total_property_views":["9"],"houzez_views_by_date":["a:1:{s:10:\"05-01-2026\";i:9;}"],"houzez_recently_viewed":["2026-05-01 16:38:22"],"_elementor_page_assets":["a:0:{}"]},"_links":{"self":[{"href":"https:\/\/www.serra.immo\/en\/wp-json\/wp\/v2\/properties\/1323108","targetHints":{"allow":["GET"]}}],"collection":[{"href":"https:\/\/www.serra.immo\/en\/wp-json\/wp\/v2\/properties"}],"about":[{"href":"https:\/\/www.serra.immo\/en\/wp-json\/wp\/v2\/types\/property"}],"author":[{"embeddable":true,"href":"https:\/\/www.serra.immo\/en\/wp-json\/wp\/v2\/users\/4"}],"version-history":[{"count":0,"href":"https:\/\/www.serra.immo\/en\/wp-json\/wp\/v2\/properties\/1323108\/revisions"}],"wp:featuredmedia":[{"embeddable":true,"href":"https:\/\/www.serra.immo\/en\/wp-json\/wp\/v2\/media\/1323109"}],"wp:attachment":[{"href":"https:\/\/www.serra.immo\/en\/wp-json\/wp\/v2\/media?parent=1323108"}],"wp:term":[{"taxonomy":"property_type","embeddable":true,"href":"https:\/\/www.serra.immo\/en\/wp-json\/wp\/v2\/property_type?post=1323108"},{"taxonomy":"property_status","embeddable":true,"href":"https:\/\/www.serra.immo\/en\/wp-json\/wp\/v2\/property_status?post=1323108"},{"taxonomy":"property_feature","embeddable":true,"href":"https:\/\/www.serra.immo\/en\/wp-json\/wp\/v2\/property_feature?post=1323108"},{"taxonomy":"property_label","embeddable":true,"href":"https:\/\/www.serra.immo\/en\/wp-json\/wp\/v2\/property_label?post=1323108"},{"taxonomy":"property_state","embeddable":true,"href":"https:\/\/www.serra.immo\/en\/wp-json\/wp\/v2\/property_state?post=1323108"},{"taxonomy":"property_city","embeddable":true,"href":"https:\/\/www.serra.immo\/en\/wp-json\/wp\/v2\/property_city?post=1323108"},{"taxonomy":"property_area","embeddable":true,"href":"https:\/\/www.serra.immo\/en\/wp-json\/wp\/v2\/property_area?post=1323108"}],"curies":[{"name":"wp","href":"https:\/\/api.w.org\/{rel}","templated":true}]}}

<p>Ático en el centro de Vilanova con amplia terraza y excelente orientación. Dispone de una superficie construida, según Catastro, de 120 m² y una superficie útil interior, según cédula de habitabilidad vigente, de 82,2 m².</p>
<p>Ubicado en la calle Tetuán, junto a la Rambla Principal, en una de las zonas más céntricas y cómodas de la ciudad, con todos los servicios a pocos pasos.</p>
<p>La vivienda se distribuye en un luminoso salón-comedor con acceso directo a la terraza, orientada al mar, ideal para disfrutar del exterior durante todo el año. Este espacio cuenta además con aire acondicionado. La cocina es independiente y funcional, con acceso tanto desde el pasillo como desde el comedor.</p>
<p>Cuenta con una habitación tipo suite, con armario empotrado y baño completo equipado con bañera y plato de ducha, además de acceso directo a la terraza.</p>
<p>La vivienda dispone también de dos habitaciones individuales con armarios empotrados, otro baño completo con plato de ducha, una amplia galería donde se ubican la lavadora y la caldera de gas, y una estancia adicional perfecta como despacho, vestidor o zona polivalente. Dispone de calefacción por radiadores.</p>
<p>Como valor añadido, en el vestíbulo del edificio hay un espacio comunitario habilitado como trastero, ideal para bicicletas o cochecitos de bebé.</p>
<p>El edificio es del año 1978 y no dispone de ascensor.</p>
<p>El precio no incluye los gastos de notario, registro e impuesto de transmisiones patrimoniales.<br />
Real estate agency fees to be paid by the seller.<br />
Agente de la Propiedad Inmobiliaria (API) inscrito en el Registro AICAT núm. 2082.<br />
Cédula de Habitabilidad: CHB<a href="tel:07493724001">07493724001</a>.<br />
Certificado energético con número de registro 3WH2R424L<br />
Vendedor: Pequeño tenedor.</p>

<p>Ático en el centro de Vilanova con amplia terraza y excelente orientación. Dispone de una superficie construida, según Catastro, de 120 m² y una superficie útil interior, según cédula de habitabilidad vigente, de 82,2 m².</p>
<p>Ubicado en la calle Tetuán, junto a la Rambla Principal, en una de las zonas más céntricas y cómodas de la ciudad, con todos los servicios a pocos pasos.</p>
<p>La vivienda se distribuye en un luminoso salón-comedor con acceso directo a la terraza, orientada al mar, ideal para disfrutar del exterior durante todo el año. Este espacio cuenta además con aire acondicionado. La cocina es independiente y funcional, con acceso tanto desde el pasillo como desde el comedor.</p>
<p>Cuenta con una habitación tipo suite, con armario empotrado y baño completo equipado con bañera y plato de ducha, además de acceso directo a la terraza.</p>
<p>La vivienda dispone también de dos habitaciones individuales con armarios empotrados, otro baño completo con plato de ducha, una amplia galería donde se ubican la lavadora y la caldera de gas, y una estancia adicional perfecta como despacho, vestidor o zona polivalente. Dispone de calefacción por radiadores.</p>
<p>Como valor añadido, en el vestíbulo del edificio hay un espacio comunitario habilitado como trastero, ideal para bicicletas o cochecitos de bebé.</p>
<p>El edificio es del año 1978 y no dispone de ascensor.</p>
<p>El precio no incluye los gastos de notario, registro e impuesto de transmisiones patrimoniales.<br />
Real estate agency fees to be paid by the seller.<br />
Agente de la Propiedad Inmobiliaria (API) inscrito en el Registro AICAT núm. 2082.<br />
Cédula de Habitabilidad: CHB07493724001.<br />
Certificado energético con número de registro 3WH2R424L<br />
Vendedor: Pequeño tenedor.</p>
