{"id":1322683,"date":"2026-04-28T03:01:22","date_gmt":"2026-04-28T01:01:22","guid":{"rendered":"https:\/\/www.serra.immo\/propiedad\/ref-6183-obra-nueva-c-cuba-3-en-vilanova-i-la-geltru\/"},"modified":"2026-04-28T03:01:22","modified_gmt":"2026-04-28T01:01:22","slug":"ref-6183-obra-nueva-c-cuba-3-en-vilanova-i-la-geltru","status":"publish","type":"property","link":"https:\/\/www.serra.immo\/en\/propiedad\/ref-6183-obra-nueva-c-cuba-3-en-vilanova-i-la-geltru\/","title":{"rendered":"Ref. 6183 \u2013 NEW CONSTRUCTION C\/ CUBA, 3 IN VILANOVA I LA GELTR\u00da"},"content":{"rendered":"<p>We present a magnificent multi-family building with 11 apartments, located in an unbeatable location, between the Rambla Principal and the train station. A unique opportunity to live in the heart of Vilanova, in a quiet area with all amenities within easy reach.<\/p>\n<p>Project features: <br \/>2, 3, and 4-bedroom homes, designed to offer spacious, bright, and functional spaces. Ground-floor apartments with private gardens, ideal for enjoying the outdoors from the comfort of your own home.<br \/>Duplex penthouses with spectacular terraces, perfect for those seeking privacy and unbeatable views.<br \/>Smart layouts that optimize space, offering spacious living rooms, open kitchens, and comfortable bedrooms.<br \/>Floors with wide openings that guarantee ample natural light in all rooms. <\/p>\n<p>Possibility of customizing kitchens and bathrooms to fully adapt them to your style and preferences. High-quality finishes, giving you the flexibility to choose the one that best suits your lifestyle. <br \/>Modern bathrooms with high-end materials and contemporary designs. <br \/>Efficient air conditioning and facilities with a high level of acoustic and thermal insulation, guaranteeing maximum comfort throughout the year.<br \/>Exterior aluminum carpentry with thermal break and sound-insulated glass.<\/p>\n<p>Parking:<br \/>The building has parking spaces for cars and motorcycles on the same property.<\/p>\n<p>Exceptional location: <br \/>Located in one of the best areas of Vilanova i la Geltr\u00fa, next to the Rambla Principal, the building enjoys a privileged location.<\/p>\n<p> An exclusive project for you: <br \/>This development is perfect for those seeking a high-quality home in a central yet quiet location, with the ability to customize the spaces to turn them into the home of their dreams. <\/p>\n<p>Don&#039;t miss this opportunity! <\/p>\n<p>Contact us today for more information or to schedule a visit to our offices.<\/p>\n<p>OFFICE <a href=\"tel:93 814 87 18\">93 814 87 18<\/a><br \/>CONTXI <a href=\"tel:650 28 93 45\">650 28 93 45<\/a><\/p>","protected":false},"excerpt":{"rendered":"<p>Presentamos un magn\u00edfico edificio plurifamiliar de 11 viviendas, situado en una ubicaci\u00f3n inmejorable, entre la Rambla Principal y la estaci\u00f3n de tren. Una oportunidad \u00fanica para vivir en el coraz\u00f3n de Vilanova, en una zona tranquila y con todos los servicios al alcance. Caracter\u00edsticas del proyecto: Viviendas de 2, 3 y 4 dormitorios, dise\u00f1adas para [&hellip;]<\/p>\n","protected":false},"author":5,"featured_media":1322684,"parent":0,"menu_order":0,"template":"","property_type":[835],"property_status":[371],"property_feature":[376,375,442,377],"property_label":[905],"property_state":[],"property_city":[198],"property_area":[199],"class_list":["post-1322683","property","type-property","status-publish","has-post-thumbnail","hentry","property_type-viviendas","property_status-comprar","property_feature-ascensor","property_feature-calefaccion","property_feature-norte-sur","property_feature-terraza","property_label-en-construccion","property_city-vilanova-i-la-geltru","property_area-centre"],"property_meta":{"_wp_page_template":["default"],"rank_math_internal_links_processed":["1"],"fave_currency":["EUR"],"fave_currency_info":[""],"fave_property_price":["350000"],"fave_property_size":["63.45"],"fave_property_size_prefix":["m2"],"fave_property_land":["0"],"fave_property_land_postfix":["m2"],"fave_property_bedrooms":["2"],"fave_property_bathrooms":["2"],"fave_property_garage":["Opcional"],"fave_property_map":["1"],"fave_property_id":["6183"],"fave_property_year":["0"],"fave_property_zip":["08800"],"fave_featured":["1"],"houzez_featured_listing_date":["2026-04-28 03:01:22"],"fave_agent_display_option":["agent_info"],"fave_prop_homeslider":["no"],"fave_energy_class":["G"],"fave_energy_global_index":["0"],"fave_energy_performance":["G"],"fave_renewable_energy_global_index":["0"],"floor_plans":[""],"fave_multi_units":[""],"additional_features":[""],"fave_agents":["1177520"],"fave_property_agency":["1214647"],"fave_property_map_address":[null],"fave_property_location":["41.221255194,1.725825358"],"houzez_geolocation_lat":["41.221255194"],"houzez_geolocation_long":["1.725825358"],"propietat_serra":["1"],"fave_property_images":["1322684","1322685","1322686","1322687","1322688","1322689","1322690","1322691","1322692","1322693","1322694","1322695","1322696","1322697","1322698","1322699","1322700","1322701","1322702","1322703","1322704","1322705","1322706"],"_thumbnail_id":["1322684"],"houzez_total_property_views":["34"],"houzez_views_by_date":["a:1:{s:10:\"04-28-2026\";i:35;}"],"houzez_recently_viewed":["2026-04-28 17:19:21"],"_elementor_page_assets":["a:0:{}"],"wp-smush-lcp-data-b80e4ac33034770c74308de9b92ede89":["a:6:{s:8:\"selector\";s:24:\".property-featured-image\";s:14:\"selector_xpath\";s:70:\"\/html\/body\/main\/div[1]\/div[1]\/div\/div[1]\/div\/div\/div[2]\/div\/div[1]\/img\";s:11:\"selector_id\";s:0:\"\";s:14:\"selector_class\";s:48:\"property-featured-image w-100 h-100 left-0 top-0\";s:9:\"image_url\";s:67:\"https:\/\/www.serra.immo\/wp-content\/smush-webp\/2026\/04\/5-1-8.jpg.webp\";s:7:\"version\";i:0;}"]},"_links":{"self":[{"href":"https:\/\/www.serra.immo\/en\/wp-json\/wp\/v2\/properties\/1322683","targetHints":{"allow":["GET"]}}],"collection":[{"href":"https:\/\/www.serra.immo\/en\/wp-json\/wp\/v2\/properties"}],"about":[{"href":"https:\/\/www.serra.immo\/en\/wp-json\/wp\/v2\/types\/property"}],"author":[{"embeddable":true,"href":"https:\/\/www.serra.immo\/en\/wp-json\/wp\/v2\/users\/5"}],"version-history":[{"count":0,"href":"https:\/\/www.serra.immo\/en\/wp-json\/wp\/v2\/properties\/1322683\/revisions"}],"wp:featuredmedia":[{"embeddable":true,"href":"https:\/\/www.serra.immo\/en\/wp-json\/wp\/v2\/media\/1322684"}],"wp:attachment":[{"href":"https:\/\/www.serra.immo\/en\/wp-json\/wp\/v2\/media?parent=1322683"}],"wp:term":[{"taxonomy":"property_type","embeddable":true,"href":"https:\/\/www.serra.immo\/en\/wp-json\/wp\/v2\/property_type?post=1322683"},{"taxonomy":"property_status","embeddable":true,"href":"https:\/\/www.serra.immo\/en\/wp-json\/wp\/v2\/property_status?post=1322683"},{"taxonomy":"property_feature","embeddable":true,"href":"https:\/\/www.serra.immo\/en\/wp-json\/wp\/v2\/property_feature?post=1322683"},{"taxonomy":"property_label","embeddable":true,"href":"https:\/\/www.serra.immo\/en\/wp-json\/wp\/v2\/property_label?post=1322683"},{"taxonomy":"property_state","embeddable":true,"href":"https:\/\/www.serra.immo\/en\/wp-json\/wp\/v2\/property_state?post=1322683"},{"taxonomy":"property_city","embeddable":true,"href":"https:\/\/www.serra.immo\/en\/wp-json\/wp\/v2\/property_city?post=1322683"},{"taxonomy":"property_area","embeddable":true,"href":"https:\/\/www.serra.immo\/en\/wp-json\/wp\/v2\/property_area?post=1322683"}],"curies":[{"name":"wp","href":"https:\/\/api.w.org\/{rel}","templated":true}]}}

Ref. 6183 – NEW CONSTRUCTION C/ CUBA, 3 IN VILANOVA I LA GELTRÚ

<p>We present a magnificent multi-family building with 11 apartments, located in an unbeatable location, between the Rambla Principal and the train station. A unique opportunity to live in the heart of Vilanova, in a quiet area with all amenities within easy reach.</p>
<p>Project features: <br />2, 3, and 4-bedroom homes, designed to offer spacious, bright, and functional spaces. Ground-floor apartments with private gardens, ideal for enjoying the outdoors from the comfort of your own home.<br />Duplex penthouses with spectacular terraces, perfect for those seeking privacy and unbeatable views.<br />Smart layouts that optimize space, offering spacious living rooms, open kitchens, and comfortable bedrooms.<br />Floors with wide openings that guarantee ample natural light in all rooms. </p>
<p>Possibility of customizing kitchens and bathrooms to fully adapt them to your style and preferences. High-quality finishes, giving you the flexibility to choose the one that best suits your lifestyle. <br />Modern bathrooms with high-end materials and contemporary designs. <br />Efficient air conditioning and facilities with a high level of acoustic and thermal insulation, guaranteeing maximum comfort throughout the year.<br />Exterior aluminum carpentry with thermal break and sound-insulated glass.</p>
<p>Parking:<br />The building has parking spaces for cars and motorcycles on the same property.</p>
<p>Exceptional location: <br />Located in one of the best areas of Vilanova i la Geltrú, next to the Rambla Principal, the building enjoys a privileged location.</p>
<p> An exclusive project for you: <br />This development is perfect for those seeking a high-quality home in a central yet quiet location, with the ability to customize the spaces to turn them into the home of their dreams. </p>
<p>Don&#039;t miss this opportunity! </p>
<p>Contact us today for more information or to schedule a visit to our offices.</p>
<p>OFFICE <a href="tel:93 814 87 18">93 814 87 18</a><br />CONTXI <a href="tel:650 28 93 45">650 28 93 45</a></p>

<p>Presentamos un magnífico edificio plurifamiliar de 11 viviendas, situado en una ubicación inmejorable, entre la Rambla Principal y la estación de tren. Una oportunidad única para vivir en el corazón de Vilanova, en una zona tranquila y con todos los servicios al alcance. Características del proyecto: Viviendas de 2, 3 y 4 dormitorios, diseñadas para [&hellip;]</p>
