{"id":1315222,"date":"2026-04-23T03:01:28","date_gmt":"2026-04-23T01:01:28","guid":{"rendered":"https:\/\/www.serra.immo\/propiedad\/ref-5764-la-granada-casa-para-reformar\/"},"modified":"2026-04-23T03:01:28","modified_gmt":"2026-04-23T01:01:28","slug":"ref-5764-la-granada-house-to-renovate","status":"publish","type":"property","link":"https:\/\/www.serra.immo\/en\/propiedad\/ref-5764-la-granada-casa-para-reformar\/","title":{"rendered":"Ref. 5764 \u2013 LA GRANADA \u2013 House to renovate"},"content":{"rendered":"<p>LA GRANADA \u2013 House to be renovated<br \/>Design your dream home in this single-family home to be rebuilt in the Pened\u00e8s region. An opportunity to create a home tailored to your needs and desires, in a quiet area of La Granada, 5 minutes from Vilafranca del Pened\u00e8s.<\/p>\n<p>Project to build two duplexes and a 90 m\u00b2 apartment with a 25 m\u00b2 terrace<br \/>On the ground floor there is space for a 3-car garage and a shop.<br \/>Pending receipt of the project.<\/p>","protected":false},"excerpt":{"rendered":"<p>LA GRANADA &#8211; Casa para reformarDise\u00f1a la casa de tus sue\u00f1os en esta vivienda unifamiliar para reconstruir en el Pened\u00e9s. Una oportunidad de crear un hogar adaptado a tus necesidades y deseos, en una zona tranquila en La Granada, a 5 minutos de Vilafranca del Pened\u00e8s. Proyecto para edificar 2 d\u00faplex y un piso de [&hellip;]<\/p>\n","protected":false},"author":5,"featured_media":1315223,"parent":0,"menu_order":0,"template":"","property_type":[836],"property_status":[371],"property_feature":[],"property_label":[350],"property_state":[],"property_city":[237],"property_area":[193],"class_list":["post-1315222","property","type-property","status-publish","has-post-thumbnail","hentry","property_type-terrenos","property_status-comprar","property_label-buen-estado","property_city-la-granada","property_area-centro"],"property_meta":{"fave_currency":["EUR"],"fave_currency_info":[""],"fave_property_price":["107000"],"fave_property_size":["201.00"],"fave_property_size_prefix":["m2"],"fave_property_land":["203"],"fave_property_land_postfix":["m2"],"fave_property_bedrooms":["4"],"fave_property_bathrooms":["2"],"fave_property_garage":["Opcional"],"fave_property_map":["1"],"fave_property_id":["5764"],"fave_property_year":["0"],"fave_property_zip":["08792"],"fave_featured":["1"],"houzez_featured_listing_date":["2026-04-23 03:01:28"],"fave_agent_display_option":["agent_info"],"fave_prop_homeslider":["no"],"fave_energy_global_index":["0"],"fave_renewable_energy_global_index":["0"],"floor_plans":[""],"fave_multi_units":[""],"additional_features":[""],"fave_agents":["1077290"],"fave_property_agency":["1214647"],"fave_property_map_address":[null],"fave_property_location":["41.37891070469922,1.7197725551284577"],"houzez_geolocation_lat":["41.37891070469922"],"houzez_geolocation_long":["1.7197725551284577"],"propietat_serra":["1"],"_wp_page_template":["default"],"fave_property_images":["1315223","1315224","1315225","1315226","1315227","1315228","1315229","1315230","1315231","1315232","1315233","1315234","1315235","1315236"],"_thumbnail_id":["1315223"],"rank_math_internal_links_processed":["1"],"houzez_total_property_views":["17"],"houzez_views_by_date":["a:4:{s:10:\"04-23-2026\";i:2;s:10:\"04-24-2026\";i:4;s:10:\"04-27-2026\";i:6;s:10:\"04-28-2026\";i:5;}"],"houzez_recently_viewed":["2026-04-28 22:05:14"],"_elementor_page_assets":["a:0:{}"],"wp-smush-lcp-data-f26fdcd2b16e4f2255ad127737a1e2e2":["a:6:{s:8:\"selector\";s:24:\".property-featured-image\";s:14:\"selector_xpath\";s:70:\"\/html\/body\/main\/div[1]\/div[1]\/div\/div[1]\/div\/div\/div[2]\/div\/div[1]\/img\";s:11:\"selector_id\";s:0:\"\";s:14:\"selector_class\";s:48:\"property-featured-image w-100 h-100 left-0 top-0\";s:9:\"image_url\";s:67:\"https:\/\/www.serra.immo\/wp-content\/smush-webp\/2026\/03\/1-1-5.jpg.webp\";s:7:\"version\";i:0;}"]},"_links":{"self":[{"href":"https:\/\/www.serra.immo\/en\/wp-json\/wp\/v2\/properties\/1315222","targetHints":{"allow":["GET"]}}],"collection":[{"href":"https:\/\/www.serra.immo\/en\/wp-json\/wp\/v2\/properties"}],"about":[{"href":"https:\/\/www.serra.immo\/en\/wp-json\/wp\/v2\/types\/property"}],"author":[{"embeddable":true,"href":"https:\/\/www.serra.immo\/en\/wp-json\/wp\/v2\/users\/5"}],"version-history":[{"count":1,"href":"https:\/\/www.serra.immo\/en\/wp-json\/wp\/v2\/properties\/1315222\/revisions"}],"predecessor-version":[{"id":1316211,"href":"https:\/\/www.serra.immo\/en\/wp-json\/wp\/v2\/properties\/1315222\/revisions\/1316211"}],"wp:featuredmedia":[{"embeddable":true,"href":"https:\/\/www.serra.immo\/en\/wp-json\/wp\/v2\/media\/1315223"}],"wp:attachment":[{"href":"https:\/\/www.serra.immo\/en\/wp-json\/wp\/v2\/media?parent=1315222"}],"wp:term":[{"taxonomy":"property_type","embeddable":true,"href":"https:\/\/www.serra.immo\/en\/wp-json\/wp\/v2\/property_type?post=1315222"},{"taxonomy":"property_status","embeddable":true,"href":"https:\/\/www.serra.immo\/en\/wp-json\/wp\/v2\/property_status?post=1315222"},{"taxonomy":"property_feature","embeddable":true,"href":"https:\/\/www.serra.immo\/en\/wp-json\/wp\/v2\/property_feature?post=1315222"},{"taxonomy":"property_label","embeddable":true,"href":"https:\/\/www.serra.immo\/en\/wp-json\/wp\/v2\/property_label?post=1315222"},{"taxonomy":"property_state","embeddable":true,"href":"https:\/\/www.serra.immo\/en\/wp-json\/wp\/v2\/property_state?post=1315222"},{"taxonomy":"property_city","embeddable":true,"href":"https:\/\/www.serra.immo\/en\/wp-json\/wp\/v2\/property_city?post=1315222"},{"taxonomy":"property_area","embeddable":true,"href":"https:\/\/www.serra.immo\/en\/wp-json\/wp\/v2\/property_area?post=1315222"}],"curies":[{"name":"wp","href":"https:\/\/api.w.org\/{rel}","templated":true}]}}

<p>LA GRANADA – House to be renovated<br />Design your dream home in this single-family home to be rebuilt in the Penedès region. An opportunity to create a home tailored to your needs and desires, in a quiet area of La Granada, 5 minutes from Vilafranca del Penedès.</p>
<p>Project to build two duplexes and a 90 m² apartment with a 25 m² terrace<br />On the ground floor there is space for a 3-car garage and a shop.<br />Pending receipt of the project.</p>

<p>LA GRANADA &#8211; Casa para reformarDiseña la casa de tus sueños en esta vivienda unifamiliar para reconstruir en el Penedés. Una oportunidad de crear un hogar adaptado a tus necesidades y deseos, en una zona tranquila en La Granada, a 5 minutos de Vilafranca del Penedès. Proyecto para edificar 2 dúplex y un piso de [&hellip;]</p>
