{"id":1295304,"date":"2026-04-27T01:38:13","date_gmt":"2026-04-26T23:38:13","guid":{"rendered":"https:\/\/www.serra.immo\/propiedad\/ref-ao2524-12257-casa-adosada-esquinera-gran-terraza-panoramica-con-vistas-al-mar\/"},"modified":"2026-04-27T01:38:13","modified_gmt":"2026-04-26T23:38:13","slug":"ref-ao2524-12257-corner-townhouse-with-large-panoramic-terrace-and-sea-views","status":"publish","type":"property","link":"https:\/\/www.serra.immo\/en\/propiedad\/ref-ao2524-12257-casa-adosada-esquinera-gran-terraza-panoramica-con-vistas-al-mar\/","title":{"rendered":"Ref. AO2524\/12257 \u2013 Corner townhouse, large panoramic terrace with sea views."},"content":{"rendered":"<p>PRECIOSA CASA ESQUINERA CON MUCHO SOL Y VISTAS ESPECTACULARES. <\/p>\n<p>MIRADOR, en Segur de Calafell, zona residencial, se encuentra esta casa amplia adosada y esquinera muy bien distribuida, ideal para quienes buscan una vivienda amplia, c\u00f3moda, funcional y con mucho espacio exterior para disfrutar todo el a\u00f1o.<\/p>\n<p>Esta propiedad ofrece 180m\u00b2 \u00fatiles, con una estructura s\u00f3lida, bien conservada, y una orientaci\u00f3n que garantiza luz natural durante todo del d\u00eda. Desde su posici\u00f3n elevada, se puede disfrutar de unas preciosas vistas panor\u00e1micas al mar y al entorno natural.<\/p>\n<p>La vivienda se distribuye en tres plantas c\u00f3modas, con un estilo actual y pr\u00e1ctico, pensado para familias o parejas que valoran el espacio y la tranquilidad.<\/p>\n<p>Planta baja, encontrar\u00e1s: Un ampl\u00edsimo garaje cerrado que tiene capacidad para tres veh\u00edculos y espacio extra para trastero o zona de almacenaje. Es amplio y vers\u00e1til, ideal para quienes necesitan guardar herramientas, bicicletas etc. Desde el se accede a un amplio recibidor muy c\u00f3modo que da acceso a las plantas superiores. <\/p>\n<p>En la primera planta (principal). Se encuentra el  gran sal\u00f3n-comedor muy luminoso, con amplios ventanales. Una cocina tipo office espaciosa y funcional, ideal para el d\u00eda a d\u00eda. AMBOS con salida directa a una gran terraza y zona barbacoa . As\u00ed mismo, tambi\u00e9n se encuentra un ba\u00f1o completo, pr\u00e1ctico amplio.<br \/>\nEn la segunda planta (zona de noche): Encuentras todos los dormitorios (dos dobles y dos individuales),todos ellos amplios y luminosos, uno de ellos tipo suite, con balc\u00f3n y el ba\u00f1o transformado en un amplio vestidor. En el distribuidor el segundo gran ba\u00f1o completo, y desde uno de los dormitorios se accede al jard\u00edn trasero con  piscina de superficie privada. <\/p>\n<p>Dispone de mucho espacio exterior, donde crear tu espacio de relax y compartir con amigos y familiares, el potencial est\u00e1 presente en cada rinc\u00f3n.<\/p>\n<p>*- Resumen de caracter\u00edsticas destacadas:<\/p>\n<p>4 habitaciones (2 dobles + 2 individuales)<\/p>\n<p>2 ba\u00f1os completos<\/p>\n<p>Sal\u00f3n-comedor amplio y luminoso<\/p>\n<p>Cocina office equipada<\/p>\n<p>Balc\u00f3n con vistas panor\u00e1micas al mar<\/p>\n<p>Jard\u00edn con terraza y piscina privada<\/p>\n<p>Garaje cerrado para 3 coches + trasteros<\/p>\n<p>Orientaci\u00f3n sur, luminosa y soleada<\/p>\n<p>Buena distribuci\u00f3n.<\/p>\n<p>Entorno residencial, tranquilo y familiar<\/p>\n<p>Una casa con much\u00edsimas posibilidades<\/p>\n<p>Esta propiedad ofrece lo m\u00e1s importante: amplitud, buena base estructural, espacios exteriores, y unas vistas al mar que hacen que cada d\u00eda merezca la pena. Es una vivienda ideal para quien busca calidad de vida, con todo lo necesario para estar disfrutar de su excelente ubicaci\u00f3n.<\/p>\n<p>\u00bfQuieres conocerla?<br \/>\nContacta con Alt\u00e9s [amp;] Olivares y agenda tu visita.<\/p>\n<p>INFORMACI\u00d3N LEGAL<\/p>\n<p>En cumplimiento de la Ley 10\/2025, informamos que el PVP indicado no incluye impuestos ni gastos asociados a la compraventa.<br \/>\nITP (Catalu\u00f1a): c\u00e1lculo seg\u00fan tipo impositivo vigente (puede variar seg\u00fan perfil del comprador).<br \/>\nAJD. Tipo vigente.<br \/>\nGastos notariales y registrales seg\u00fan aranceles.<\/p>\n<p>*- N\u00ba Certificado de eficiencia energ\u00e9tica: 3LD2FS75Q (vigente). Calificaci\u00f3n consumo E 288 Kw\/m2 a\u00f1o &#8211; Calificaci\u00f3n emisiones E 48<br \/>\nkg CO\u00b2\/m\u00b2.<\/p>\n<p>*- AICAT: 13443.<br \/>\n*- API: A14345.<\/p>\n","protected":false},"excerpt":{"rendered":"<p>PRECIOSA CASA ESQUINERA CON MUCHO SOL Y VISTAS ESPECTACULARES. <\/p>\n<p>MIRADOR, en Segur de Calafell, zona residencial, se encuentra esta casa amplia adosada y esquinera muy bien distribuida, ideal para quienes buscan una vivienda amplia, c\u00f3moda, funcional y con mucho espacio exterior para disfrutar todo el a\u00f1o.<\/p>\n<p>Esta propiedad ofrece 180m\u00b2 \u00fatiles, con una estructura s\u00f3lida, bien conservada, y una orientaci\u00f3n que garantiza luz natural durante todo del d\u00eda. Desde su posici\u00f3n elevada, se puede disfrutar de unas preciosas vistas panor\u00e1micas al mar y al entorno natural.<\/p>\n<p>La vivienda se distribuye en tres plantas c\u00f3modas, con un estilo actual y pr\u00e1ctico, pensado para familias o parejas que valoran el espacio y la tranquilidad.<\/p>\n<p>Planta baja, encontrar\u00e1s: Un ampl\u00edsimo garaje cerrado que tiene capacidad para tres veh\u00edculos y espacio extra para trastero o zona de almacenaje. Es amplio y vers\u00e1til, ideal para quienes necesitan guardar herramientas, bicicletas etc. Desde el se accede a un amplio recibidor muy c\u00f3modo que da acceso a las plantas superiores. <\/p>\n<p>En la primera planta (principal). Se encuentra el  gran sal\u00f3n-comedor muy luminoso, con amplios ventanales. Una cocina tipo office espaciosa y funcional, ideal para el d\u00eda a d\u00eda. AMBOS con salida directa a una gran terraza y zona barbacoa . As\u00ed mismo, tambi\u00e9n se encuentra un ba\u00f1o completo, pr\u00e1ctico amplio.<br \/>\nEn la segunda planta (zona de noche): Encuentras todos los dormitorios (dos dobles y dos individuales),todos ellos amplios y luminosos, uno de ellos tipo suite, con balc\u00f3n y el ba\u00f1o transformado en un amplio vestidor. En el distribuidor el segundo gran ba\u00f1o completo, y desde uno de los dormitorios se accede al jard\u00edn trasero con  piscina de superficie privada. <\/p>\n<p>Dispone de mucho espacio exterior, donde crear tu espacio de relax y compartir con amigos y familiares, el potencial est\u00e1 presente en cada rinc\u00f3n.<\/p>\n<p>*- Resumen de caracter\u00edsticas destacadas:<\/p>\n<p>4 habitaciones (2 dobles + 2 individuales)<\/p>\n<p>2 ba\u00f1os completos<\/p>\n<p>Sal\u00f3n-comedor amplio y luminoso<\/p>\n<p>Cocina office equipada<\/p>\n<p>Balc\u00f3n con vistas panor\u00e1micas al mar<\/p>\n<p>Jard\u00edn con terraza y piscina privada<\/p>\n<p>Garaje cerrado para 3 coches + trasteros<\/p>\n<p>Orientaci\u00f3n sur, luminosa y soleada<\/p>\n<p>Buena distribuci\u00f3n.<\/p>\n<p>Entorno residencial, tranquilo y familiar<\/p>\n<p>Una casa con much\u00edsimas posibilidades<\/p>\n<p>Esta propiedad ofrece lo m\u00e1s importante: amplitud, buena base estructural, espacios exteriores, y unas vistas al mar que hacen que cada d\u00eda merezca la pena. Es una vivienda ideal para quien busca calidad de vida, con todo lo necesario para estar disfrutar de su excelente ubicaci\u00f3n.<\/p>\n<p>\u00bfQuieres conocerla?<br \/>\nContacta con Alt\u00e9s [amp;] Olivares y agenda tu visita.<\/p>\n<p>INFORMACI\u00d3N LEGAL<\/p>\n<p>En cumplimiento de la Ley 10\/2025, informamos que el PVP indicado no incluye impuestos ni gastos asociados a la compraventa.<br \/>\nITP (Catalu\u00f1a): c\u00e1lculo seg\u00fan tipo impositivo vigente (puede variar seg\u00fan perfil del comprador).<br \/>\nAJD. Tipo vigente.<br \/>\nGastos notariales y registrales seg\u00fan aranceles.<\/p>\n<p>*- N\u00ba Certificado de eficiencia energ\u00e9tica: 3LD2FS75Q (vigente). Calificaci\u00f3n consumo E 288 Kw\/m2 a\u00f1o &#8211; Calificaci\u00f3n emisiones E 48<br \/>\nkg CO\u00b2\/m\u00b2.<\/p>\n<p>*- AICAT: 13443.<br \/>\n*- API: A14345.<\/p>\n","protected":false},"author":4,"featured_media":1317698,"parent":0,"menu_order":0,"template":"","property_type":[835],"property_status":[371],"property_feature":[375,383,377,378],"property_label":[],"property_state":[],"property_city":[396],"property_area":[930],"class_list":["post-1295304","property","type-property","status-publish","has-post-thumbnail","hentry","property_type-viviendas","property_status-comprar","property_feature-calefaccion","property_feature-sur","property_feature-terraza","property_feature-trastero","property_city-segur-de-calafell","property_area-les-brises-de-calafell-segur-de-dalt"],"property_meta":{"fave_currency":["EUR"],"fave_currency_info":[""],"fave_property_price":["265000"],"fave_property_size":["180.00"],"fave_property_size_prefix":["m2"],"fave_property_land":["0"],"fave_property_land_postfix":["m2"],"fave_property_bedrooms":["4"],"fave_property_bathrooms":["2"],"fave_property_garage":["1"],"fave_virtual_tour":["0"],"fave_property_map":["1"],"fave_property_id":["AO2524\/12257"],"fave_property_year":["2005"],"fave_property_zip":["43882"],"fave_featured":["0"],"houzez_featured_listing_date":[""],"fave_agent_display_option":["agent_info"],"fave_prop_homeslider":["no"],"fave_energy_class":["E"],"fave_energy_global_index":["288"],"fave_energy_performance":["E"],"fave_renewable_energy_global_index":["48"],"floor_plans":[""],"fave_multi_units":[""],"additional_features":[""],"fave_agents":["1179704"],"fave_property_agency":["1214635"],"fave_property_map_address":[null],"fave_property_location":["41.210836244,1.608918606"],"houzez_geolocation_lat":["41.210836244"],"houzez_geolocation_long":["1.608918606"],"aicat":["1"],"_wp_page_template":["default"],"fave_property_images":["1317698","1317698","1317699","1317700","1317701","1317702","1317703","1317704","1317705","1317706","1317707","1317708","1317709","1317710","1317711","1317712","1317713","1317714","1317715","1317716","1317717","1317718","1317719","1317720","1317721","1317722","1317723","1317724","1317725","1317726","1317727","1317728","1317729","1317730","1317731","1317732","1317733","1317734","1317735","1317736","1317737"],"_thumbnail_id":["1317698"],"houzez_total_property_views":["16"],"houzez_views_by_date":["a:5:{s:10:\"04-27-2026\";i:5;s:10:\"04-28-2026\";i:3;s:10:\"04-29-2026\";i:4;s:10:\"04-30-2026\";i:1;s:10:\"05-01-2026\";i:3;}"],"houzez_recently_viewed":["2026-05-01 12:04:28"]},"_links":{"self":[{"href":"https:\/\/www.serra.immo\/en\/wp-json\/wp\/v2\/properties\/1295304","targetHints":{"allow":["GET"]}}],"collection":[{"href":"https:\/\/www.serra.immo\/en\/wp-json\/wp\/v2\/properties"}],"about":[{"href":"https:\/\/www.serra.immo\/en\/wp-json\/wp\/v2\/types\/property"}],"author":[{"embeddable":true,"href":"https:\/\/www.serra.immo\/en\/wp-json\/wp\/v2\/users\/4"}],"version-history":[{"count":0,"href":"https:\/\/www.serra.immo\/en\/wp-json\/wp\/v2\/properties\/1295304\/revisions"}],"wp:featuredmedia":[{"embeddable":true,"href":"https:\/\/www.serra.immo\/en\/wp-json\/wp\/v2\/media\/1317698"}],"wp:attachment":[{"href":"https:\/\/www.serra.immo\/en\/wp-json\/wp\/v2\/media?parent=1295304"}],"wp:term":[{"taxonomy":"property_type","embeddable":true,"href":"https:\/\/www.serra.immo\/en\/wp-json\/wp\/v2\/property_type?post=1295304"},{"taxonomy":"property_status","embeddable":true,"href":"https:\/\/www.serra.immo\/en\/wp-json\/wp\/v2\/property_status?post=1295304"},{"taxonomy":"property_feature","embeddable":true,"href":"https:\/\/www.serra.immo\/en\/wp-json\/wp\/v2\/property_feature?post=1295304"},{"taxonomy":"property_label","embeddable":true,"href":"https:\/\/www.serra.immo\/en\/wp-json\/wp\/v2\/property_label?post=1295304"},{"taxonomy":"property_state","embeddable":true,"href":"https:\/\/www.serra.immo\/en\/wp-json\/wp\/v2\/property_state?post=1295304"},{"taxonomy":"property_city","embeddable":true,"href":"https:\/\/www.serra.immo\/en\/wp-json\/wp\/v2\/property_city?post=1295304"},{"taxonomy":"property_area","embeddable":true,"href":"https:\/\/www.serra.immo\/en\/wp-json\/wp\/v2\/property_area?post=1295304"}],"curies":[{"name":"wp","href":"https:\/\/api.w.org\/{rel}","templated":true}]}}

<p>PRECIOSA CASA ESQUINERA CON MUCHO SOL Y VISTAS ESPECTACULARES. </p>
<p>MIRADOR, en Segur de Calafell, zona residencial, se encuentra esta casa amplia adosada y esquinera muy bien distribuida, ideal para quienes buscan una vivienda amplia, cómoda, funcional y con mucho espacio exterior para disfrutar todo el año.</p>
<p>Esta propiedad ofrece 180m² útiles, con una estructura sólida, bien conservada, y una orientación que garantiza luz natural durante todo del día. Desde su posición elevada, se puede disfrutar de unas preciosas vistas panorámicas al mar y al entorno natural.</p>
<p>La vivienda se distribuye en tres plantas cómodas, con un estilo actual y práctico, pensado para familias o parejas que valoran el espacio y la tranquilidad.</p>
<p>Planta baja, encontrarás: Un amplísimo garaje cerrado que tiene capacidad para tres vehículos y espacio extra para trastero o zona de almacenaje. Es amplio y versátil, ideal para quienes necesitan guardar herramientas, bicicletas etc. Desde el se accede a un amplio recibidor muy cómodo que da acceso a las plantas superiores. </p>
<p>En la primera planta (principal). Se encuentra el  gran salón-comedor muy luminoso, con amplios ventanales. Una cocina tipo office espaciosa y funcional, ideal para el día a día. AMBOS con salida directa a una gran terraza y zona barbacoa . Así mismo, también se encuentra un baño completo, práctico amplio.<br />
En la segunda planta (zona de noche): Encuentras todos los dormitorios (dos dobles y dos individuales),todos ellos amplios y luminosos, uno de ellos tipo suite, con balcón y el baño transformado en un amplio vestidor. En el distribuidor el segundo gran baño completo, y desde uno de los dormitorios se accede al jardín trasero con  piscina de superficie privada. </p>
<p>Dispone de mucho espacio exterior, donde crear tu espacio de relax y compartir con amigos y familiares, el potencial está presente en cada rincón.</p>
<p>*- Resumen de características destacadas:</p>
<p>4 habitaciones (2 dobles + 2 individuales)</p>
<p>2 baños completos</p>
<p>Salón-comedor amplio y luminoso</p>
<p>Cocina office equipada</p>
<p>Balcón con vistas panorámicas al mar</p>
<p>Jardín con terraza y piscina privada</p>
<p>Garaje cerrado para 3 coches + trasteros</p>
<p>Orientación sur, luminosa y soleada</p>
<p>Buena distribución.</p>
<p>Entorno residencial, tranquilo y familiar</p>
<p>Una casa con muchísimas posibilidades</p>
<p>Esta propiedad ofrece lo más importante: amplitud, buena base estructural, espacios exteriores, y unas vistas al mar que hacen que cada día merezca la pena. Es una vivienda ideal para quien busca calidad de vida, con todo lo necesario para estar disfrutar de su excelente ubicación.</p>
<p>¿Quieres conocerla?<br />
Contacta con Altés [amp;] Olivares y agenda tu visita.</p>
<p>INFORMACIÓN LEGAL</p>
<p>En cumplimiento de la Ley 10/2025, informamos que el PVP indicado no incluye impuestos ni gastos asociados a la compraventa.<br />
ITP (Cataluña): cálculo según tipo impositivo vigente (puede variar según perfil del comprador).<br />
AJD. Tipo vigente.<br />
Gastos notariales y registrales según aranceles.</p>
<p>*- Nº Certificado de eficiencia energética: 3LD2FS75Q (vigente). Calificación consumo E 288 Kw/m2 año &#8211; Calificación emisiones E 48<br />
kg CO²/m².</p>
<p>*- AICAT: 13443.<br />
*- API: A14345.</p>
