{"id":1280879,"date":"2026-04-23T03:02:43","date_gmt":"2026-04-23T01:02:43","guid":{"rendered":"https:\/\/www.serra.immo\/propiedad\/ref-6343\/"},"modified":"2026-04-23T03:02:43","modified_gmt":"2026-04-23T01:02:43","slug":"ref-6343-industrial-land-of-459-m%c2%b2-in-santa-margarida-i-els-monjos","status":"publish","type":"property","link":"https:\/\/www.serra.immo\/en\/propiedad\/ref-6343-terreno-industrial-de-459-m%c2%b2-en-santa-margarida-i-els-monjos\/","title":{"rendered":"Ref. 6343 \u2013 Industrial land of 459 m\u00b2 in Santa Margarida i els Monjos"},"content":{"rendered":"<p>This land is designated for industrial use, located in a strategic area for local economic development. The land is currently awaiting subdivision by the City Council. The subdivision must be carried out according to the criteria established by municipal urban planning and based on the intended uses.<\/p>\n<p>Furthermore, the land is in the pre-approval phase of a new Municipal Urban Development Plan (POUM), which is being promoted by the council with the aim of modernizing and enhancing the municipality&#039;s industrial land. This new POUM contemplates the redevelopment of the area, the improvement of infrastructure and access, as well as an expansion of compatible industrial uses, opening up significant opportunities for future investors and developers.<\/p>\n<p>In short, it is a strategic asset with great development potential, whose future appreciation is closely linked to the evolution of local urban planning and the implementation of urban management instruments currently in process.<\/p>\n<p>Come and ask for information!<\/p>\n<p>OFFICE - <a href=\"tel:93 891 55 91\">93 891 55 91<\/a><br \/>MIREIA \u2013 <a href=\"tel:662 21 29 30\">662 21 29 30<\/a><br \/>MAIL \u2013 <a href=\"mailto:mireia.quintana@serra.immo\">mireia.quintana@serra.immo<\/a><\/p>","protected":false},"excerpt":{"rendered":"<p>Se trata de un suelo con calificaci\u00f3n industrial ubicado en una zona estrat\u00e9gica para el desarrollo econ\u00f3mico local, actualmente pendiente de proceso de parcelaci\u00f3n por parte del Ayuntamiento. La parcelaci\u00f3n deber\u00e1 llevarse a cabo siguiendo los criterios establecidos por el planeamiento urban\u00edstico municipal y en funci\u00f3n de los usos previstos. Asimismo, el terreno se encuentra [&hellip;]<\/p>\n","protected":false},"author":5,"featured_media":1281274,"parent":0,"menu_order":0,"template":"","property_type":[836],"property_status":[371],"property_feature":[],"property_label":[345],"property_state":[],"property_city":[245],"property_area":[823],"class_list":["post-1280879","property","type-property","status-publish","has-post-thumbnail","hentry","property_type-terrenos","property_status-comprar","property_label-ninguno","property_city-castellvi-de-la-marca","property_area-cataluna"],"property_meta":{"fave_currency":["EUR"],"fave_currency_info":[""],"fave_property_price":["198000"],"fave_property_size":["0.00"],"fave_property_size_prefix":["m2"],"fave_property_land":["4959"],"fave_property_land_postfix":["m2"],"fave_property_bedrooms":["0"],"fave_property_bathrooms":["0"],"fave_property_map":["1"],"fave_property_id":["6343"],"fave_property_year":["0"],"fave_property_zip":["08730"],"fave_featured":["1"],"houzez_featured_listing_date":["2026-04-23 03:02:44"],"fave_agent_display_option":["agent_info"],"fave_prop_homeslider":["no"],"fave_energy_global_index":["0"],"fave_renewable_energy_global_index":["0"],"floor_plans":[""],"fave_multi_units":[""],"additional_features":[""],"fave_agents":["1077290"],"fave_property_agency":["1214647"],"fave_property_map_address":[null],"fave_property_location":["41.314398609793926,1.6289624829686034"],"houzez_geolocation_lat":["41.314398609793926"],"houzez_geolocation_long":["1.6289624829686034"],"propietat_serra":["1"],"_wp_page_template":["default"],"fave_property_images":["1281274","1281275","1281276","1281277","1281278"],"_thumbnail_id":["1281274"],"rank_math_internal_links_processed":["1"],"houzez_total_property_views":["45"],"houzez_views_by_date":["a:10:{s:10:\"04-23-2026\";i:2;s:10:\"04-24-2026\";i:6;s:10:\"04-26-2026\";i:9;s:10:\"04-27-2026\";i:5;s:10:\"04-28-2026\";i:3;s:10:\"04-29-2026\";i:6;s:10:\"04-30-2026\";i:1;s:10:\"05-01-2026\";i:7;s:10:\"05-02-2026\";i:4;s:10:\"05-03-2026\";i:2;}"],"houzez_recently_viewed":["2026-05-03 07:44:08"],"_elementor_page_assets":["a:0:{}"]},"_links":{"self":[{"href":"https:\/\/www.serra.immo\/en\/wp-json\/wp\/v2\/properties\/1280879","targetHints":{"allow":["GET"]}}],"collection":[{"href":"https:\/\/www.serra.immo\/en\/wp-json\/wp\/v2\/properties"}],"about":[{"href":"https:\/\/www.serra.immo\/en\/wp-json\/wp\/v2\/types\/property"}],"author":[{"embeddable":true,"href":"https:\/\/www.serra.immo\/en\/wp-json\/wp\/v2\/users\/5"}],"version-history":[{"count":1,"href":"https:\/\/www.serra.immo\/en\/wp-json\/wp\/v2\/properties\/1280879\/revisions"}],"predecessor-version":[{"id":1284402,"href":"https:\/\/www.serra.immo\/en\/wp-json\/wp\/v2\/properties\/1280879\/revisions\/1284402"}],"wp:featuredmedia":[{"embeddable":true,"href":"https:\/\/www.serra.immo\/en\/wp-json\/wp\/v2\/media\/1281274"}],"wp:attachment":[{"href":"https:\/\/www.serra.immo\/en\/wp-json\/wp\/v2\/media?parent=1280879"}],"wp:term":[{"taxonomy":"property_type","embeddable":true,"href":"https:\/\/www.serra.immo\/en\/wp-json\/wp\/v2\/property_type?post=1280879"},{"taxonomy":"property_status","embeddable":true,"href":"https:\/\/www.serra.immo\/en\/wp-json\/wp\/v2\/property_status?post=1280879"},{"taxonomy":"property_feature","embeddable":true,"href":"https:\/\/www.serra.immo\/en\/wp-json\/wp\/v2\/property_feature?post=1280879"},{"taxonomy":"property_label","embeddable":true,"href":"https:\/\/www.serra.immo\/en\/wp-json\/wp\/v2\/property_label?post=1280879"},{"taxonomy":"property_state","embeddable":true,"href":"https:\/\/www.serra.immo\/en\/wp-json\/wp\/v2\/property_state?post=1280879"},{"taxonomy":"property_city","embeddable":true,"href":"https:\/\/www.serra.immo\/en\/wp-json\/wp\/v2\/property_city?post=1280879"},{"taxonomy":"property_area","embeddable":true,"href":"https:\/\/www.serra.immo\/en\/wp-json\/wp\/v2\/property_area?post=1280879"}],"curies":[{"name":"wp","href":"https:\/\/api.w.org\/{rel}","templated":true}]}}

<p>Se trata de un suelo con calificación industrial ubicado en una zona estratégica para el desarrollo económico local, actualmente pendiente de proceso de parcelación por parte del Ayuntamiento. La parcelación deberá llevarse a cabo siguiendo los criterios establecidos por el planeamiento urbanístico municipal y en función de los usos previstos. Asimismo, el terreno se encuentra [&hellip;]</p>
