{"id":1205923,"date":"2026-04-27T01:35:31","date_gmt":"2026-04-26T23:35:31","guid":{"rendered":"https:\/\/www.serra.immo\/propiedad\/ref-a00988-5298-se-vende-alquilada-fantastica-nave-industrial-en-santa-oliva\/"},"modified":"2026-04-27T01:35:31","modified_gmt":"2026-04-26T23:35:31","slug":"ref-a00988-5298-fantastic-industrial-warehouse-for-sale-or-rent-in-santa-oliva","status":"publish","type":"property","link":"https:\/\/www.serra.immo\/en\/propiedad\/ref-a00988-5298-se-vende-alquilada-fantastica-nave-industrial-en-santa-oliva\/","title":{"rendered":"Ref. A00988\/5298 \u2013 FOR SALE, RENTED, Fantastic Industrial Warehouse in Santa Oliva"},"content":{"rendered":"<p>SE VENDE ALQUILADA A 900 EUROS\/ MES<\/p>\n<p>Fant\u00e1stica Nave Industrial en Santa Oliva, junto el Vendrell.<br \/>\n Nave de 300 m2 en planta baja y unos 60 m2 de Altillo, dividido en dos estancias. <\/p>\n<p>AL SER UNA PROPIEDAD QUE EST\u00c1 ACTUALMENTE ALQUILADA ES COMPLICADO REALIZAR LAS VISITAS<br \/>\n [Documento sin valor contractual, sujeto a cambios y revisiones por motivos t\u00e9cnicos, constructivos o comerciales. Las discreciones y especificaciones contenidas en este documento podr\u00edan variarse, siendo sustituidas por otras de igual o superior calidad. Mobiliario y elementos de decoraci\u00f3n no incluidos. La informaci\u00f3n aqu\u00ed contenida est\u00e1 sujeta a actualizaciones sin previo aviso, por lo que debe ser confirmada en cada caso<br \/>\n El precio no incluye impuestos ni gastos. Se debe a\u00f1adir al precio de compra el ITP en viviendas de segunda mano, el IVA y ADJ en viviendas de obra nueva y en ambos casos, los honorarios de notaria y registro, que precedan. En casa de inmuebles terciarios, a consultar impuestos, pero tambi\u00e9n no quedan incluidos los honorarios de notaria y registro, que procedan].<\/p>\n","protected":false},"excerpt":{"rendered":"<p>SE VENDE ALQUILADA A 900 EUROS\/ MES<\/p>\n<p>Fant\u00e1stica Nave Industrial en Santa Oliva, junto el Vendrell.<br \/>\n Nave de 300 m2 en planta baja y unos 60 m2 de Altillo, dividido en dos estancias. <\/p>\n<p>AL SER UNA PROPIEDAD QUE EST\u00c1 ACTUALMENTE ALQUILADA ES COMPLICADO REALIZAR LAS VISITAS<br \/>\n [Documento sin valor contractual, sujeto a cambios y revisiones por motivos t\u00e9cnicos, constructivos o comerciales. Las discreciones y especificaciones contenidas en este documento podr\u00edan variarse, siendo sustituidas por otras de igual o superior calidad. Mobiliario y elementos de decoraci\u00f3n no incluidos. La informaci\u00f3n aqu\u00ed contenida est\u00e1 sujeta a actualizaciones sin previo aviso, por lo que debe ser confirmada en cada caso<br \/>\n El precio no incluye impuestos ni gastos. Se debe a\u00f1adir al precio de compra el ITP en viviendas de segunda mano, el IVA y ADJ en viviendas de obra nueva y en ambos casos, los honorarios de notaria y registro, que precedan. En casa de inmuebles terciarios, a consultar impuestos, pero tambi\u00e9n no quedan incluidos los honorarios de notaria y registro, que procedan].<\/p>\n","protected":false},"author":4,"featured_media":1200208,"parent":0,"menu_order":0,"template":"","property_type":[843],"property_status":[371],"property_feature":[],"property_label":[],"property_state":[],"property_city":[489],"property_area":[490],"class_list":["post-1205923","property","type-property","status-publish","has-post-thumbnail","hentry","property_type-naves-industriales","property_status-comprar","property_city-santa-oliva","property_area-moli-den-serra"],"property_meta":{"fave_currency":["EUR"],"fave_currency_info":[""],"fave_property_price":["325000"],"fave_property_size":["330.00"],"fave_property_size_prefix":["m2"],"fave_property_land":["300"],"fave_property_land_postfix":["m2"],"fave_property_bedrooms":["0"],"fave_property_bathrooms":["1"],"fave_property_garage":["1"],"fave_virtual_tour":["0"],"fave_property_map":["1"],"fave_property_id":["A00988\/5298"],"fave_property_year":["2007"],"fave_property_zip":["43710"],"fave_featured":["0"],"houzez_featured_listing_date":[""],"fave_agent_display_option":["agent_info"],"fave_prop_homeslider":["no"],"fave_energy_class":["C"],"fave_energy_global_index":["162"],"fave_energy_performance":["C"],"fave_renewable_energy_global_index":["29"],"floor_plans":[""],"fave_multi_units":[""],"additional_features":[""],"fave_agents":["1179704"],"fave_property_agency":["1214635"],"fave_property_map_address":[null],"fave_property_location":["41.2352052714823,1.54535248681783"],"houzez_geolocation_lat":["41.2352052714823"],"houzez_geolocation_long":["1.54535248681783"],"aicat":["1"],"_wp_page_template":["default"],"fave_property_images":["1200208","1200208","1200209","1200210","1200211","1200212","1200213","1200214","1200215","1200216","1200217","1200218","1200219","1200220","1200221","1200222","1200223","1200224","1200225","1200226","1200227","1200228","1200229","1200230","1200231","1200232","1200233","1200234","1200235","1200236","1200237","1200238","1200239","1200240","1200241","1200242","1200243","1200244","1200245","1200246","1200247"],"_thumbnail_id":["1200208"],"houzez_total_property_views":["7"],"houzez_views_by_date":["a:2:{s:10:\"04-27-2026\";i:5;s:10:\"05-02-2026\";i:2;}"],"houzez_recently_viewed":["2026-05-02 08:40:43"],"_elementor_page_assets":["a:0:{}"]},"_links":{"self":[{"href":"https:\/\/www.serra.immo\/en\/wp-json\/wp\/v2\/properties\/1205923","targetHints":{"allow":["GET"]}}],"collection":[{"href":"https:\/\/www.serra.immo\/en\/wp-json\/wp\/v2\/properties"}],"about":[{"href":"https:\/\/www.serra.immo\/en\/wp-json\/wp\/v2\/types\/property"}],"author":[{"embeddable":true,"href":"https:\/\/www.serra.immo\/en\/wp-json\/wp\/v2\/users\/4"}],"version-history":[{"count":0,"href":"https:\/\/www.serra.immo\/en\/wp-json\/wp\/v2\/properties\/1205923\/revisions"}],"wp:featuredmedia":[{"embeddable":true,"href":"https:\/\/www.serra.immo\/en\/wp-json\/wp\/v2\/media\/1200208"}],"wp:attachment":[{"href":"https:\/\/www.serra.immo\/en\/wp-json\/wp\/v2\/media?parent=1205923"}],"wp:term":[{"taxonomy":"property_type","embeddable":true,"href":"https:\/\/www.serra.immo\/en\/wp-json\/wp\/v2\/property_type?post=1205923"},{"taxonomy":"property_status","embeddable":true,"href":"https:\/\/www.serra.immo\/en\/wp-json\/wp\/v2\/property_status?post=1205923"},{"taxonomy":"property_feature","embeddable":true,"href":"https:\/\/www.serra.immo\/en\/wp-json\/wp\/v2\/property_feature?post=1205923"},{"taxonomy":"property_label","embeddable":true,"href":"https:\/\/www.serra.immo\/en\/wp-json\/wp\/v2\/property_label?post=1205923"},{"taxonomy":"property_state","embeddable":true,"href":"https:\/\/www.serra.immo\/en\/wp-json\/wp\/v2\/property_state?post=1205923"},{"taxonomy":"property_city","embeddable":true,"href":"https:\/\/www.serra.immo\/en\/wp-json\/wp\/v2\/property_city?post=1205923"},{"taxonomy":"property_area","embeddable":true,"href":"https:\/\/www.serra.immo\/en\/wp-json\/wp\/v2\/property_area?post=1205923"}],"curies":[{"name":"wp","href":"https:\/\/api.w.org\/{rel}","templated":true}]}}

<p>SE VENDE ALQUILADA A 900 EUROS/ MES</p>
<p>Fantástica Nave Industrial en Santa Oliva, junto el Vendrell.<br />
 Nave de 300 m2 en planta baja y unos 60 m2 de Altillo, dividido en dos estancias. </p>
<p>AL SER UNA PROPIEDAD QUE ESTÁ ACTUALMENTE ALQUILADA ES COMPLICADO REALIZAR LAS VISITAS<br />
 [Documento sin valor contractual, sujeto a cambios y revisiones por motivos técnicos, constructivos o comerciales. Las discreciones y especificaciones contenidas en este documento podrían variarse, siendo sustituidas por otras de igual o superior calidad. Mobiliario y elementos de decoración no incluidos. La información aquí contenida está sujeta a actualizaciones sin previo aviso, por lo que debe ser confirmada en cada caso<br />
 El precio no incluye impuestos ni gastos. Se debe añadir al precio de compra el ITP en viviendas de segunda mano, el IVA y ADJ en viviendas de obra nueva y en ambos casos, los honorarios de notaria y registro, que precedan. En casa de inmuebles terciarios, a consultar impuestos, pero también no quedan incluidos los honorarios de notaria y registro, que procedan].</p>
