{"id":1335211,"date":"2026-09-04T13:33:22","date_gmt":"2026-09-04T11:33:22","guid":{"rendered":"https:\/\/www.serra.immo\/propiedad\/ref-sfi00447-3478-piso-en-venta-con-atardeceres-sobre-los-vinedos\/"},"modified":"2026-09-04T13:33:22","modified_gmt":"2026-09-04T11:33:22","slug":"ref-sfi00447-3478-pis-en-venda-amb-capvespres-sobre-els-vinets","status":"publish","type":"property","link":"https:\/\/www.serra.immo\/ca\/propiedad\/ref-sfi00447-3478-piso-en-venta-con-atardeceres-sobre-los-vinedos\/","title":{"rendered":"Ref. SFI00447\/3478 \u2013 Pis en venda amb capvespres sobre les vinyes"},"content":{"rendered":"<p>Busques l&#039;equilibri perfecte entre tranquil\u00b7litat, naturalesa i comoditat? Deixa de buscar, aquesta \u00e9s la teva propera llar!<\/p>\n<p>Et presentem aquest fant\u00e0stic pis, situat a la tranquil\u00b7la i verda localitat de La Granada (Vilafranca del Pened\u00e8s), un entorn privilegiat envoltat de vinyes, perfecte per gaudir de passejades a l&#039;aire lliure, rutes amb bicicleta i, sobretot, de la m\u00e0xima pau.<\/p>\n<p>El que us enamorar\u00e0 d&#039;aquest pis:<\/p>\n<p>-Vistes de somni: Imagina comen\u00e7ar el dia o relaxar-te al capvespre des del sof\u00e0 o el teu balc\u00f3, amb unes impressionants vistes clares a les vinyes. Un lloc \u00fanic on cada posta de sol et deixar\u00e0 sense paraules.<\/p>\n<p>-Luminositat: Gr\u00e0cies a la seva excel\u00b7lent orientaci\u00f3 ja que totes les estances principals donen a l&#039;exterior, la llum natural inunda cada rac\u00f3, creant un ambient c\u00e0lid i acollidor.<\/p>\n<p>Comoditats i Distribuci\u00f3:<br \/>\nL\u00b4immoble es troba en un modern edifici constru\u00eft el 2007, equipat amb Ascensor. A m\u00e9s, compta amb una pla\u00e7a de Parking i traster al mateix edifici, cosa que et facilitar\u00e0 la vida des del primer dia.<\/p>\n<p>L&#039;habitatge presenta una distribuci\u00f3 molt pr\u00e0ctica i funcional:<\/p>\n<p>-Rebedor d&#039;entrada.<br \/>\n-Llumin\u00f3s sal\u00f3-menjador.<br \/>\n-Cuina independent totalment equipada.<br \/>\n-Dues habitacions (una doble i una individual). Atenci\u00f3! Tant el sal\u00f3 com les dues habitacions tenen acc\u00e9s directe al balc\u00f3 amb vistes a les vinyes.<br \/>\n-Un bany complet amb banyera.<br \/>\n-Ubicaci\u00f3 i Connectivitat:<\/p>\n<p>La Granada ofereix la tranquil\u00b7litat d\u00b4un poble amb totes les comoditats a un pas. El pis est\u00e0 perfectament comunicat:<\/p>\n<p>-A nom\u00e9s 5 minuts a peu de l&#039;estaci\u00f3 de tren de La Granada (Rodalies).<br \/>\n-A tan sols 4 minuts amb cotxe del centre de Vilafranca del Pened\u00e8s (tots els serveis).<br \/>\n-A nom\u00e9s 20 minuts de les platges de Sitges amb acc\u00e9s a la C15 a nom\u00e9s 2 minuts.<\/p>\n<p>Si busques un pis llest per entrar a viure, a una zona immillorable i amb totes les comoditats, aquesta \u00e9s la teva oportunitat.<\/p>\n<p>Truca&#039;ns avui mateix i vine a veure&#039;l! No te&#039;n penedir\u00e0s.<br \/>\n________________________________________________________________<\/p>\n<p>\u2022 Localitzaci\u00f3: La Granada (Vilafranca del Pened\u00e8s)<br \/>\n\u2022 Estat de l&#8217;immoble: En Bon estat.<br \/>\n\u2022 Estat d&#8217;ocupaci\u00f3 de l&#8217;habitatge: Lliure<br \/>\n\u2022 Superf\u00edcie \u00fatil: 54 m\u00b2 \/ Superf\u00edcie constru\u00efda: 62 m\u00b2<br \/>\n\u2022 C\u00e8dula d&#8217;habitabilitat: Vigent<br \/>\n\u2022 Certificat d&#8217;efici\u00e8ncia energ\u00e8tica: Codi LP3N9Z019 \u00b7 Consum 132 \u00b7 Emissions 27<br \/>\n\u2022 ITE- Inspecci\u00f3n tecnica del edificio: No s&#8217;aplica per l&#8217;antiguitat de l&#8217;edifici.<br \/>\n\u2022 Preu Venda al P\u00fablic: 178.500 \u20ac<br \/>\n\u2022 ITP: Tipus vigent (10% tipus general \/ 5% redu\u00eft segons perfil) \u00b7 Import aproximat: 17.850 \u20ac (preu de venda x 10%)<br \/>\n\u2022 Gastos notarials: Segons aranzel notarial (aprox. 1.000 \u20ac)<br \/>\n\u2022 Gastos registrals: Segons aranzel registral (aprox. 1.000 \u20ac)<br \/>\n\u2022 Gest\u00f2ria: Aprox. 500 \u20ac + IVA<br \/>\n\u2022 Total aproximat despeses de compravenda: 20.350 \u20ac (ITP + aprox. 2.500 \u20ac)<br \/>\n\u2022 Honoraris d&#039;ag\u00e8ncia: A c\u00e0rrec exclusiu del venedor<br \/>\n\u2022 C\u00e0rregues i grav\u00e0mens: Lliure de C\u00e0rregues<br \/>\n\u2022 Estat d&#8217;ocupaci\u00f3: Lliure<br \/>\n\u2022 R\u00e8gim de protecci\u00f3 oficial: Lliure<br \/>\n\u2022 Condici\u00f3 de gran tenedor del propietari: No Gran Tenidor<br \/>\n\u2022 N\u00fam. Registre AICAT: 6768 \u00b7 N\u00fam. API: 3387<\/p>\n<p>El mobiliari, equipament, decoraci\u00f3 i analegs, de les fotografies i v\u00eddeos no est\u00e0 incl\u00f2s al preu \u00b7 Superf\u00edcies obtingudes de documents oficials.<\/p>","protected":false},"excerpt":{"rendered":"<p>Busques l&#039;equilibri perfecte entre tranquil\u00b7litat, naturalesa i comoditat? Deixa de buscar, aquesta \u00e9s la teva propera llar!<\/p>\n<p>Et presentem aquest fant\u00e0stic pis, situat a la tranquil\u00b7la i verda localitat de La Granada (Vilafranca del Pened\u00e8s), un entorn privilegiat envoltat de vinyes, perfecte per gaudir de passejades a l&#039;aire lliure, rutes amb bicicleta i, sobretot, de la m\u00e0xima pau.<\/p>\n<p>El que us enamorar\u00e0 d&#039;aquest pis:<\/p>\n<p>-Vistes de somni: Imagina comen\u00e7ar el dia o relaxar-te al capvespre des del sof\u00e0 o el teu balc\u00f3, amb unes impressionants vistes clares a les vinyes. Un lloc \u00fanic on cada posta de sol et deixar\u00e0 sense paraules.<\/p>\n<p>-Luminositat: Gr\u00e0cies a la seva excel\u00b7lent orientaci\u00f3 ja que totes les estances principals donen a l&#039;exterior, la llum natural inunda cada rac\u00f3, creant un ambient c\u00e0lid i acollidor.<\/p>\n<p>Comoditats i Distribuci\u00f3:<br \/>\nL\u00b4immoble es troba en un modern edifici constru\u00eft el 2007, equipat amb Ascensor. A m\u00e9s, compta amb una pla\u00e7a de Parking i traster al mateix edifici, cosa que et facilitar\u00e0 la vida des del primer dia.<\/p>\n<p>L&#039;habitatge presenta una distribuci\u00f3 molt pr\u00e0ctica i funcional:<\/p>\n<p>-Rebedor d&#039;entrada.<br \/>\n-Llumin\u00f3s sal\u00f3-menjador.<br \/>\n-Cuina independent totalment equipada.<br \/>\n-Dues habitacions (una doble i una individual). Atenci\u00f3! Tant el sal\u00f3 com les dues habitacions tenen acc\u00e9s directe al balc\u00f3 amb vistes a les vinyes.<br \/>\n-Un bany complet amb banyera.<br \/>\n-Ubicaci\u00f3 i Connectivitat:<\/p>\n<p>La Granada ofereix la tranquil\u00b7litat d\u00b4un poble amb totes les comoditats a un pas. El pis est\u00e0 perfectament comunicat:<\/p>\n<p>-A nom\u00e9s 5 minuts a peu de l&#039;estaci\u00f3 de tren de La Granada (Rodalies).<br \/>\n-A tan sols 4 minuts amb cotxe del centre de Vilafranca del Pened\u00e8s (tots els serveis).<br \/>\n-A nom\u00e9s 20 minuts de les platges de Sitges amb acc\u00e9s a la C15 a nom\u00e9s 2 minuts.<\/p>\n<p>Si busques un pis llest per entrar a viure, a una zona immillorable i amb totes les comoditats, aquesta \u00e9s la teva oportunitat.<\/p>\n<p>Truca&#039;ns avui mateix i vine a veure&#039;l! No te&#039;n penedir\u00e0s.<br \/>\n________________________________________________________________<\/p>\n<p>\u2022 Localitzaci\u00f3: La Granada (Vilafranca del Pened\u00e8s)<br \/>\n\u2022 Estat de l&#8217;immoble: En Bon estat.<br \/>\n\u2022 Estat d&#8217;ocupaci\u00f3 de l&#8217;habitatge: Lliure<br \/>\n\u2022 Superf\u00edcie \u00fatil: 54 m\u00b2 \/ Superf\u00edcie constru\u00efda: 62 m\u00b2<br \/>\n\u2022 C\u00e8dula d&#8217;habitabilitat: Vigent<br \/>\n\u2022 Certificat d&#8217;efici\u00e8ncia energ\u00e8tica: Codi LP3N9Z019 \u00b7 Consum 132 \u00b7 Emissions 27<br \/>\n\u2022 ITE- Inspecci\u00f3n tecnica del edificio: No s&#8217;aplica per l&#8217;antiguitat de l&#8217;edifici.<br \/>\n\u2022 Preu Venda al P\u00fablic: 178.500 \u20ac<br \/>\n\u2022 ITP: Tipus vigent (10% tipus general \/ 5% redu\u00eft segons perfil) \u00b7 Import aproximat: 17.850 \u20ac (preu de venda x 10%)<br \/>\n\u2022 Gastos notarials: Segons aranzel notarial (aprox. 1.000 \u20ac)<br \/>\n\u2022 Gastos registrals: Segons aranzel registral (aprox. 1.000 \u20ac)<br \/>\n\u2022 Gest\u00f2ria: Aprox. 500 \u20ac + IVA<br \/>\n\u2022 Total aproximat despeses de compravenda: 20.350 \u20ac (ITP + aprox. 2.500 \u20ac)<br \/>\n\u2022 Honoraris d&#039;ag\u00e8ncia: A c\u00e0rrec exclusiu del venedor<br \/>\n\u2022 C\u00e0rregues i grav\u00e0mens: Lliure de C\u00e0rregues<br \/>\n\u2022 Estat d&#8217;ocupaci\u00f3: Lliure<br \/>\n\u2022 R\u00e8gim de protecci\u00f3 oficial: Lliure<br \/>\n\u2022 Condici\u00f3 de gran tenedor del propietari: No Gran Tenidor<br \/>\n\u2022 N\u00fam. Registre AICAT: 6768 \u00b7 N\u00fam. API: 3387<\/p>\n<p>El mobiliari, equipament, decoraci\u00f3 i analegs, de les fotografies i v\u00eddeos no est\u00e0 incl\u00f2s al preu \u00b7 Superf\u00edcies obtingudes de documents oficials.<\/p>","protected":false},"author":4,"featured_media":1335212,"parent":0,"menu_order":0,"template":"","property_type":[835],"property_status":[371],"property_feature":[376,375,385,378],"property_label":[],"property_state":[],"property_city":[237],"property_area":[954],"class_list":["post-1335211","property","type-property","status-publish","has-post-thumbnail","hentry","property_type-viviendas","property_status-comprar","property_feature-ascensor","property_feature-calefaccion","property_feature-sureste","property_feature-trastero","property_city-la-granada","property_area-rodalies-la-granada"],"property_meta":{"fave_currency":["EUR"],"fave_currency_info":[""],"fave_property_price":["178500"],"fave_property_size":["54.00"],"fave_property_size_prefix":["m2"],"fave_property_land":["0"],"fave_property_land_postfix":["m2"],"fave_property_bedrooms":["2"],"fave_property_bathrooms":["1"],"fave_property_garage":["1"],"fave_virtual_tour":["1"],"fave_property_map":["1"],"fave_property_id":["SFI00447\/3478"],"fave_property_year":["2007"],"fave_property_zip":["08792"],"fave_featured":["0"],"houzez_featured_listing_date":[""],"fave_agent_display_option":["agent_info"],"fave_prop_homeslider":["no"],"fave_energy_class":["E"],"fave_energy_global_index":["132"],"fave_energy_performance":["E"],"fave_renewable_energy_global_index":["27"],"floor_plans":[""],"fave_multi_units":[""],"additional_features":[""],"fave_agents":["1179704"],"fave_property_agency":["1214635"],"fave_property_map_address":[null],"fave_property_location":["41.374261796094,1.7206114883357"],"houzez_geolocation_lat":["41.374261796094"],"houzez_geolocation_long":["1.7206114883357"],"aicat":["1"],"_wp_page_template":["default"],"fave_property_images":["1335212","1335212","1335213","1335214","1335215","1335216","1335217","1335218","1335219","1335220","1335221","1335222","1335223","1335224","1335225","1335226","1335227","1335228","1335229"],"_thumbnail_id":["1335212"],"houzez_total_property_views":["9"],"houzez_views_by_date":["a:3:{s:10:\"09-04-2026\";i:1;s:10:\"09-05-2026\";i:4;s:10:\"09-06-2026\";i:4;}"],"houzez_recently_viewed":["2026-09-06 07:44:34"],"_elementor_page_assets":["a:0:{}"]},"_links":{"self":[{"href":"https:\/\/www.serra.immo\/ca\/wp-json\/wp\/v2\/properties\/1335211","targetHints":{"allow":["GET"]}}],"collection":[{"href":"https:\/\/www.serra.immo\/ca\/wp-json\/wp\/v2\/properties"}],"about":[{"href":"https:\/\/www.serra.immo\/ca\/wp-json\/wp\/v2\/types\/property"}],"author":[{"embeddable":true,"href":"https:\/\/www.serra.immo\/ca\/wp-json\/wp\/v2\/users\/4"}],"version-history":[{"count":0,"href":"https:\/\/www.serra.immo\/ca\/wp-json\/wp\/v2\/properties\/1335211\/revisions"}],"wp:featuredmedia":[{"embeddable":true,"href":"https:\/\/www.serra.immo\/ca\/wp-json\/wp\/v2\/media\/1335212"}],"wp:attachment":[{"href":"https:\/\/www.serra.immo\/ca\/wp-json\/wp\/v2\/media?parent=1335211"}],"wp:term":[{"taxonomy":"property_type","embeddable":true,"href":"https:\/\/www.serra.immo\/ca\/wp-json\/wp\/v2\/property_type?post=1335211"},{"taxonomy":"property_status","embeddable":true,"href":"https:\/\/www.serra.immo\/ca\/wp-json\/wp\/v2\/property_status?post=1335211"},{"taxonomy":"property_feature","embeddable":true,"href":"https:\/\/www.serra.immo\/ca\/wp-json\/wp\/v2\/property_feature?post=1335211"},{"taxonomy":"property_label","embeddable":true,"href":"https:\/\/www.serra.immo\/ca\/wp-json\/wp\/v2\/property_label?post=1335211"},{"taxonomy":"property_state","embeddable":true,"href":"https:\/\/www.serra.immo\/ca\/wp-json\/wp\/v2\/property_state?post=1335211"},{"taxonomy":"property_city","embeddable":true,"href":"https:\/\/www.serra.immo\/ca\/wp-json\/wp\/v2\/property_city?post=1335211"},{"taxonomy":"property_area","embeddable":true,"href":"https:\/\/www.serra.immo\/ca\/wp-json\/wp\/v2\/property_area?post=1335211"}],"curies":[{"name":"wp","href":"https:\/\/api.w.org\/{rel}","templated":true}]}}

<p>Busques l&#039;equilibri perfecte entre tranquil·litat, naturalesa i comoditat? Deixa de buscar, aquesta és la teva propera llar!</p>
<p>Et presentem aquest fantàstic pis, situat a la tranquil·la i verda localitat de La Granada (Vilafranca del Penedès), un entorn privilegiat envoltat de vinyes, perfecte per gaudir de passejades a l&#039;aire lliure, rutes amb bicicleta i, sobretot, de la màxima pau.</p>
<p>El que us enamorarà d&#039;aquest pis:</p>
<p>-Vistes de somni: Imagina començar el dia o relaxar-te al capvespre des del sofà o el teu balcó, amb unes impressionants vistes clares a les vinyes. Un lloc únic on cada posta de sol et deixarà sense paraules.</p>
<p>-Luminositat: Gràcies a la seva excel·lent orientació ja que totes les estances principals donen a l&#039;exterior, la llum natural inunda cada racó, creant un ambient càlid i acollidor.</p>
<p>Comoditats i Distribució:<br />
L´immoble es troba en un modern edifici construït el 2007, equipat amb Ascensor. A més, compta amb una plaça de Parking i traster al mateix edifici, cosa que et facilitarà la vida des del primer dia.</p>
<p>L&#039;habitatge presenta una distribució molt pràctica i funcional:</p>
<p>-Rebedor d&#039;entrada.<br />
-Lluminós saló-menjador.<br />
-Cuina independent totalment equipada.<br />
-Dues habitacions (una doble i una individual). Atenció! Tant el saló com les dues habitacions tenen accés directe al balcó amb vistes a les vinyes.<br />
-Un bany complet amb banyera.<br />
-Ubicació i Connectivitat:</p>
<p>La Granada ofereix la tranquil·litat d´un poble amb totes les comoditats a un pas. El pis està perfectament comunicat:</p>
<p>-A només 5 minuts a peu de l&#039;estació de tren de La Granada (Rodalies).<br />
-A tan sols 4 minuts amb cotxe del centre de Vilafranca del Penedès (tots els serveis).<br />
-A només 20 minuts de les platges de Sitges amb accés a la C15 a només 2 minuts.</p>
<p>Si busques un pis llest per entrar a viure, a una zona immillorable i amb totes les comoditats, aquesta és la teva oportunitat.</p>
<p>Truca&#039;ns avui mateix i vine a veure&#039;l! No te&#039;n penediràs.<br />
________________________________________________________________</p>
<p>• Localització: La Granada (Vilafranca del Penedès)<br />
• Estat de l&#8217;immoble: En Bon estat.<br />
• Estat d&#8217;ocupació de l&#8217;habitatge: Lliure<br />
• Superfície útil: 54 m² / Superfície construïda: 62 m²<br />
• Cèdula d&#8217;habitabilitat: Vigent<br />
• Certificat d&#8217;eficiència energètica: Codi LP3N9Z019 · Consum 132 · Emissions 27<br />
• ITE- Inspección tecnica del edificio: No s&#8217;aplica per l&#8217;antiguitat de l&#8217;edifici.<br />
• Preu Venda al Públic: 178.500 €<br />
• ITP: Tipus vigent (10% tipus general / 5% reduït segons perfil) · Import aproximat: 17.850 € (preu de venda x 10%)<br />
• Gastos notarials: Segons aranzel notarial (aprox. 1.000 €)<br />
• Gastos registrals: Segons aranzel registral (aprox. 1.000 €)<br />
• Gestòria: Aprox. 500 € + IVA<br />
• Total aproximat despeses de compravenda: 20.350 € (ITP + aprox. 2.500 €)<br />
• Honoraris d&#039;agència: A càrrec exclusiu del venedor<br />
• Càrregues i gravàmens: Lliure de Càrregues<br />
• Estat d&#8217;ocupació: Lliure<br />
• Règim de protecció oficial: Lliure<br />
• Condició de gran tenedor del propietari: No Gran Tenidor<br />
• Núm. Registre AICAT: 6768 · Núm. API: 3387</p>
<p>El mobiliari, equipament, decoració i analegs, de les fotografies i vídeos no està inclòs al preu · Superfícies obtingudes de documents oficials.</p>
