{"id":1334946,"date":"2026-08-31T01:34:47","date_gmt":"2026-08-30T23:34:47","guid":{"rendered":"https:\/\/www.serra.immo\/propiedad\/ref-30-140p066-1649-solar-urbano-de-536-m%c2%b2-para-casa-unifamiliar-en-larboc\/"},"modified":"2026-08-31T01:34:47","modified_gmt":"2026-08-30T23:34:47","slug":"ref-30-140p066-1649-solar-urba-de-536-m%c2%b2-per-a-casa-unifamiliar-a-larboc","status":"publish","type":"property","link":"https:\/\/www.serra.immo\/ca\/propiedad\/ref-30-140p066-1649-solar-urbano-de-536-m%c2%b2-para-casa-unifamiliar-en-larboc\/","title":{"rendered":"Ref. 30-140P066\/1649 \u2013 Solar urb\u00e0 de 536 m\u00b2 per a casa unifamiliar a l&#039;Arbo\u00e7"},"content":{"rendered":"<p>Solar urbano de 536 m\u00b2 para casa unifamiliar en L&#8217;Arbo\u00e7.<\/p>\n<p>Oportunitat per construir la casa que sempre heu imaginat en una de les zones residencials m\u00e9s tranquil\u00b7les de l&#039;Arbo\u00e7.<br \/>\nEs ven parcel\u00b7la urbana de 536 m\u00b2 ubicada al carrer Llu\u00eds Companys en una zona consolidada de xalets, ideal per a qui busca tranquil\u00b7litat sense renunciar a la proximitat de tots els serveis.<br \/>\nLa normativa urban\u00edstica permet la construcci\u00f3 dun habitatge unifamiliar a\u00efllat de planta baixa m\u00e9s planta primera, amb una edificabilitat aproximada de 265 m\u00b2 de sostre, oferint la possibilitat de projectar una \u00e0mplia casa familiar amb jard\u00ed, piscina i garatge soterrani (segons projecte i llic\u00e8ncia municipal).<\/p>\n<p>La ubicaci\u00f3n es uno de sus grandes atractivos. Pese a disfrutar de un entorno residencial muy tranquilo, la parcela se encuentra a pocos minutos a pie del centro de L&#8217;Arbo\u00e7 y de la estaci\u00f3n de tren; as\u00ed como de la escuela y del instituto, lo que la convierte en una opci\u00f3n ideal para familias. Adem\u00e1s dispone de buenos accesos a las principales v\u00edas de comunicaci\u00f3n, facilitando los desplazamientos diarios.<\/p>\n<p>Es tracta d&#039;una parcel\u00b7la amb una relaci\u00f3 excel\u00b7lent entre superf\u00edcie, edificabilitat i ubicaci\u00f3, perfecta tant per construir la seva resid\u00e8ncia habitual com per aquells que busquen una inversi\u00f3 en una zona residencial consolidada. Si desitges m\u00e9s informaci\u00f3 urban\u00edstica o concertar una visita, no dubtis en posar-te en contacte amb nosaltres.<\/p>\n<p>El preu no inclou les despeses de notaria, l&#039;impost sobre transmissions patrimonials (o, si escau, IVA i AJD), ni les despeses d&#039;inscripci\u00f3 al Registre de la Propietat.<br \/>\nEls honoraris de l&#039;ag\u00e8ncia immobili\u00e0ria s\u00f3n a c\u00e0rrec del venedor.<br \/>\nAgent immobiliari inscrit al Registre AICAT n. \u00ba 2082.<\/p>","protected":false},"excerpt":{"rendered":"<p>Solar urbano de 536 m\u00b2 para casa unifamiliar en L&#8217;Arbo\u00e7.<\/p>\n<p>Oportunitat per construir la casa que sempre heu imaginat en una de les zones residencials m\u00e9s tranquil\u00b7les de l&#039;Arbo\u00e7.<br \/>\nEs ven parcel\u00b7la urbana de 536 m\u00b2 ubicada al carrer Llu\u00eds Companys en una zona consolidada de xalets, ideal per a qui busca tranquil\u00b7litat sense renunciar a la proximitat de tots els serveis.<br \/>\nLa normativa urban\u00edstica permet la construcci\u00f3 dun habitatge unifamiliar a\u00efllat de planta baixa m\u00e9s planta primera, amb una edificabilitat aproximada de 265 m\u00b2 de sostre, oferint la possibilitat de projectar una \u00e0mplia casa familiar amb jard\u00ed, piscina i garatge soterrani (segons projecte i llic\u00e8ncia municipal).<\/p>\n<p>La ubicaci\u00f3n es uno de sus grandes atractivos. Pese a disfrutar de un entorno residencial muy tranquilo, la parcela se encuentra a pocos minutos a pie del centro de L&#8217;Arbo\u00e7 y de la estaci\u00f3n de tren; as\u00ed como de la escuela y del instituto, lo que la convierte en una opci\u00f3n ideal para familias. Adem\u00e1s dispone de buenos accesos a las principales v\u00edas de comunicaci\u00f3n, facilitando los desplazamientos diarios.<\/p>\n<p>Es tracta d&#039;una parcel\u00b7la amb una relaci\u00f3 excel\u00b7lent entre superf\u00edcie, edificabilitat i ubicaci\u00f3, perfecta tant per construir la seva resid\u00e8ncia habitual com per aquells que busquen una inversi\u00f3 en una zona residencial consolidada. Si desitges m\u00e9s informaci\u00f3 urban\u00edstica o concertar una visita, no dubtis en posar-te en contacte amb nosaltres.<\/p>\n<p>El preu no inclou les despeses de notaria, l&#039;impost sobre transmissions patrimonials (o, si escau, IVA i AJD), ni les despeses d&#039;inscripci\u00f3 al Registre de la Propietat.<br \/>\nEls honoraris de l&#039;ag\u00e8ncia immobili\u00e0ria s\u00f3n a c\u00e0rrec del venedor.<br \/>\nAgent immobiliari inscrit al Registre AICAT n. \u00ba 2082.<\/p>","protected":false},"author":4,"featured_media":1334947,"parent":0,"menu_order":0,"template":"","property_type":[836],"property_status":[371],"property_feature":[],"property_label":[],"property_state":[],"property_city":[515],"property_area":[823],"class_list":["post-1334946","property","type-property","status-publish","has-post-thumbnail","hentry","property_type-terrenos","property_status-comprar","property_city-l-arboc","property_area-cataluna"],"property_meta":{"_wp_page_template":["default"],"fave_currency":["EUR"],"fave_currency_info":[""],"fave_property_price":["97000"],"fave_property_size":["0.00"],"fave_property_size_prefix":["m2"],"fave_property_land":["536"],"fave_property_land_postfix":["m2"],"fave_property_bedrooms":["0"],"fave_property_bathrooms":["0"],"fave_virtual_tour":["0"],"fave_property_map":["1"],"fave_property_id":["30-140P066\/1649"],"fave_property_zip":["43720"],"fave_featured":["0"],"houzez_featured_listing_date":[""],"fave_agent_display_option":["agent_info"],"fave_prop_homeslider":["no"],"floor_plans":[""],"fave_multi_units":[""],"additional_features":[""],"fave_agents":["1179704"],"fave_property_agency":["1214635"],"fave_property_map_address":[null],"fave_property_location":["41.268329882,1.598363402"],"houzez_geolocation_lat":["41.268329882"],"houzez_geolocation_long":["1.598363402"],"aicat":["1"],"fave_property_images":["1334947","1334947","1334948","1334949","1334950","1334951","1334952","1334953"],"_thumbnail_id":["1334947"],"houzez_total_property_views":["28"],"houzez_views_by_date":["a:7:{s:10:\"08-31-2026\";i:7;s:10:\"09-01-2026\";i:6;s:10:\"09-02-2026\";i:1;s:10:\"09-03-2026\";i:3;s:10:\"09-04-2026\";i:3;s:10:\"09-05-2026\";i:4;s:10:\"09-06-2026\";i:4;}"],"houzez_recently_viewed":["2026-09-06 13:54:30"],"_elementor_page_assets":["a:0:{}"]},"_links":{"self":[{"href":"https:\/\/www.serra.immo\/ca\/wp-json\/wp\/v2\/properties\/1334946","targetHints":{"allow":["GET"]}}],"collection":[{"href":"https:\/\/www.serra.immo\/ca\/wp-json\/wp\/v2\/properties"}],"about":[{"href":"https:\/\/www.serra.immo\/ca\/wp-json\/wp\/v2\/types\/property"}],"author":[{"embeddable":true,"href":"https:\/\/www.serra.immo\/ca\/wp-json\/wp\/v2\/users\/4"}],"version-history":[{"count":0,"href":"https:\/\/www.serra.immo\/ca\/wp-json\/wp\/v2\/properties\/1334946\/revisions"}],"wp:featuredmedia":[{"embeddable":true,"href":"https:\/\/www.serra.immo\/ca\/wp-json\/wp\/v2\/media\/1334947"}],"wp:attachment":[{"href":"https:\/\/www.serra.immo\/ca\/wp-json\/wp\/v2\/media?parent=1334946"}],"wp:term":[{"taxonomy":"property_type","embeddable":true,"href":"https:\/\/www.serra.immo\/ca\/wp-json\/wp\/v2\/property_type?post=1334946"},{"taxonomy":"property_status","embeddable":true,"href":"https:\/\/www.serra.immo\/ca\/wp-json\/wp\/v2\/property_status?post=1334946"},{"taxonomy":"property_feature","embeddable":true,"href":"https:\/\/www.serra.immo\/ca\/wp-json\/wp\/v2\/property_feature?post=1334946"},{"taxonomy":"property_label","embeddable":true,"href":"https:\/\/www.serra.immo\/ca\/wp-json\/wp\/v2\/property_label?post=1334946"},{"taxonomy":"property_state","embeddable":true,"href":"https:\/\/www.serra.immo\/ca\/wp-json\/wp\/v2\/property_state?post=1334946"},{"taxonomy":"property_city","embeddable":true,"href":"https:\/\/www.serra.immo\/ca\/wp-json\/wp\/v2\/property_city?post=1334946"},{"taxonomy":"property_area","embeddable":true,"href":"https:\/\/www.serra.immo\/ca\/wp-json\/wp\/v2\/property_area?post=1334946"}],"curies":[{"name":"wp","href":"https:\/\/api.w.org\/{rel}","templated":true}]}}

Ref. 30-140P066/1649 – Solar urbà de 536 m² per a casa unifamiliar a l&#039;Arboç

<p>Solar urbano de 536 m² para casa unifamiliar en L&#8217;Arboç.</p>
<p>Oportunitat per construir la casa que sempre heu imaginat en una de les zones residencials més tranquil·les de l&#039;Arboç.<br />
Es ven parcel·la urbana de 536 m² ubicada al carrer Lluís Companys en una zona consolidada de xalets, ideal per a qui busca tranquil·litat sense renunciar a la proximitat de tots els serveis.<br />
La normativa urbanística permet la construcció dun habitatge unifamiliar aïllat de planta baixa més planta primera, amb una edificabilitat aproximada de 265 m² de sostre, oferint la possibilitat de projectar una àmplia casa familiar amb jardí, piscina i garatge soterrani (segons projecte i llicència municipal).</p>
<p>La ubicación es uno de sus grandes atractivos. Pese a disfrutar de un entorno residencial muy tranquilo, la parcela se encuentra a pocos minutos a pie del centro de L&#8217;Arboç y de la estación de tren; así como de la escuela y del instituto, lo que la convierte en una opción ideal para familias. Además dispone de buenos accesos a las principales vías de comunicación, facilitando los desplazamientos diarios.</p>
<p>Es tracta d&#039;una parcel·la amb una relació excel·lent entre superfície, edificabilitat i ubicació, perfecta tant per construir la seva residència habitual com per aquells que busquen una inversió en una zona residencial consolidada. Si desitges més informació urbanística o concertar una visita, no dubtis en posar-te en contacte amb nosaltres.</p>
<p>El preu no inclou les despeses de notaria, l&#039;impost sobre transmissions patrimonials (o, si escau, IVA i AJD), ni les despeses d&#039;inscripció al Registre de la Propietat.<br />
Els honoraris de l&#039;agència immobiliària són a càrrec del venedor.<br />
Agent immobiliari inscrit al Registre AICAT n. º 2082.</p>
