{"id":1334920,"date":"2026-09-04T13:32:25","date_gmt":"2026-09-04T11:32:25","guid":{"rendered":"https:\/\/www.serra.immo\/propiedad\/ref-03-5373-1098-espectacular-piso-de-115-m%c2%b2-utiles-junto-a-la-rambla-principal-de-vilanova\/"},"modified":"2026-09-04T13:32:25","modified_gmt":"2026-09-04T11:32:25","slug":"ref-03-5373-1098-espectacular-pis-de-115-m%c2%b2-utils-al-costat-de-la-rambla-principal-de-vilanova","status":"publish","type":"property","link":"https:\/\/www.serra.immo\/ca\/propiedad\/ref-03-5373-1098-espectacular-piso-de-115-m%c2%b2-utiles-junto-a-la-rambla-principal-de-vilanova\/","title":{"rendered":"Ref. 03-5373\/1098 \u2013 Espectacular pis de 115 m\u00b2 \u00fatils al costat de la Rambla Principal de Vilanova"},"content":{"rendered":"<p>Si busques espai, comoditat i la millor ubicaci\u00f3, aquest habitatge \u00e9s una oportunitat \u00fanica per dissenyar la llar dels seus somnis. Situat en una tercera planta amb ascensor, al centre neur\u00e0lgic de la ciutat ia un pas de la Rambla Principal i del Mercat Municipal, el pis destaca per la gran amplitud i distribuci\u00f3 funcional. Disposa d\u00b4un sal\u00f3-menjador molt llumin\u00f3s, cuina independent amb rebost, cinc dormitoris ideal per a fam\u00edlies o teletreball, un bany complet, un bany auxiliar i armaris encastats. Balc\u00f3 amb vistes al carrer. A m\u00e9s, inclou en el preu un pr\u00e0ctic traster privat situat al mateix edifici. Pis d\u00b4origen molt ben situat i amb moltes possibilitats.<br \/>\nViure a Vilanova i la Geltr\u00fa, capital del Garraf ubicada a 40 minuts de Barcelona (amb excel\u00b7lent connexi\u00f3 directa amb tren R2 Sud i autob\u00fas) ia 10 minuts de Sitges, \u00e9s apostar per una qualitat de vida immillorable. Aquest pis us permetr\u00e0 tenir tots els serveis, escoles i comer\u00e7 local a la porta de casa sense necessitat d&#039;agafar el cotxe, a m\u00e9s de gaudir de m\u00e9s de 6 km de platges de fina sorra, port esportiu i pesquer, i una gran vida cultural i gastron\u00f2mica durant tot l&#039;any. Una opci\u00f3 perfecta tant per a la primera resid\u00e8ncia familiar com per a una inversi\u00f3 segura a una de les millors zones de la costa. Contacta amb nosaltres i vine a descobrir tot el potencial!<\/p>\n<p>C\u00e8dula habitabilitat CHB<a href=\"tel:05984125001\">05984125001<\/a><br \/>\nCertificat Energ\u00e8tic: Refer\u00e8ncia 96X4L5M1X Consum d&#039;energia F 214 Kwh-m\u00b2 any Emissions E 45 Kg CO2-m\u00b2 any<\/p>\n<p>El preu no inclou impostos (ITP, IVA i AJD), ni les despeses de notari ni les de registre.<\/p>\n<p>Algunes de les imatges mostrades sense mobiliari o decoraci\u00f3 han estat modificades mitjan\u00e7ant intel\u00b7lig\u00e8ncia artificial (home staging virtual) amb car\u00e0cter il\u00b7lustratiu i no corresponen a l&#039;estat actual de la propietat.<\/p>","protected":false},"excerpt":{"rendered":"<p>Si busques espai, comoditat i la millor ubicaci\u00f3, aquest habitatge \u00e9s una oportunitat \u00fanica per dissenyar la llar dels seus somnis. Situat en una tercera planta amb ascensor, al centre neur\u00e0lgic de la ciutat ia un pas de la Rambla Principal i del Mercat Municipal, el pis destaca per la gran amplitud i distribuci\u00f3 funcional. Disposa d\u00b4un sal\u00f3-menjador molt llumin\u00f3s, cuina independent amb rebost, cinc dormitoris ideal per a fam\u00edlies o teletreball, un bany complet, un bany auxiliar i armaris encastats. Balc\u00f3 amb vistes al carrer. A m\u00e9s, inclou en el preu un pr\u00e0ctic traster privat situat al mateix edifici. Pis d\u00b4origen molt ben situat i amb moltes possibilitats.<br \/>\nViure a Vilanova i la Geltr\u00fa, capital del Garraf ubicada a 40 minuts de Barcelona (amb excel\u00b7lent connexi\u00f3 directa amb tren R2 Sud i autob\u00fas) ia 10 minuts de Sitges, \u00e9s apostar per una qualitat de vida immillorable. Aquest pis us permetr\u00e0 tenir tots els serveis, escoles i comer\u00e7 local a la porta de casa sense necessitat d&#039;agafar el cotxe, a m\u00e9s de gaudir de m\u00e9s de 6 km de platges de fina sorra, port esportiu i pesquer, i una gran vida cultural i gastron\u00f2mica durant tot l&#039;any. Una opci\u00f3 perfecta tant per a la primera resid\u00e8ncia familiar com per a una inversi\u00f3 segura a una de les millors zones de la costa. Contacta amb nosaltres i vine a descobrir tot el potencial!<\/p>\n<p>C\u00e9dula habitabilidad CHB05984125001<br \/>\nCertificat Energ\u00e8tic: Refer\u00e8ncia 96X4L5M1X Consum d&#039;energia F 214 Kwh-m\u00b2 any Emissions E 45 Kg CO2-m\u00b2 any<\/p>\n<p>El preu no inclou impostos (ITP, IVA i AJD), ni les despeses de notari ni les de registre.<\/p>\n<p>Algunes de les imatges mostrades sense mobiliari o decoraci\u00f3 han estat modificades mitjan\u00e7ant intel\u00b7lig\u00e8ncia artificial (home staging virtual) amb car\u00e0cter il\u00b7lustratiu i no corresponen a l&#039;estat actual de la propietat.<\/p>","protected":false},"author":4,"featured_media":1334921,"parent":0,"menu_order":0,"template":"","property_type":[835],"property_status":[371],"property_feature":[376,378],"property_label":[],"property_state":[],"property_city":[198],"property_area":[199],"class_list":["post-1334920","property","type-property","status-publish","has-post-thumbnail","hentry","property_type-viviendas","property_status-comprar","property_feature-ascensor","property_feature-trastero","property_city-vilanova-i-la-geltru","property_area-centre"],"property_meta":{"fave_currency":["EUR"],"fave_currency_info":[""],"fave_property_price":["327400"],"fave_property_size":["115.64"],"fave_property_size_prefix":["m2"],"fave_property_land":["0"],"fave_property_land_postfix":["m2"],"fave_property_bedrooms":["5"],"fave_property_bathrooms":["2"],"fave_virtual_tour":["0"],"fave_property_map":["1"],"fave_property_id":["03-5373\/1098"],"fave_property_year":["1960"],"fave_property_zip":["08800"],"fave_featured":["0"],"houzez_featured_listing_date":[""],"fave_agent_display_option":["agent_info"],"fave_prop_homeslider":["no"],"fave_energy_class":["F"],"fave_energy_global_index":["214"],"fave_energy_performance":["E"],"fave_renewable_energy_global_index":["45"],"floor_plans":[""],"fave_multi_units":[""],"additional_features":[""],"fave_agents":["1179704"],"fave_property_agency":["1214635"],"fave_property_map_address":[null],"fave_property_location":["41.224619289,1.723831098"],"houzez_geolocation_lat":["41.224619289"],"houzez_geolocation_long":["1.723831098"],"aicat":["1"],"_wp_page_template":["default"],"fave_property_images":["1334921","1334921","1334922","1334923","1334924","1334925","1334926","1334927","1334928","1334929","1334930","1334931","1334932","1334933","1334934","1334935","1334936","1334937","1334938","1334939","1334940","1334941","1334942","1334943","1334944","1334945"],"_thumbnail_id":["1334921"],"houzez_total_property_views":["9"],"houzez_views_by_date":["a:2:{s:10:\"09-04-2026\";i:2;s:10:\"09-05-2026\";i:7;}"],"houzez_recently_viewed":["2026-09-05 14:32:44"],"_elementor_page_assets":["a:0:{}"]},"_links":{"self":[{"href":"https:\/\/www.serra.immo\/ca\/wp-json\/wp\/v2\/properties\/1334920","targetHints":{"allow":["GET"]}}],"collection":[{"href":"https:\/\/www.serra.immo\/ca\/wp-json\/wp\/v2\/properties"}],"about":[{"href":"https:\/\/www.serra.immo\/ca\/wp-json\/wp\/v2\/types\/property"}],"author":[{"embeddable":true,"href":"https:\/\/www.serra.immo\/ca\/wp-json\/wp\/v2\/users\/4"}],"version-history":[{"count":0,"href":"https:\/\/www.serra.immo\/ca\/wp-json\/wp\/v2\/properties\/1334920\/revisions"}],"wp:featuredmedia":[{"embeddable":true,"href":"https:\/\/www.serra.immo\/ca\/wp-json\/wp\/v2\/media\/1334921"}],"wp:attachment":[{"href":"https:\/\/www.serra.immo\/ca\/wp-json\/wp\/v2\/media?parent=1334920"}],"wp:term":[{"taxonomy":"property_type","embeddable":true,"href":"https:\/\/www.serra.immo\/ca\/wp-json\/wp\/v2\/property_type?post=1334920"},{"taxonomy":"property_status","embeddable":true,"href":"https:\/\/www.serra.immo\/ca\/wp-json\/wp\/v2\/property_status?post=1334920"},{"taxonomy":"property_feature","embeddable":true,"href":"https:\/\/www.serra.immo\/ca\/wp-json\/wp\/v2\/property_feature?post=1334920"},{"taxonomy":"property_label","embeddable":true,"href":"https:\/\/www.serra.immo\/ca\/wp-json\/wp\/v2\/property_label?post=1334920"},{"taxonomy":"property_state","embeddable":true,"href":"https:\/\/www.serra.immo\/ca\/wp-json\/wp\/v2\/property_state?post=1334920"},{"taxonomy":"property_city","embeddable":true,"href":"https:\/\/www.serra.immo\/ca\/wp-json\/wp\/v2\/property_city?post=1334920"},{"taxonomy":"property_area","embeddable":true,"href":"https:\/\/www.serra.immo\/ca\/wp-json\/wp\/v2\/property_area?post=1334920"}],"curies":[{"name":"wp","href":"https:\/\/api.w.org\/{rel}","templated":true}]}}

Ref. 03-5373/1098 – Espectacular pis de 115 m² útils al costat de la Rambla Principal de Vilanova

<p>Si busques espai, comoditat i la millor ubicació, aquest habitatge és una oportunitat única per dissenyar la llar dels seus somnis. Situat en una tercera planta amb ascensor, al centre neuràlgic de la ciutat ia un pas de la Rambla Principal i del Mercat Municipal, el pis destaca per la gran amplitud i distribució funcional. Disposa d´un saló-menjador molt lluminós, cuina independent amb rebost, cinc dormitoris ideal per a famílies o teletreball, un bany complet, un bany auxiliar i armaris encastats. Balcó amb vistes al carrer. A més, inclou en el preu un pràctic traster privat situat al mateix edifici. Pis d´origen molt ben situat i amb moltes possibilitats.<br />
Viure a Vilanova i la Geltrú, capital del Garraf ubicada a 40 minuts de Barcelona (amb excel·lent connexió directa amb tren R2 Sud i autobús) ia 10 minuts de Sitges, és apostar per una qualitat de vida immillorable. Aquest pis us permetrà tenir tots els serveis, escoles i comerç local a la porta de casa sense necessitat d&#039;agafar el cotxe, a més de gaudir de més de 6 km de platges de fina sorra, port esportiu i pesquer, i una gran vida cultural i gastronòmica durant tot l&#039;any. Una opció perfecta tant per a la primera residència familiar com per a una inversió segura a una de les millors zones de la costa. Contacta amb nosaltres i vine a descobrir tot el potencial!</p>
<p>Cèdula habitabilitat CHB<a href="tel:05984125001">05984125001</a><br />
Certificat Energètic: Referència 96X4L5M1X Consum d&#039;energia F 214 Kwh-m² any Emissions E 45 Kg CO2-m² any</p>
<p>El preu no inclou impostos (ITP, IVA i AJD), ni les despeses de notari ni les de registre.</p>
<p>Algunes de les imatges mostrades sense mobiliari o decoració han estat modificades mitjançant intel·ligència artificial (home staging virtual) amb caràcter il·lustratiu i no corresponen a l&#039;estat actual de la propietat.</p>

<p>Si busques espai, comoditat i la millor ubicació, aquest habitatge és una oportunitat única per dissenyar la llar dels seus somnis. Situat en una tercera planta amb ascensor, al centre neuràlgic de la ciutat ia un pas de la Rambla Principal i del Mercat Municipal, el pis destaca per la gran amplitud i distribució funcional. Disposa d´un saló-menjador molt lluminós, cuina independent amb rebost, cinc dormitoris ideal per a famílies o teletreball, un bany complet, un bany auxiliar i armaris encastats. Balcó amb vistes al carrer. A més, inclou en el preu un pràctic traster privat situat al mateix edifici. Pis d´origen molt ben situat i amb moltes possibilitats.<br />
Viure a Vilanova i la Geltrú, capital del Garraf ubicada a 40 minuts de Barcelona (amb excel·lent connexió directa amb tren R2 Sud i autobús) ia 10 minuts de Sitges, és apostar per una qualitat de vida immillorable. Aquest pis us permetrà tenir tots els serveis, escoles i comerç local a la porta de casa sense necessitat d&#039;agafar el cotxe, a més de gaudir de més de 6 km de platges de fina sorra, port esportiu i pesquer, i una gran vida cultural i gastronòmica durant tot l&#039;any. Una opció perfecta tant per a la primera residència familiar com per a una inversió segura a una de les millors zones de la costa. Contacta amb nosaltres i vine a descobrir tot el potencial!</p>
<p>Cédula habitabilidad CHB05984125001<br />
Certificat Energètic: Referència 96X4L5M1X Consum d&#039;energia F 214 Kwh-m² any Emissions E 45 Kg CO2-m² any</p>
<p>El preu no inclou impostos (ITP, IVA i AJD), ni les despeses de notari ni les de registre.</p>
<p>Algunes de les imatges mostrades sense mobiliari o decoració han estat modificades mitjançant intel·ligència artificial (home staging virtual) amb caràcter il·lustratiu i no corresponen a l&#039;estat actual de la propietat.</p>
