{"id":1323187,"date":"2026-05-01T03:03:44","date_gmt":"2026-05-01T01:03:44","guid":{"rendered":"https:\/\/www.serra.immo\/propiedad\/ref-6488-vilafranca-del-penedes-piso-de-tres-habitaciones-piscina-parquin-y-trastero\/"},"modified":"2026-05-01T03:03:44","modified_gmt":"2026-05-01T01:03:44","slug":"ref-6488-vilafranca-del-penedes-piso-de-tres-habitaciones-piscina-parquin-y-trastero","status":"publish","type":"property","link":"https:\/\/www.serra.immo\/ca\/propiedad\/ref-6488-vilafranca-del-penedes-piso-de-tres-habitaciones-piscina-parquin-y-trastero\/","title":{"rendered":"Ref. 6488 \u2013 Vilafranca del Pened\u00e8s \u2013 Pis de tres habitacions, piscina, p\u00e0rquing i traster"},"content":{"rendered":"<p>Este acogedor piso de tres habitaciones se encuentra en una zona residencial muy tranquila, ideal para quienes buscan paz y comodidad sin renunciar a la conexi\u00f3n con las principales v\u00edas de transporte. Con una excelente ubicaci\u00f3n, tiene acceso r\u00e1pido a la AP7 y C15, lo que facilita la movilidad tanto dentro como fuera de la ciudad.<\/p>\n<p>Destaca por su luminosidad y su agradable ambiente, ideal para disfrutar del d\u00eda a d\u00eda. Adem\u00e1s, cuenta con plaza de parking y trastero, proporcionando una gran comodidad. Uno de los grandes atractivos del piso es la piscina comunitaria, perfecta para relajarse o disfrutar de los d\u00edas soleados sin tener que salir de casa.<\/p>\n<p>La zona es muy tranquila, pero a la vez cuenta con todos los servicios necesarios, como comercios, transporte p\u00fablico y zonas verdes. Todo esto lo convierte en una opci\u00f3n perfecta para quienes buscan un lugar c\u00f3modo, accesible y con calidad de vida. \u00a1No pierdas la oportunidad de verlo!<\/p>\n<p>\u2013 Termini: 1 any prorrogable obligat\u00f2riament per terminis anuals fins que l&#039;arrendament arribi a una durada m\u00ednima de 5 anys, de conformitat amb l&#039;art.9 LAU <br \/>&#8211; Vivienda situada en zona de mercado residencial tensionado: SI<br \/>\u2013 Forma d&#039;actualitzaci\u00f3 de la renda: IRAV<br \/>&#8211; Gan tenedor: NO<br \/>&#8211; \u00cdndice de precios de referencia: 714,68 \u20ac&#8211; 918,93 \u20ac<br \/>\u2013 Situaci\u00f3 dins dels darrers 5 anys: LLOGAT<br \/>-FECHA 23\/01\/25<br \/>-RENTA 929,73\u20ac<br \/>49,90\u20ac IBI (Incluido en el precio del alquiler)<br \/>13,42\u20ac BASURAS (Incluido en el precio del alquiler)<br \/>&#8211; CHB0147082****<\/p>\n<p>MONTSERRAT CORNELL\u00c0:<br \/><a href=\"tel:633 357 204\">633 357 204<\/a><\/p>","protected":false},"excerpt":{"rendered":"<p>Este acogedor piso de tres habitaciones se encuentra en una zona residencial muy tranquila, ideal para quienes buscan paz y comodidad sin renunciar a la conexi\u00f3n con las principales v\u00edas de transporte. Con una excelente ubicaci\u00f3n, tiene acceso r\u00e1pido a la AP7 y C15, lo que facilita la movilidad tanto dentro como fuera de la [&hellip;]<\/p>\n","protected":false},"author":5,"featured_media":1323188,"parent":0,"menu_order":0,"template":"","property_type":[835],"property_status":[204],"property_feature":[374,376,375,378],"property_label":[350],"property_state":[],"property_city":[192],"property_area":[527],"class_list":["post-1323187","property","type-property","status-publish","has-post-thumbnail","hentry","property_type-viviendas","property_status-alquilar","property_feature-aire-acondicionado","property_feature-ascensor","property_feature-calefaccion","property_feature-trastero","property_label-buen-estado","property_city-vilafranca-del-penedes","property_area-la-girada"],"property_meta":{"_wp_page_template":["default"],"rank_math_internal_links_processed":["1"],"fave_currency":["EUR"],"fave_currency_info":[""],"fave_property_price":["949"],"fave_property_size":["89.00"],"fave_property_size_prefix":["m2"],"fave_property_land":["0"],"fave_property_land_postfix":["m2"],"fave_property_bedrooms":["3"],"fave_property_bathrooms":["2"],"fave_property_garage":["Incluido"],"fave_property_map":["1"],"fave_property_id":["6488"],"fave_property_year":["0"],"fave_property_zip":["08720"],"fave_featured":["1"],"houzez_featured_listing_date":["2026-05-01 03:03:44"],"fave_agent_display_option":["agent_info"],"fave_prop_homeslider":["no"],"fave_energy_class":["D"],"fave_energy_global_index":["89"],"fave_energy_performance":["D"],"fave_renewable_energy_global_index":["18"],"floor_plans":[""],"fave_multi_units":[""],"additional_features":[""],"fave_agents":["1176231"],"fave_property_agency":["1214647"],"fave_property_map_address":[null],"fave_property_location":["41.339697195143,1.7059466724608"],"houzez_geolocation_lat":["41.339697195143"],"houzez_geolocation_long":["1.7059466724608"],"propietat_serra":["1"],"fave_property_images":["1323188","1323189","1323190","1323191","1323192","1323193","1323194","1323195","1323196","1323197","1323198","1323199","1323200","1323201","1323202","1323203","1323204","1323205","1323206","1323207","1323208","1323209","1323210","1323211","1323212","1323213","1323214","1323215"],"_thumbnail_id":["1323188"],"houzez_total_property_views":["5"],"houzez_views_by_date":["a:1:{s:10:\"05-01-2026\";i:5;}"],"houzez_recently_viewed":["2026-05-01 05:28:09"],"_elementor_page_assets":["a:0:{}"]},"_links":{"self":[{"href":"https:\/\/www.serra.immo\/ca\/wp-json\/wp\/v2\/properties\/1323187","targetHints":{"allow":["GET"]}}],"collection":[{"href":"https:\/\/www.serra.immo\/ca\/wp-json\/wp\/v2\/properties"}],"about":[{"href":"https:\/\/www.serra.immo\/ca\/wp-json\/wp\/v2\/types\/property"}],"author":[{"embeddable":true,"href":"https:\/\/www.serra.immo\/ca\/wp-json\/wp\/v2\/users\/5"}],"version-history":[{"count":0,"href":"https:\/\/www.serra.immo\/ca\/wp-json\/wp\/v2\/properties\/1323187\/revisions"}],"wp:featuredmedia":[{"embeddable":true,"href":"https:\/\/www.serra.immo\/ca\/wp-json\/wp\/v2\/media\/1323188"}],"wp:attachment":[{"href":"https:\/\/www.serra.immo\/ca\/wp-json\/wp\/v2\/media?parent=1323187"}],"wp:term":[{"taxonomy":"property_type","embeddable":true,"href":"https:\/\/www.serra.immo\/ca\/wp-json\/wp\/v2\/property_type?post=1323187"},{"taxonomy":"property_status","embeddable":true,"href":"https:\/\/www.serra.immo\/ca\/wp-json\/wp\/v2\/property_status?post=1323187"},{"taxonomy":"property_feature","embeddable":true,"href":"https:\/\/www.serra.immo\/ca\/wp-json\/wp\/v2\/property_feature?post=1323187"},{"taxonomy":"property_label","embeddable":true,"href":"https:\/\/www.serra.immo\/ca\/wp-json\/wp\/v2\/property_label?post=1323187"},{"taxonomy":"property_state","embeddable":true,"href":"https:\/\/www.serra.immo\/ca\/wp-json\/wp\/v2\/property_state?post=1323187"},{"taxonomy":"property_city","embeddable":true,"href":"https:\/\/www.serra.immo\/ca\/wp-json\/wp\/v2\/property_city?post=1323187"},{"taxonomy":"property_area","embeddable":true,"href":"https:\/\/www.serra.immo\/ca\/wp-json\/wp\/v2\/property_area?post=1323187"}],"curies":[{"name":"wp","href":"https:\/\/api.w.org\/{rel}","templated":true}]}}

Ref. 6488 – Vilafranca del Penedès – Pis de tres habitacions, piscina, pàrquing i traster

<p>Este acogedor piso de tres habitaciones se encuentra en una zona residencial muy tranquila, ideal para quienes buscan paz y comodidad sin renunciar a la conexión con las principales vías de transporte. Con una excelente ubicación, tiene acceso rápido a la AP7 y C15, lo que facilita la movilidad tanto dentro como fuera de la ciudad.</p>
<p>Destaca por su luminosidad y su agradable ambiente, ideal para disfrutar del día a día. Además, cuenta con plaza de parking y trastero, proporcionando una gran comodidad. Uno de los grandes atractivos del piso es la piscina comunitaria, perfecta para relajarse o disfrutar de los días soleados sin tener que salir de casa.</p>
<p>La zona es muy tranquila, pero a la vez cuenta con todos los servicios necesarios, como comercios, transporte público y zonas verdes. Todo esto lo convierte en una opción perfecta para quienes buscan un lugar cómodo, accesible y con calidad de vida. ¡No pierdas la oportunidad de verlo!</p>
<p>– Termini: 1 any prorrogable obligatòriament per terminis anuals fins que l&#039;arrendament arribi a una durada mínima de 5 anys, de conformitat amb l&#039;art.9 LAU <br />&#8211; Vivienda situada en zona de mercado residencial tensionado: SI<br />– Forma d&#039;actualització de la renda: IRAV<br />&#8211; Gan tenedor: NO<br />&#8211; Índice de precios de referencia: 714,68 €&#8211; 918,93 €<br />– Situació dins dels darrers 5 anys: LLOGAT<br />-FECHA 23/01/25<br />-RENTA 929,73€<br />49,90€ IBI (Incluido en el precio del alquiler)<br />13,42€ BASURAS (Incluido en el precio del alquiler)<br />&#8211; CHB0147082****</p>
<p>MONTSERRAT CORNELLÀ:<br /><a href="tel:633 357 204">633 357 204</a></p>

<p>Este acogedor piso de tres habitaciones se encuentra en una zona residencial muy tranquila, ideal para quienes buscan paz y comodidad sin renunciar a la conexión con las principales vías de transporte. Con una excelente ubicación, tiene acceso rápido a la AP7 y C15, lo que facilita la movilidad tanto dentro como fuera de la [&hellip;]</p>
