{"id":1323108,"date":"2026-04-30T13:38:37","date_gmt":"2026-04-30T11:38:37","guid":{"rendered":"https:\/\/www.serra.immo\/propiedad\/ref-30-111p413-1649-atico-con-terraza-privada-en-el-centro-de-vilanova\/"},"modified":"2026-04-30T13:38:37","modified_gmt":"2026-04-30T11:38:37","slug":"ref-30-111p413-1649-atic-amb-terrassa-privada-al-centre-de-vilanova","status":"publish","type":"property","link":"https:\/\/www.serra.immo\/ca\/propiedad\/ref-30-111p413-1649-atico-con-terraza-privada-en-el-centro-de-vilanova\/","title":{"rendered":"Ref. 30-111P413\/1649 \u2013 \u00c0tic amb terrassa privada al centre de Vilanova"},"content":{"rendered":"<p>\u00c0tic al centre de Vilanova amb \u00e0mplia terrassa i excel\u00b7lent orientaci\u00f3. Disposa d&#039;una superf\u00edcie constru\u00efda, segons Cadastre, de 120 m2 i una superf\u00edcie \u00fatil interior, segons c\u00e8dula d&#039;habitabilitat vigent, de 82,2 m2.<\/p>\n<p>Ubicat al carrer Tetuan, al costat de la Rambla Principal, en una de les zones m\u00e9s c\u00e8ntriques i c\u00f2modes de la ciutat, amb tots els serveis a poca dist\u00e0ncia a peu.<\/p>\n<p>L\u00b4habitatge es distribueix en un llumin\u00f3s sal\u00f3-menjador amb acc\u00e9s directe a la terrassa, orientada al mar, ideal per gaudir de l\u00b4exterior durant tot l\u00b4any. Aquest espai compta a m\u00e9s amb aire condicionat. La cuina \u00e9s independent i funcional, amb acc\u00e9s tant des del passad\u00eds com des del menjador.<\/p>\n<p>Compta amb una habitaci\u00f3 tipus suite, amb armari encastat i bany complet equipat amb banyera i plat de dutxa, a m\u00e9s d\u00b4acc\u00e9s directe a la terrassa.<\/p>\n<p>L&#039;habitatge disposa tamb\u00e9 de dues habitacions individuals amb armaris de paret, un altre bany complet amb plat de dutxa, una \u00e0mplia galeria on s&#039;ubiquen la rentadora i la caldera de gas, i una estada addicional perfecta com a despatx, vestidor o zona polivalent. Disposa de calefacci\u00f3 per radiadors.<\/p>\n<p>Com a valor afegit, al vest\u00edbul de l&#039;edifici hi ha un espai comunitari habilitat com a traster, ideal per a bicicletes o cotxets de nad\u00f3.<\/p>\n<p>L\u00b4edifici \u00e9s de l\u00b4any 1978 i no disposa d\u00b4ascensor.<\/p>\n<p>El preu no inclou les despeses de notari, registre i impost de transmissions patrimonials.<br \/>\nDespeses d\u201fag\u00e8ncia immobili\u00e0ria a c\u00e0rrec del venedor.<br \/>\nAgent de la Propietat Immobili\u00e0ria (API) inscrit al Registre AICAT n\u00fam. 2082.<br \/>\nC\u00e8dula d&#039;Habitabilitat: CHB<a href=\"tel:07493724001\">07493724001<\/a>.<br \/>\nCertificat energ\u00e8tic amb n\u00famero de registre 3WH2R424L<br \/>\nVenedor: Petita forquilla.<\/p>","protected":false},"excerpt":{"rendered":"<p>\u00c0tic al centre de Vilanova amb \u00e0mplia terrassa i excel\u00b7lent orientaci\u00f3. Disposa d&#039;una superf\u00edcie constru\u00efda, segons Cadastre, de 120 m2 i una superf\u00edcie \u00fatil interior, segons c\u00e8dula d&#039;habitabilitat vigent, de 82,2 m2.<\/p>\n<p>Ubicat al carrer Tetuan, al costat de la Rambla Principal, en una de les zones m\u00e9s c\u00e8ntriques i c\u00f2modes de la ciutat, amb tots els serveis a poca dist\u00e0ncia a peu.<\/p>\n<p>L\u00b4habitatge es distribueix en un llumin\u00f3s sal\u00f3-menjador amb acc\u00e9s directe a la terrassa, orientada al mar, ideal per gaudir de l\u00b4exterior durant tot l\u00b4any. Aquest espai compta a m\u00e9s amb aire condicionat. La cuina \u00e9s independent i funcional, amb acc\u00e9s tant des del passad\u00eds com des del menjador.<\/p>\n<p>Compta amb una habitaci\u00f3 tipus suite, amb armari encastat i bany complet equipat amb banyera i plat de dutxa, a m\u00e9s d\u00b4acc\u00e9s directe a la terrassa.<\/p>\n<p>L&#039;habitatge disposa tamb\u00e9 de dues habitacions individuals amb armaris de paret, un altre bany complet amb plat de dutxa, una \u00e0mplia galeria on s&#039;ubiquen la rentadora i la caldera de gas, i una estada addicional perfecta com a despatx, vestidor o zona polivalent. Disposa de calefacci\u00f3 per radiadors.<\/p>\n<p>Com a valor afegit, al vest\u00edbul de l&#039;edifici hi ha un espai comunitari habilitat com a traster, ideal per a bicicletes o cotxets de nad\u00f3.<\/p>\n<p>L\u00b4edifici \u00e9s de l\u00b4any 1978 i no disposa d\u00b4ascensor.<\/p>\n<p>El preu no inclou les despeses de notari, registre i impost de transmissions patrimonials.<br \/>\nDespeses d\u201fag\u00e8ncia immobili\u00e0ria a c\u00e0rrec del venedor.<br \/>\nAgent de la Propietat Immobili\u00e0ria (API) inscrit al Registre AICAT n\u00fam. 2082.<br \/>\nC\u00e9dula de Habitabilidad: CHB07493724001.<br \/>\nCertificat energ\u00e8tic amb n\u00famero de registre 3WH2R424L<br \/>\nVenedor: Petita forquilla.<\/p>","protected":false},"author":4,"featured_media":1323109,"parent":0,"menu_order":0,"template":"","property_type":[835],"property_status":[371],"property_feature":[375,383,377,378],"property_label":[],"property_state":[],"property_city":[198],"property_area":[199],"class_list":["post-1323108","property","type-property","status-publish","has-post-thumbnail","hentry","property_type-viviendas","property_status-comprar","property_feature-calefaccion","property_feature-sur","property_feature-terraza","property_feature-trastero","property_city-vilanova-i-la-geltru","property_area-centre"],"property_meta":{"_wp_page_template":["default"],"fave_currency":["EUR"],"fave_currency_info":[""],"fave_property_price":["305000"],"fave_property_size":["82.20"],"fave_property_size_prefix":["m2"],"fave_property_land":["0"],"fave_property_land_postfix":["m2"],"fave_property_bedrooms":["4"],"fave_property_bathrooms":["2"],"fave_virtual_tour":["0"],"fave_property_map":["1"],"fave_property_id":["30-111P413\/1649"],"fave_property_year":["1978"],"fave_property_zip":["08800"],"fave_featured":["0"],"houzez_featured_listing_date":[""],"fave_agent_display_option":["agent_info"],"fave_prop_homeslider":["no"],"fave_energy_class":["F"],"fave_energy_global_index":["215"],"fave_energy_performance":["E"],"fave_renewable_energy_global_index":["45"],"floor_plans":[""],"fave_multi_units":[""],"additional_features":[""],"fave_agents":["1179704"],"fave_property_agency":["1214635"],"fave_property_map_address":[null],"fave_property_location":["41.222172108073,1.7265487334035"],"houzez_geolocation_lat":["41.222172108073"],"houzez_geolocation_long":["1.7265487334035"],"aicat":["1"],"fave_property_images":["1323109","1323109","1323110","1323111","1323112","1323113","1323114","1323115","1323116","1323117","1323118","1323119","1323120","1323121","1323122","1323123","1323124","1323125","1323126","1323127","1323128","1323129","1323130","1323131","1323132","1323133","1323134","1323135","1323136","1323137","1323138","1323139"],"_thumbnail_id":["1323109"],"houzez_total_property_views":["5"],"houzez_views_by_date":["a:1:{s:10:\"05-01-2026\";i:5;}"],"houzez_recently_viewed":["2026-05-01 14:47:50"],"_elementor_page_assets":["a:0:{}"]},"_links":{"self":[{"href":"https:\/\/www.serra.immo\/ca\/wp-json\/wp\/v2\/properties\/1323108","targetHints":{"allow":["GET"]}}],"collection":[{"href":"https:\/\/www.serra.immo\/ca\/wp-json\/wp\/v2\/properties"}],"about":[{"href":"https:\/\/www.serra.immo\/ca\/wp-json\/wp\/v2\/types\/property"}],"author":[{"embeddable":true,"href":"https:\/\/www.serra.immo\/ca\/wp-json\/wp\/v2\/users\/4"}],"version-history":[{"count":0,"href":"https:\/\/www.serra.immo\/ca\/wp-json\/wp\/v2\/properties\/1323108\/revisions"}],"wp:featuredmedia":[{"embeddable":true,"href":"https:\/\/www.serra.immo\/ca\/wp-json\/wp\/v2\/media\/1323109"}],"wp:attachment":[{"href":"https:\/\/www.serra.immo\/ca\/wp-json\/wp\/v2\/media?parent=1323108"}],"wp:term":[{"taxonomy":"property_type","embeddable":true,"href":"https:\/\/www.serra.immo\/ca\/wp-json\/wp\/v2\/property_type?post=1323108"},{"taxonomy":"property_status","embeddable":true,"href":"https:\/\/www.serra.immo\/ca\/wp-json\/wp\/v2\/property_status?post=1323108"},{"taxonomy":"property_feature","embeddable":true,"href":"https:\/\/www.serra.immo\/ca\/wp-json\/wp\/v2\/property_feature?post=1323108"},{"taxonomy":"property_label","embeddable":true,"href":"https:\/\/www.serra.immo\/ca\/wp-json\/wp\/v2\/property_label?post=1323108"},{"taxonomy":"property_state","embeddable":true,"href":"https:\/\/www.serra.immo\/ca\/wp-json\/wp\/v2\/property_state?post=1323108"},{"taxonomy":"property_city","embeddable":true,"href":"https:\/\/www.serra.immo\/ca\/wp-json\/wp\/v2\/property_city?post=1323108"},{"taxonomy":"property_area","embeddable":true,"href":"https:\/\/www.serra.immo\/ca\/wp-json\/wp\/v2\/property_area?post=1323108"}],"curies":[{"name":"wp","href":"https:\/\/api.w.org\/{rel}","templated":true}]}}

Ref. 30-111P413/1649 – Àtic amb terrassa privada al centre de Vilanova

<p>Àtic al centre de Vilanova amb àmplia terrassa i excel·lent orientació. Disposa d&#039;una superfície construïda, segons Cadastre, de 120 m2 i una superfície útil interior, segons cèdula d&#039;habitabilitat vigent, de 82,2 m2.</p>
<p>Ubicat al carrer Tetuan, al costat de la Rambla Principal, en una de les zones més cèntriques i còmodes de la ciutat, amb tots els serveis a poca distància a peu.</p>
<p>L´habitatge es distribueix en un lluminós saló-menjador amb accés directe a la terrassa, orientada al mar, ideal per gaudir de l´exterior durant tot l´any. Aquest espai compta a més amb aire condicionat. La cuina és independent i funcional, amb accés tant des del passadís com des del menjador.</p>
<p>Compta amb una habitació tipus suite, amb armari encastat i bany complet equipat amb banyera i plat de dutxa, a més d´accés directe a la terrassa.</p>
<p>L&#039;habitatge disposa també de dues habitacions individuals amb armaris de paret, un altre bany complet amb plat de dutxa, una àmplia galeria on s&#039;ubiquen la rentadora i la caldera de gas, i una estada addicional perfecta com a despatx, vestidor o zona polivalent. Disposa de calefacció per radiadors.</p>
<p>Com a valor afegit, al vestíbul de l&#039;edifici hi ha un espai comunitari habilitat com a traster, ideal per a bicicletes o cotxets de nadó.</p>
<p>L´edifici és de l´any 1978 i no disposa d´ascensor.</p>
<p>El preu no inclou les despeses de notari, registre i impost de transmissions patrimonials.<br />
Despeses d‟agència immobiliària a càrrec del venedor.<br />
Agent de la Propietat Immobiliària (API) inscrit al Registre AICAT núm. 2082.<br />
Cèdula d&#039;Habitabilitat: CHB<a href="tel:07493724001">07493724001</a>.<br />
Certificat energètic amb número de registre 3WH2R424L<br />
Venedor: Petita forquilla.</p>

<p>Àtic al centre de Vilanova amb àmplia terrassa i excel·lent orientació. Disposa d&#039;una superfície construïda, segons Cadastre, de 120 m2 i una superfície útil interior, segons cèdula d&#039;habitabilitat vigent, de 82,2 m2.</p>
<p>Ubicat al carrer Tetuan, al costat de la Rambla Principal, en una de les zones més cèntriques i còmodes de la ciutat, amb tots els serveis a poca distància a peu.</p>
<p>L´habitatge es distribueix en un lluminós saló-menjador amb accés directe a la terrassa, orientada al mar, ideal per gaudir de l´exterior durant tot l´any. Aquest espai compta a més amb aire condicionat. La cuina és independent i funcional, amb accés tant des del passadís com des del menjador.</p>
<p>Compta amb una habitació tipus suite, amb armari encastat i bany complet equipat amb banyera i plat de dutxa, a més d´accés directe a la terrassa.</p>
<p>L&#039;habitatge disposa també de dues habitacions individuals amb armaris de paret, un altre bany complet amb plat de dutxa, una àmplia galeria on s&#039;ubiquen la rentadora i la caldera de gas, i una estada addicional perfecta com a despatx, vestidor o zona polivalent. Disposa de calefacció per radiadors.</p>
<p>Com a valor afegit, al vestíbul de l&#039;edifici hi ha un espai comunitari habilitat com a traster, ideal per a bicicletes o cotxets de nadó.</p>
<p>L´edifici és de l´any 1978 i no disposa d´ascensor.</p>
<p>El preu no inclou les despeses de notari, registre i impost de transmissions patrimonials.<br />
Despeses d‟agència immobiliària a càrrec del venedor.<br />
Agent de la Propietat Immobiliària (API) inscrit al Registre AICAT núm. 2082.<br />
Cédula de Habitabilidad: CHB07493724001.<br />
Certificat energètic amb número de registre 3WH2R424L<br />
Venedor: Petita forquilla.</p>
