{"id":1322786,"date":"2026-04-29T13:36:13","date_gmt":"2026-04-29T11:36:13","guid":{"rendered":"https:\/\/www.serra.immo\/propiedad\/ref-24-779-1296-luz-privacidad-y-vistas-tu-atico-en-vilanova-i-la-geltru\/"},"modified":"2026-04-29T13:36:13","modified_gmt":"2026-04-29T11:36:13","slug":"ref-24-779-1296-llum-privadesa-i-vistes-el-teu-atic-a-vilanova-i-la-geltru","status":"publish","type":"property","link":"https:\/\/www.serra.immo\/ca\/propiedad\/ref-24-779-1296-luz-privacidad-y-vistas-tu-atico-en-vilanova-i-la-geltru\/","title":{"rendered":"Ref. 24-779\/1296 \u2013 LLUM, PRIVACITAT I VISTES: EL TEU \u00c0TIC A Vilanova i la Geltr\u00fa"},"content":{"rendered":"<p>LLUM, PRIVACITAT I VISTES: EL TEU \u00c0TIC A Vilanova i la Geltr\u00fa<\/p>\n<p>Hi ha vivendes\u2026 i despr\u00e9s hi ha les que et fan sentir a casa des del primer moment. Aquest \u00e0tic destaca per alguna cosa que cada cop \u00e9s m\u00e9s dif\u00edcil de trobar: llum natural, privadesa, habitacions exteriors i vistes obertes. Ubicat en una zona estrat\u00e8gica de Vilanova, ho tindr\u00e0s tot a pocs minuts caminant, sense renunciar a la tranquil\u00b7litat.<\/p>\n<p>  ESPAI, LLUM I CONFORT A CADA RAC\u00d3<br \/>\n\u202298,50 m\u00b2 constru\u00efts \/ 86,71 m\u00b2 \u00fatils<br \/>\n\u2022\u00c0tic amb ascensor<br \/>\n\u2022Orientaci\u00f3 sud \u2600\ufe0f: llum tot el dia<br \/>\n\u2022Habitacions exteriors<br \/>\n\u2022Vistes clares<br \/>\nDisposa de c\u00e8dula d&#039;habitabilitat vigent n\u00fam. CHB<a href=\"tel:00975426001\">00975426001<\/a><\/p>\n<p> \ufe0f DISTRIBUCI\u00d3 FUNCIONAL I BEN APROFITADA<br \/>\n\u2022Ampli sal\u00f3-menjador amb sortida directa a terrassa<br \/>\n\u2022Cuina independent amb acc\u00e9s a la mateixa terrassa<br \/>\n\u20221 suite amb bany privat<br \/>\n\u20223 habitacions individuals exteriors<br \/>\n\u20221 bany complet amb plat de dutxa<br \/>\n\u2022Rebedor + distribu\u00efdor <\/p>\n<p>  UBICACI\u00d3 QUE MARCA LA DIFER\u00c8NCIA<br \/>\n\u2022A 2 min caminant del gimn\u00e0s Aqua<br \/>\n\u2022A 3\u20134 min caminant de supermercats com Mercadona i Alcampo<br \/>\n\u2022A pocs minuts de la platja i del centre<br \/>\n\u2022Excel\u00b7lent connexi\u00f3 amb C-15 i C-32<br \/>\n\u2022A nom\u00e9s 10 min de Sitges<br \/>\n\u2022A 40 min de Barcelona <\/p>\n<p>\u2728 PER QU\u00c8 AQUEST \u00c0TIC \u00c9S DIFERENT<br \/>\n\u2714 Terrassa ben orientada<br \/>\n\u2714 Llum natural<br \/>\n\u2714 Sense edificis que tapin: sensaci\u00f3 d&#039;amplitud<br \/>\n\u2714 Habitatge exterior<br \/>\n\u2714 Ubicaci\u00f3 pr\u00e0ctica<\/p>\n<p>\u00bf Vols descobrir la teva nova llar?<br \/>\n  Contacta ara per m\u00e9s informaci\u00f3 i reserva la teva visita.<\/p>\n<p>INFORMACI\u00d3 ADDICIONAL: En compliment de les obligacions d&#039;informaci\u00f3 previstes a la Llei 10\/2025, de 28 de desembre, de serveis d&#039;atenci\u00f3 a la clientela i transpar\u00e8ncia, aix\u00ed com a la normativa sectorial vigent, es fa constar que el preu indicat NO INCLOU les despeses i impostos inherents a l&#039;adquisici\u00f3, els quals es desglossen a continuaci\u00f3:<br \/>\n\u2022 Impost sobre Transmissions Patrimonials (ITP): S&#039;aplicar\u00e0 el tipus impositiu vigent a la Comunitat Aut\u00f2noma de Catalunya (Valor de l&#039;Immoble fins a 600.000\u20ac = 10% (45.000\u20ac)), sense perjudici dels tipus redu\u00efts del 5%, i el 7%, aplicables segons les circumst\u00e0ncia. L&#039;impost es merita sobre el valor de refer\u00e8ncia de cadastre o el preu de venda, aquell que resulti superior.<br \/>\nPer a una informaci\u00f3 exhaustiva sobre el funcionament, tipus impositius i bonificacions de l&#039;ITP a Catalunya, podeu consultar el portal oficial de l&#039;Ag\u00e8ncia Tribut\u00e0ria de l&#039;Ag\u00e8ncia Tribut\u00e0ria Catalana, al seg\u00fcent enlla\u00e7:<br \/>\nhttps:\/\/atc.gencat.cat\/es\/tributs\/itpajd\/tpo\/tarifes-tipus\/<br \/>\n\u2022 Les despeses derivades de la compravenda (Notaria, Registre de la Propietat i Gestoria) s&#039;estimen orientativament entre el 1% i el 3% del preu de venda, en funci\u00f3 dels aranzels oficials i el professional elegit.<br \/>\n\u2022 Honoraris Ag\u00e8ncia: inclosos al PVP.<\/p>\n<p>  NOTA INFORMATIVA: L&#039;immoble es transmetr\u00e0 lliure de mobiliari, no estant inclosos els elements mobles que poguessin apar\u00e8ixer a les imatges. Aix\u00f2 no obstant, per raons d&#039;operativa log\u00edstica o inter\u00e8s de les parts, es podria donar el cas que determinats elements romanguin a l&#039;habitatge en el moment del lliurament (p. ex. mobles fets a mida, etc.), la qual cosa les determinar\u00e0 les parts amb car\u00e0cter previ a la signatura de l&#039;escriptura p\u00fablica de compravenda.<\/p>\n<p>Algunes de les imatges publicades han estat generades mitjan\u00e7ant t\u00e8cniques d&#039;home staging virtual (recreaci\u00f3 digital) per tal de facilitar la visualitzaci\u00f3 del potencial de l&#039;estada (se n&#039;informa expressament en cadascuna d&#039;aquestes imatges). Aquestes representacions tenen car\u00e0cter merament orientatiu i no vinculant; per tant, l&#039;immoble es lliura sense el mobiliari o elements d&#039;home staging virtual (recreaci\u00f3 digital) mostrats a les imatges esmentades.<\/p>","protected":false},"excerpt":{"rendered":"<p>LLUM, PRIVACITAT I VISTES: EL TEU \u00c0TIC A Vilanova i la Geltr\u00fa<\/p>\n<p>Hi ha vivendes\u2026 i despr\u00e9s hi ha les que et fan sentir a casa des del primer moment. Aquest \u00e0tic destaca per alguna cosa que cada cop \u00e9s m\u00e9s dif\u00edcil de trobar: llum natural, privadesa, habitacions exteriors i vistes obertes. Ubicat en una zona estrat\u00e8gica de Vilanova, ho tindr\u00e0s tot a pocs minuts caminant, sense renunciar a la tranquil\u00b7litat.<\/p>\n<p>  ESPAI, LLUM I CONFORT A CADA RAC\u00d3<br \/>\n\u202298,50 m\u00b2 constru\u00efts \/ 86,71 m\u00b2 \u00fatils<br \/>\n\u2022\u00c0tic amb ascensor<br \/>\n\u2022Orientaci\u00f3 sud \u2600\ufe0f: llum tot el dia<br \/>\n\u2022Habitacions exteriors<br \/>\n\u2022Vistes clares<br \/>\nDispone de c\u00e9dula de habitabilidad vigente n\u00ba CHB00975426001<\/p>\n<p> \ufe0f DISTRIBUCI\u00d3 FUNCIONAL I BEN APROFITADA<br \/>\n\u2022Ampli sal\u00f3-menjador amb sortida directa a terrassa<br \/>\n\u2022Cuina independent amb acc\u00e9s a la mateixa terrassa<br \/>\n\u20221 suite amb bany privat<br \/>\n\u20223 habitacions individuals exteriors<br \/>\n\u20221 bany complet amb plat de dutxa<br \/>\n\u2022Rebedor + distribu\u00efdor <\/p>\n<p>  UBICACI\u00d3 QUE MARCA LA DIFER\u00c8NCIA<br \/>\n\u2022A 2 min caminant del gimn\u00e0s Aqua<br \/>\n\u2022A 3\u20134 min caminant de supermercats com Mercadona i Alcampo<br \/>\n\u2022A pocs minuts de la platja i del centre<br \/>\n\u2022Excel\u00b7lent connexi\u00f3 amb C-15 i C-32<br \/>\n\u2022A nom\u00e9s 10 min de Sitges<br \/>\n\u2022A 40 min de Barcelona <\/p>\n<p>\u2728 PER QU\u00c8 AQUEST \u00c0TIC \u00c9S DIFERENT<br \/>\n\u2714 Terrassa ben orientada<br \/>\n\u2714 Llum natural<br \/>\n\u2714 Sense edificis que tapin: sensaci\u00f3 d&#039;amplitud<br \/>\n\u2714 Habitatge exterior<br \/>\n\u2714 Ubicaci\u00f3 pr\u00e0ctica<\/p>\n<p>\u00bf Vols descobrir la teva nova llar?<br \/>\n  Contacta ara per m\u00e9s informaci\u00f3 i reserva la teva visita.<\/p>\n<p>INFORMACI\u00d3 ADDICIONAL: En compliment de les obligacions d&#039;informaci\u00f3 previstes a la Llei 10\/2025, de 28 de desembre, de serveis d&#039;atenci\u00f3 a la clientela i transpar\u00e8ncia, aix\u00ed com a la normativa sectorial vigent, es fa constar que el preu indicat NO INCLOU les despeses i impostos inherents a l&#039;adquisici\u00f3, els quals es desglossen a continuaci\u00f3:<br \/>\n\u2022 Impost sobre Transmissions Patrimonials (ITP): S&#039;aplicar\u00e0 el tipus impositiu vigent a la Comunitat Aut\u00f2noma de Catalunya (Valor de l&#039;Immoble fins a 600.000\u20ac = 10% (45.000\u20ac)), sense perjudici dels tipus redu\u00efts del 5%, i el 7%, aplicables segons les circumst\u00e0ncia. L&#039;impost es merita sobre el valor de refer\u00e8ncia de cadastre o el preu de venda, aquell que resulti superior.<br \/>\nPer a una informaci\u00f3 exhaustiva sobre el funcionament, tipus impositius i bonificacions de l&#039;ITP a Catalunya, podeu consultar el portal oficial de l&#039;Ag\u00e8ncia Tribut\u00e0ria de l&#039;Ag\u00e8ncia Tribut\u00e0ria Catalana, al seg\u00fcent enlla\u00e7:<br \/>\nhttps:\/\/atc.gencat.cat\/es\/tributs\/itpajd\/tpo\/tarifes-tipus\/<br \/>\n\u2022 Les despeses derivades de la compravenda (Notaria, Registre de la Propietat i Gestoria) s&#039;estimen orientativament entre el 1% i el 3% del preu de venda, en funci\u00f3 dels aranzels oficials i el professional elegit.<br \/>\n\u2022 Honoraris Ag\u00e8ncia: inclosos al PVP.<\/p>\n<p>  NOTA INFORMATIVA: L&#039;immoble es transmetr\u00e0 lliure de mobiliari, no estant inclosos els elements mobles que poguessin apar\u00e8ixer a les imatges. Aix\u00f2 no obstant, per raons d&#039;operativa log\u00edstica o inter\u00e8s de les parts, es podria donar el cas que determinats elements romanguin a l&#039;habitatge en el moment del lliurament (p. ex. mobles fets a mida, etc.), la qual cosa les determinar\u00e0 les parts amb car\u00e0cter previ a la signatura de l&#039;escriptura p\u00fablica de compravenda.<\/p>\n<p>Algunes de les imatges publicades han estat generades mitjan\u00e7ant t\u00e8cniques d&#039;home staging virtual (recreaci\u00f3 digital) per tal de facilitar la visualitzaci\u00f3 del potencial de l&#039;estada (se n&#039;informa expressament en cadascuna d&#039;aquestes imatges). Aquestes representacions tenen car\u00e0cter merament orientatiu i no vinculant; per tant, l&#039;immoble es lliura sense el mobiliari o elements d&#039;home staging virtual (recreaci\u00f3 digital) mostrats a les imatges esmentades.<\/p>","protected":false},"author":4,"featured_media":1322787,"parent":0,"menu_order":0,"template":"","property_type":[835],"property_status":[371],"property_feature":[376,375,383],"property_label":[],"property_state":[],"property_city":[198],"property_area":[336],"class_list":["post-1322786","property","type-property","status-publish","has-post-thumbnail","hentry","property_type-viviendas","property_status-comprar","property_feature-ascensor","property_feature-calefaccion","property_feature-sur","property_city-vilanova-i-la-geltru","property_area-centre-vila-la-geltru"],"property_meta":{"_wp_page_template":["default"],"fave_currency":["EUR"],"fave_currency_info":[""],"fave_property_price":["450000"],"fave_property_size":["86.71"],"fave_property_size_prefix":["m2"],"fave_property_land":["0"],"fave_property_land_postfix":["m2"],"fave_property_bedrooms":["4"],"fave_property_bathrooms":["2"],"fave_virtual_tour":["0"],"fave_property_map":["1"],"fave_property_id":["24-779\/1296"],"fave_property_year":["2001"],"fave_property_zip":["08800"],"fave_featured":["0"],"houzez_featured_listing_date":[""],"fave_agent_display_option":["agent_info"],"fave_prop_homeslider":["no"],"fave_energy_class":["E"],"fave_energy_global_index":["210"],"fave_energy_performance":["E"],"fave_renewable_energy_global_index":["44"],"floor_plans":[""],"fave_multi_units":[""],"additional_features":[""],"fave_agents":["1179704"],"fave_property_agency":["1214635"],"fave_property_map_address":[null],"fave_property_location":["41.224175175759,1.7364705362001"],"houzez_geolocation_lat":["41.224175175759"],"houzez_geolocation_long":["1.7364705362001"],"aicat":["1"],"fave_property_images":["1322787","1322787","1322788","1322789","1322790","1322791","1322792","1322793","1322794","1322795","1322796","1322797","1322798","1322799","1322800","1322801","1322802","1322803","1322804","1322805","1322806","1322807","1322808","1322809","1322810","1322811","1322812","1322813","1322814","1322815","1322816","1322817","1322818","1322819","1322820"],"_thumbnail_id":["1322787"],"houzez_total_property_views":["9"],"houzez_views_by_date":["a:2:{s:10:\"04-29-2026\";i:4;s:10:\"04-30-2026\";i:5;}"],"houzez_recently_viewed":["2026-04-30 09:39:25"],"_elementor_page_assets":["a:0:{}"],"_oembed_230d178cac447e8973bf66747ff6f7f2":["{{unknown}}"]},"_links":{"self":[{"href":"https:\/\/www.serra.immo\/ca\/wp-json\/wp\/v2\/properties\/1322786","targetHints":{"allow":["GET"]}}],"collection":[{"href":"https:\/\/www.serra.immo\/ca\/wp-json\/wp\/v2\/properties"}],"about":[{"href":"https:\/\/www.serra.immo\/ca\/wp-json\/wp\/v2\/types\/property"}],"author":[{"embeddable":true,"href":"https:\/\/www.serra.immo\/ca\/wp-json\/wp\/v2\/users\/4"}],"version-history":[{"count":0,"href":"https:\/\/www.serra.immo\/ca\/wp-json\/wp\/v2\/properties\/1322786\/revisions"}],"wp:featuredmedia":[{"embeddable":true,"href":"https:\/\/www.serra.immo\/ca\/wp-json\/wp\/v2\/media\/1322787"}],"wp:attachment":[{"href":"https:\/\/www.serra.immo\/ca\/wp-json\/wp\/v2\/media?parent=1322786"}],"wp:term":[{"taxonomy":"property_type","embeddable":true,"href":"https:\/\/www.serra.immo\/ca\/wp-json\/wp\/v2\/property_type?post=1322786"},{"taxonomy":"property_status","embeddable":true,"href":"https:\/\/www.serra.immo\/ca\/wp-json\/wp\/v2\/property_status?post=1322786"},{"taxonomy":"property_feature","embeddable":true,"href":"https:\/\/www.serra.immo\/ca\/wp-json\/wp\/v2\/property_feature?post=1322786"},{"taxonomy":"property_label","embeddable":true,"href":"https:\/\/www.serra.immo\/ca\/wp-json\/wp\/v2\/property_label?post=1322786"},{"taxonomy":"property_state","embeddable":true,"href":"https:\/\/www.serra.immo\/ca\/wp-json\/wp\/v2\/property_state?post=1322786"},{"taxonomy":"property_city","embeddable":true,"href":"https:\/\/www.serra.immo\/ca\/wp-json\/wp\/v2\/property_city?post=1322786"},{"taxonomy":"property_area","embeddable":true,"href":"https:\/\/www.serra.immo\/ca\/wp-json\/wp\/v2\/property_area?post=1322786"}],"curies":[{"name":"wp","href":"https:\/\/api.w.org\/{rel}","templated":true}]}}

Ref. 24-779/1296 – LLUM, PRIVACITAT I VISTES: EL TEU ÀTIC A Vilanova i la Geltrú

<p>LLUM, PRIVACITAT I VISTES: EL TEU ÀTIC A Vilanova i la Geltrú</p>
<p>Hi ha vivendes… i després hi ha les que et fan sentir a casa des del primer moment. Aquest àtic destaca per alguna cosa que cada cop és més difícil de trobar: llum natural, privadesa, habitacions exteriors i vistes obertes. Ubicat en una zona estratègica de Vilanova, ho tindràs tot a pocs minuts caminant, sense renunciar a la tranquil·litat.</p>
<p>  ESPAI, LLUM I CONFORT A CADA RACÓ<br />
•98,50 m² construïts / 86,71 m² útils<br />
•Àtic amb ascensor<br />
•Orientació sud ☀️: llum tot el dia<br />
•Habitacions exteriors<br />
•Vistes clares<br />
Disposa de cèdula d&#039;habitabilitat vigent núm. CHB<a href="tel:00975426001">00975426001</a></p>
<p> ️ DISTRIBUCIÓ FUNCIONAL I BEN APROFITADA<br />
•Ampli saló-menjador amb sortida directa a terrassa<br />
•Cuina independent amb accés a la mateixa terrassa<br />
•1 suite amb bany privat<br />
•3 habitacions individuals exteriors<br />
•1 bany complet amb plat de dutxa<br />
•Rebedor + distribuïdor </p>
<p>  UBICACIÓ QUE MARCA LA DIFERÈNCIA<br />
•A 2 min caminant del gimnàs Aqua<br />
•A 3–4 min caminant de supermercats com Mercadona i Alcampo<br />
•A pocs minuts de la platja i del centre<br />
•Excel·lent connexió amb C-15 i C-32<br />
•A només 10 min de Sitges<br />
•A 40 min de Barcelona </p>
<p>✨ PER QUÈ AQUEST ÀTIC ÉS DIFERENT<br />
✔ Terrassa ben orientada<br />
✔ Llum natural<br />
✔ Sense edificis que tapin: sensació d&#039;amplitud<br />
✔ Habitatge exterior<br />
✔ Ubicació pràctica</p>
<p>¿ Vols descobrir la teva nova llar?<br />
  Contacta ara per més informació i reserva la teva visita.</p>
<p>INFORMACIÓ ADDICIONAL: En compliment de les obligacions d&#039;informació previstes a la Llei 10/2025, de 28 de desembre, de serveis d&#039;atenció a la clientela i transparència, així com a la normativa sectorial vigent, es fa constar que el preu indicat NO INCLOU les despeses i impostos inherents a l&#039;adquisició, els quals es desglossen a continuació:<br />
• Impost sobre Transmissions Patrimonials (ITP): S&#039;aplicarà el tipus impositiu vigent a la Comunitat Autònoma de Catalunya (Valor de l&#039;Immoble fins a 600.000€ = 10% (45.000€)), sense perjudici dels tipus reduïts del 5%, i el 7%, aplicables segons les circumstància. L&#039;impost es merita sobre el valor de referència de cadastre o el preu de venda, aquell que resulti superior.<br />
Per a una informació exhaustiva sobre el funcionament, tipus impositius i bonificacions de l&#039;ITP a Catalunya, podeu consultar el portal oficial de l&#039;Agència Tributària de l&#039;Agència Tributària Catalana, al següent enllaç:<br />
https://atc.gencat.cat/es/tributs/itpajd/tpo/tarifes-tipus/<br />
• Les despeses derivades de la compravenda (Notaria, Registre de la Propietat i Gestoria) s&#039;estimen orientativament entre el 1% i el 3% del preu de venda, en funció dels aranzels oficials i el professional elegit.<br />
• Honoraris Agència: inclosos al PVP.</p>
<p>  NOTA INFORMATIVA: L&#039;immoble es transmetrà lliure de mobiliari, no estant inclosos els elements mobles que poguessin aparèixer a les imatges. Això no obstant, per raons d&#039;operativa logística o interès de les parts, es podria donar el cas que determinats elements romanguin a l&#039;habitatge en el moment del lliurament (p. ex. mobles fets a mida, etc.), la qual cosa les determinarà les parts amb caràcter previ a la signatura de l&#039;escriptura pública de compravenda.</p>
<p>Algunes de les imatges publicades han estat generades mitjançant tècniques d&#039;home staging virtual (recreació digital) per tal de facilitar la visualització del potencial de l&#039;estada (se n&#039;informa expressament en cadascuna d&#039;aquestes imatges). Aquestes representacions tenen caràcter merament orientatiu i no vinculant; per tant, l&#039;immoble es lliura sense el mobiliari o elements d&#039;home staging virtual (recreació digital) mostrats a les imatges esmentades.</p>

<p>LLUM, PRIVACITAT I VISTES: EL TEU ÀTIC A Vilanova i la Geltrú</p>
<p>Hi ha vivendes… i després hi ha les que et fan sentir a casa des del primer moment. Aquest àtic destaca per alguna cosa que cada cop és més difícil de trobar: llum natural, privadesa, habitacions exteriors i vistes obertes. Ubicat en una zona estratègica de Vilanova, ho tindràs tot a pocs minuts caminant, sense renunciar a la tranquil·litat.</p>
<p>  ESPAI, LLUM I CONFORT A CADA RACÓ<br />
•98,50 m² construïts / 86,71 m² útils<br />
•Àtic amb ascensor<br />
•Orientació sud ☀️: llum tot el dia<br />
•Habitacions exteriors<br />
•Vistes clares<br />
Dispone de cédula de habitabilidad vigente nº CHB00975426001</p>
<p> ️ DISTRIBUCIÓ FUNCIONAL I BEN APROFITADA<br />
•Ampli saló-menjador amb sortida directa a terrassa<br />
•Cuina independent amb accés a la mateixa terrassa<br />
•1 suite amb bany privat<br />
•3 habitacions individuals exteriors<br />
•1 bany complet amb plat de dutxa<br />
•Rebedor + distribuïdor </p>
<p>  UBICACIÓ QUE MARCA LA DIFERÈNCIA<br />
•A 2 min caminant del gimnàs Aqua<br />
•A 3–4 min caminant de supermercats com Mercadona i Alcampo<br />
•A pocs minuts de la platja i del centre<br />
•Excel·lent connexió amb C-15 i C-32<br />
•A només 10 min de Sitges<br />
•A 40 min de Barcelona </p>
<p>✨ PER QUÈ AQUEST ÀTIC ÉS DIFERENT<br />
✔ Terrassa ben orientada<br />
✔ Llum natural<br />
✔ Sense edificis que tapin: sensació d&#039;amplitud<br />
✔ Habitatge exterior<br />
✔ Ubicació pràctica</p>
<p>¿ Vols descobrir la teva nova llar?<br />
  Contacta ara per més informació i reserva la teva visita.</p>
<p>INFORMACIÓ ADDICIONAL: En compliment de les obligacions d&#039;informació previstes a la Llei 10/2025, de 28 de desembre, de serveis d&#039;atenció a la clientela i transparència, així com a la normativa sectorial vigent, es fa constar que el preu indicat NO INCLOU les despeses i impostos inherents a l&#039;adquisició, els quals es desglossen a continuació:<br />
• Impost sobre Transmissions Patrimonials (ITP): S&#039;aplicarà el tipus impositiu vigent a la Comunitat Autònoma de Catalunya (Valor de l&#039;Immoble fins a 600.000€ = 10% (45.000€)), sense perjudici dels tipus reduïts del 5%, i el 7%, aplicables segons les circumstància. L&#039;impost es merita sobre el valor de referència de cadastre o el preu de venda, aquell que resulti superior.<br />
Per a una informació exhaustiva sobre el funcionament, tipus impositius i bonificacions de l&#039;ITP a Catalunya, podeu consultar el portal oficial de l&#039;Agència Tributària de l&#039;Agència Tributària Catalana, al següent enllaç:<br />
https://atc.gencat.cat/es/tributs/itpajd/tpo/tarifes-tipus/<br />
• Les despeses derivades de la compravenda (Notaria, Registre de la Propietat i Gestoria) s&#039;estimen orientativament entre el 1% i el 3% del preu de venda, en funció dels aranzels oficials i el professional elegit.<br />
• Honoraris Agència: inclosos al PVP.</p>
<p>  NOTA INFORMATIVA: L&#039;immoble es transmetrà lliure de mobiliari, no estant inclosos els elements mobles que poguessin aparèixer a les imatges. Això no obstant, per raons d&#039;operativa logística o interès de les parts, es podria donar el cas que determinats elements romanguin a l&#039;habitatge en el moment del lliurament (p. ex. mobles fets a mida, etc.), la qual cosa les determinarà les parts amb caràcter previ a la signatura de l&#039;escriptura pública de compravenda.</p>
<p>Algunes de les imatges publicades han estat generades mitjançant tècniques d&#039;home staging virtual (recreació digital) per tal de facilitar la visualització del potencial de l&#039;estada (se n&#039;informa expressament en cadascuna d&#039;aquestes imatges). Aquestes representacions tenen caràcter merament orientatiu i no vinculant; per tant, l&#039;immoble es lliura sense el mobiliari o elements d&#039;home staging virtual (recreació digital) mostrats a les imatges esmentades.</p>
