{"id":1322258,"date":"2026-04-28T13:35:57","date_gmt":"2026-04-28T11:35:57","guid":{"rendered":"https:\/\/www.serra.immo\/propiedad\/ref-18-02429-1266-vivienda-unifamiliar-con-piscina-y-barbacoa\/"},"modified":"2026-04-28T13:35:57","modified_gmt":"2026-04-28T11:35:57","slug":"ref-18-02429-1266-habitatge-unifamiliar-amb-piscina-i-barbacoa","status":"publish","type":"property","link":"https:\/\/www.serra.immo\/ca\/propiedad\/ref-18-02429-1266-vivienda-unifamiliar-con-piscina-y-barbacoa\/","title":{"rendered":"Ref. 18-02429\/1266 \u2013 HABITATGE UNIFAMILIAR AMB PISCINA I BARBACOA"},"content":{"rendered":"<p>A la urbanitzaci\u00f3 Can Suria que pertany al municipi d&#039;Olivella, ubicada a pocs minuts de Sitges i Barcelona hi pot trobar la tranquil\u00b7litat que cerca en plena natura.<br \/>\n Aquesta casa cantonera en una parcel\u00b7la de 755 m2 totalment independent, va ser constru\u00efda el 1978 per\u00f2 es va reformar \u00edntegrament fa uns 5 anys.<br \/>\n En entrar a peu de carrer entrem directament a la casa disposant de 3 habitacions dobles amb bany complet, sal\u00f3 menjador amb llar de foc, cuina equipada i sortim al jard\u00ed on hi ha la barbacoa amb una gran taula per gaudir i t\u00e9 habilitada una zona per als nens.<br \/>\n Baixant unes escales t\u00e9 habilitada una sala d&#039;estar amb 3 habitacions dobles m\u00e9s, un bany complet i una zona de bugaderia donant acc\u00e9s a la zona de la piscina i m\u00e9s privada de la casa.<br \/>\n 755 m2 de paracel\u00b7la donen per a molt i queda comunicada a l&#039;exterior i inclou una zona per a un hort i poder plantar les seves pr\u00f2pies hortalisses.<br \/>\n Disposa d\u00b4un gran garatge tancat i un altre espai per a p\u00e0rquing addicional.<br \/>\n No dubteu a contactar amb nosaltres per visitar-la.<\/p>\n<p>NOTA:<br \/>\nEn els imports indicats no s&#039;hagin incl\u00f2s els impostos i les taxes aplicables a la compra o lloguer del b\u00e9 immoble.<br \/>\nLes fotografies, v\u00eddeos, pl\u00e0nols i la resta de documentaci\u00f3 gr\u00e0fica poden no correspondre amb la realitat actual, aix\u00ed com els metratges i superf\u00edcies, i no tenen car\u00e0cter contractual. Llevat d&#039;indicaci\u00f3 contr\u00e0ria, els mobles i l&#039;equipament que apareixen a l&#039;anunci no estan inclosos en el preu.<br \/>\nTampoc estan incloses en el preus les despeses i impostos de formalitzaci\u00f3 de la compravenda: IVA, ITP, Notari, Registre, etc.<\/p>","protected":false},"excerpt":{"rendered":"<p>A la urbanitzaci\u00f3 Can Suria que pertany al municipi d&#039;Olivella, ubicada a pocs minuts de Sitges i Barcelona hi pot trobar la tranquil\u00b7litat que cerca en plena natura.<br \/>\n Aquesta casa cantonera en una parcel\u00b7la de 755 m2 totalment independent, va ser constru\u00efda el 1978 per\u00f2 es va reformar \u00edntegrament fa uns 5 anys.<br \/>\n En entrar a peu de carrer entrem directament a la casa disposant de 3 habitacions dobles amb bany complet, sal\u00f3 menjador amb llar de foc, cuina equipada i sortim al jard\u00ed on hi ha la barbacoa amb una gran taula per gaudir i t\u00e9 habilitada una zona per als nens.<br \/>\n Baixant unes escales t\u00e9 habilitada una sala d&#039;estar amb 3 habitacions dobles m\u00e9s, un bany complet i una zona de bugaderia donant acc\u00e9s a la zona de la piscina i m\u00e9s privada de la casa.<br \/>\n 755 m2 de paracel\u00b7la donen per a molt i queda comunicada a l&#039;exterior i inclou una zona per a un hort i poder plantar les seves pr\u00f2pies hortalisses.<br \/>\n Disposa d\u00b4un gran garatge tancat i un altre espai per a p\u00e0rquing addicional.<br \/>\n No dubteu a contactar amb nosaltres per visitar-la.<\/p>\n<p>NOTA:<br \/>\nEn els imports indicats no s&#039;hagin incl\u00f2s els impostos i les taxes aplicables a la compra o lloguer del b\u00e9 immoble.<br \/>\nLes fotografies, v\u00eddeos, pl\u00e0nols i la resta de documentaci\u00f3 gr\u00e0fica poden no correspondre amb la realitat actual, aix\u00ed com els metratges i superf\u00edcies, i no tenen car\u00e0cter contractual. Llevat d&#039;indicaci\u00f3 contr\u00e0ria, els mobles i l&#039;equipament que apareixen a l&#039;anunci no estan inclosos en el preu.<br \/>\nTampoc estan incloses en el preus les despeses i impostos de formalitzaci\u00f3 de la compravenda: IVA, ITP, Notari, Registre, etc.<\/p>","protected":false},"author":4,"featured_media":1322259,"parent":0,"menu_order":0,"template":"","property_type":[835],"property_status":[371],"property_feature":[375,378],"property_label":[],"property_state":[],"property_city":[392],"property_area":[393],"class_list":["post-1322258","property","type-property","status-publish","has-post-thumbnail","hentry","property_type-viviendas","property_status-comprar","property_feature-calefaccion","property_feature-trastero","property_city-olivella","property_area-can-suria"],"property_meta":{"fave_currency":["EUR"],"fave_currency_info":[""],"fave_property_price":["369000"],"fave_property_size":["141.00"],"fave_property_size_prefix":["m2"],"fave_property_land":["770"],"fave_property_land_postfix":["m2"],"fave_property_bedrooms":["6"],"fave_property_bathrooms":["2"],"fave_property_garage":["1"],"fave_virtual_tour":["1"],"fave_property_map":["1"],"fave_property_id":["18-02429\/1266"],"fave_property_year":["1978"],"fave_property_zip":["08818"],"fave_featured":["0"],"houzez_featured_listing_date":[""],"fave_agent_display_option":["agent_info"],"fave_prop_homeslider":["no"],"fave_energy_class":["E"],"fave_energy_global_index":["261"],"fave_energy_performance":["E"],"fave_renewable_energy_global_index":["55"],"floor_plans":[""],"fave_multi_units":[""],"additional_features":[""],"fave_agents":["1179704"],"fave_property_agency":["1214635"],"fave_property_map_address":[null],"fave_property_location":["41.3145333804192,1.76655922045015"],"houzez_geolocation_lat":["41.3145333804192"],"houzez_geolocation_long":["1.76655922045015"],"aicat":["1"],"_wp_page_template":["default"],"fave_property_images":["1322259","1322259","1322260","1322261","1322262","1322263","1322264","1322265","1322266","1322267","1322268","1322269","1322270","1322271","1322272","1322273","1322274","1322275","1322276","1322277","1322278","1322279","1322280","1322281","1322282","1322283","1322284","1322285","1322286","1322287","1322288","1322289","1322290","1322291","1322292","1322293","1322294","1322295","1322296","1322297","1322298"],"_thumbnail_id":["1322259"],"houzez_total_property_views":["5"],"houzez_views_by_date":["a:1:{s:10:\"04-28-2026\";i:5;}"],"houzez_recently_viewed":["2026-04-28 22:44:54"],"_elementor_page_assets":["a:0:{}"]},"_links":{"self":[{"href":"https:\/\/www.serra.immo\/ca\/wp-json\/wp\/v2\/properties\/1322258","targetHints":{"allow":["GET"]}}],"collection":[{"href":"https:\/\/www.serra.immo\/ca\/wp-json\/wp\/v2\/properties"}],"about":[{"href":"https:\/\/www.serra.immo\/ca\/wp-json\/wp\/v2\/types\/property"}],"author":[{"embeddable":true,"href":"https:\/\/www.serra.immo\/ca\/wp-json\/wp\/v2\/users\/4"}],"version-history":[{"count":0,"href":"https:\/\/www.serra.immo\/ca\/wp-json\/wp\/v2\/properties\/1322258\/revisions"}],"wp:featuredmedia":[{"embeddable":true,"href":"https:\/\/www.serra.immo\/ca\/wp-json\/wp\/v2\/media\/1322259"}],"wp:attachment":[{"href":"https:\/\/www.serra.immo\/ca\/wp-json\/wp\/v2\/media?parent=1322258"}],"wp:term":[{"taxonomy":"property_type","embeddable":true,"href":"https:\/\/www.serra.immo\/ca\/wp-json\/wp\/v2\/property_type?post=1322258"},{"taxonomy":"property_status","embeddable":true,"href":"https:\/\/www.serra.immo\/ca\/wp-json\/wp\/v2\/property_status?post=1322258"},{"taxonomy":"property_feature","embeddable":true,"href":"https:\/\/www.serra.immo\/ca\/wp-json\/wp\/v2\/property_feature?post=1322258"},{"taxonomy":"property_label","embeddable":true,"href":"https:\/\/www.serra.immo\/ca\/wp-json\/wp\/v2\/property_label?post=1322258"},{"taxonomy":"property_state","embeddable":true,"href":"https:\/\/www.serra.immo\/ca\/wp-json\/wp\/v2\/property_state?post=1322258"},{"taxonomy":"property_city","embeddable":true,"href":"https:\/\/www.serra.immo\/ca\/wp-json\/wp\/v2\/property_city?post=1322258"},{"taxonomy":"property_area","embeddable":true,"href":"https:\/\/www.serra.immo\/ca\/wp-json\/wp\/v2\/property_area?post=1322258"}],"curies":[{"name":"wp","href":"https:\/\/api.w.org\/{rel}","templated":true}]}}

<p>A la urbanització Can Suria que pertany al municipi d&#039;Olivella, ubicada a pocs minuts de Sitges i Barcelona hi pot trobar la tranquil·litat que cerca en plena natura.<br />
 Aquesta casa cantonera en una parcel·la de 755 m2 totalment independent, va ser construïda el 1978 però es va reformar íntegrament fa uns 5 anys.<br />
 En entrar a peu de carrer entrem directament a la casa disposant de 3 habitacions dobles amb bany complet, saló menjador amb llar de foc, cuina equipada i sortim al jardí on hi ha la barbacoa amb una gran taula per gaudir i té habilitada una zona per als nens.<br />
 Baixant unes escales té habilitada una sala d&#039;estar amb 3 habitacions dobles més, un bany complet i una zona de bugaderia donant accés a la zona de la piscina i més privada de la casa.<br />
 755 m2 de paracel·la donen per a molt i queda comunicada a l&#039;exterior i inclou una zona per a un hort i poder plantar les seves pròpies hortalisses.<br />
 Disposa d´un gran garatge tancat i un altre espai per a pàrquing addicional.<br />
 No dubteu a contactar amb nosaltres per visitar-la.</p>
<p>NOTA:<br />
En els imports indicats no s&#039;hagin inclòs els impostos i les taxes aplicables a la compra o lloguer del bé immoble.<br />
Les fotografies, vídeos, plànols i la resta de documentació gràfica poden no correspondre amb la realitat actual, així com els metratges i superfícies, i no tenen caràcter contractual. Llevat d&#039;indicació contrària, els mobles i l&#039;equipament que apareixen a l&#039;anunci no estan inclosos en el preu.<br />
Tampoc estan incloses en el preus les despeses i impostos de formalització de la compravenda: IVA, ITP, Notari, Registre, etc.</p>
