{"id":1322221,"date":"2026-04-28T13:35:06","date_gmt":"2026-04-28T11:35:06","guid":{"rendered":"https:\/\/www.serra.immo\/propiedad\/ref-03-11708-1098-casa-de-pueblo-en-el-casco-antiguo-de-la-geltru\/"},"modified":"2026-04-28T13:35:06","modified_gmt":"2026-04-28T11:35:06","slug":"ref-03-11708-1098-casa-de-poble-al-casc-antic-de-la-geltru","status":"publish","type":"property","link":"https:\/\/www.serra.immo\/ca\/propiedad\/ref-03-11708-1098-casa-de-pueblo-en-el-casco-antiguo-de-la-geltru\/","title":{"rendered":"Ref. 03-11708\/1098 \u2013 Casa de poble al nucli antic de la Geltr\u00fa"},"content":{"rendered":"<p>Casa de poble amb tres terrasses i local al cor de la Geltr\u00fa<\/p>\n<p>\u00a1Qu\u00e9 joya de propiedad tienes entre manos! Vivir en el casco antiguo de La Geltr\u00fa tiene esa magia especial de &#8220;pueblo dentro de la ciudad&#8221;.<br \/>\nBusques un refugi amb encant, sol i tranquil\u00b7litat absoluta?<br \/>\nEt presentem aquesta casa de 236m\u00b2 constru\u00efts situada a l&#039;emblem\u00e0tic nucli medieval de la Geltr\u00fa. Situat en un carrer de vianants, al centre hist\u00f2ric al costat de l&#039;Esgl\u00e9sia i el Castell, aquest habitatge combina l&#039;ess\u00e8ncia r\u00fastica del nucli antic amb les comoditats d&#039;una construcci\u00f3 moderna (any 2001).<br \/>\nLa casa compta a peu de carrer amb un local, un gran magatzem de 120m\u00b2 constru\u00efts, sostres alts, bany i gran porta per a acc\u00e9s a vehicles ia la part superior, un habitatge distribu\u00eft en dues plantes.<br \/>\nL\u00b4habitatge es distribueix pensant en el confort i el gaudi de l\u00b4exterior: Planta Principal de 96 m\u00b2 amb ampli i acollidor sal\u00f3-menjador i una cuina independent. Totes dues estances tenen acc\u00e9s directe a una terrassa a nivell de 23 m\u00b2, ideal per esmorzars o dinars a l&#039;aire lliure. Compte tamb\u00e9 amb 3 dormitoris amb dos balcons al carrer i un bany complet. La planta superior compr\u00e8n una zona funcional amb safareig i dues espectaculars terrasses sol\u00e0rium de 33 m\u00b2 i 36 m\u00b2 respectivament, un espai infinit per crear el teu propi jard\u00ed urb\u00e0, zona de chill-out o gaudir de sopars sota les estrelles amb vistes privilegiades.<br \/>\nVine a descobrir aquest oasi de pau al cor de Vilanova i la Geltr\u00fa. T&#039;enamoraran les vistes!<br \/>\nC\u00e8dula habitabilitat: CHB<a href=\"tel:00054226002\">00054226002<\/a><br \/>\nCertificat Energ\u00e8tic: Refer\u00e8ncia ZXDWC4CXW Consum d&#039;energia E 176 Kwh\/m\u00b2 any Emissions E 36 Kg CO2\/m\u00b2 any<\/p>\n<p>El preu no inclou impostos (ITP, IVA i AJD), ni les despeses de notari ni les de registre.<\/p>","protected":false},"excerpt":{"rendered":"<p>Casa de poble amb tres terrasses i local al cor de la Geltr\u00fa<\/p>\n<p>\u00a1Qu\u00e9 joya de propiedad tienes entre manos! Vivir en el casco antiguo de La Geltr\u00fa tiene esa magia especial de &#8220;pueblo dentro de la ciudad&#8221;.<br \/>\nBusques un refugi amb encant, sol i tranquil\u00b7litat absoluta?<br \/>\nEt presentem aquesta casa de 236m\u00b2 constru\u00efts situada a l&#039;emblem\u00e0tic nucli medieval de la Geltr\u00fa. Situat en un carrer de vianants, al centre hist\u00f2ric al costat de l&#039;Esgl\u00e9sia i el Castell, aquest habitatge combina l&#039;ess\u00e8ncia r\u00fastica del nucli antic amb les comoditats d&#039;una construcci\u00f3 moderna (any 2001).<br \/>\nLa casa compta a peu de carrer amb un local, un gran magatzem de 120m\u00b2 constru\u00efts, sostres alts, bany i gran porta per a acc\u00e9s a vehicles ia la part superior, un habitatge distribu\u00eft en dues plantes.<br \/>\nL\u00b4habitatge es distribueix pensant en el confort i el gaudi de l\u00b4exterior: Planta Principal de 96 m\u00b2 amb ampli i acollidor sal\u00f3-menjador i una cuina independent. Totes dues estances tenen acc\u00e9s directe a una terrassa a nivell de 23 m\u00b2, ideal per esmorzars o dinars a l&#039;aire lliure. Compte tamb\u00e9 amb 3 dormitoris amb dos balcons al carrer i un bany complet. La planta superior compr\u00e8n una zona funcional amb safareig i dues espectaculars terrasses sol\u00e0rium de 33 m\u00b2 i 36 m\u00b2 respectivament, un espai infinit per crear el teu propi jard\u00ed urb\u00e0, zona de chill-out o gaudir de sopars sota les estrelles amb vistes privilegiades.<br \/>\nVine a descobrir aquest oasi de pau al cor de Vilanova i la Geltr\u00fa. T&#039;enamoraran les vistes!<br \/>\nC\u00e9dula habitabilidad: CHB00054226002<br \/>\nCertificat Energ\u00e8tic: Refer\u00e8ncia ZXDWC4CXW Consum d&#039;energia E 176 Kwh\/m\u00b2 any Emissions E 36 Kg CO2\/m\u00b2 any<\/p>\n<p>El preu no inclou impostos (ITP, IVA i AJD), ni les despeses de notari ni les de registre.<\/p>","protected":false},"author":4,"featured_media":1322222,"parent":0,"menu_order":0,"template":"","property_type":[835],"property_status":[371],"property_feature":[375,383,377],"property_label":[],"property_state":[],"property_city":[198],"property_area":[401],"class_list":["post-1322221","property","type-property","status-publish","has-post-thumbnail","hentry","property_type-viviendas","property_status-comprar","property_feature-calefaccion","property_feature-sur","property_feature-terraza","property_city-vilanova-i-la-geltru","property_area-la-geltru"],"property_meta":{"fave_currency":["EUR"],"fave_currency_info":[""],"fave_property_price":["473451"],"fave_property_size":["191.50"],"fave_property_size_prefix":["m2"],"fave_property_land":["0"],"fave_property_land_postfix":["m2"],"fave_property_bedrooms":["3"],"fave_property_bathrooms":["1"],"fave_property_garage":["1"],"fave_virtual_tour":["0"],"fave_property_map":["1"],"fave_property_id":["03-11708\/1098"],"fave_property_year":["2001"],"fave_property_zip":["08800"],"fave_featured":["0"],"houzez_featured_listing_date":[""],"fave_agent_display_option":["agent_info"],"fave_prop_homeslider":["no"],"fave_energy_class":["E"],"fave_energy_global_index":["176"],"fave_energy_performance":["E"],"fave_renewable_energy_global_index":["36"],"floor_plans":[""],"fave_multi_units":[""],"additional_features":[""],"fave_agents":["1179704"],"fave_property_agency":["1214635"],"fave_property_map_address":[null],"fave_property_location":["41.226071150259,1.7282208289332"],"houzez_geolocation_lat":["41.226071150259"],"houzez_geolocation_long":["1.7282208289332"],"aicat":["1"],"_wp_page_template":["default"],"fave_property_images":["1322222","1322222","1322223","1322224","1322225","1322226","1322227","1322228","1322229","1322230","1322231","1322232","1322233","1322234","1322235","1322236","1322237","1322238","1322239","1322240","1322241","1322242","1322243","1322244","1322245","1322246","1322247","1322248","1322249","1322250","1322251","1322252","1322253","1322254","1322255","1322256","1322257"],"_thumbnail_id":["1322222"],"houzez_total_property_views":["6"],"houzez_views_by_date":["a:1:{s:10:\"04-28-2026\";i:6;}"],"houzez_recently_viewed":["2026-04-29 00:14:42"],"_elementor_page_assets":["a:0:{}"]},"_links":{"self":[{"href":"https:\/\/www.serra.immo\/ca\/wp-json\/wp\/v2\/properties\/1322221","targetHints":{"allow":["GET"]}}],"collection":[{"href":"https:\/\/www.serra.immo\/ca\/wp-json\/wp\/v2\/properties"}],"about":[{"href":"https:\/\/www.serra.immo\/ca\/wp-json\/wp\/v2\/types\/property"}],"author":[{"embeddable":true,"href":"https:\/\/www.serra.immo\/ca\/wp-json\/wp\/v2\/users\/4"}],"version-history":[{"count":0,"href":"https:\/\/www.serra.immo\/ca\/wp-json\/wp\/v2\/properties\/1322221\/revisions"}],"wp:featuredmedia":[{"embeddable":true,"href":"https:\/\/www.serra.immo\/ca\/wp-json\/wp\/v2\/media\/1322222"}],"wp:attachment":[{"href":"https:\/\/www.serra.immo\/ca\/wp-json\/wp\/v2\/media?parent=1322221"}],"wp:term":[{"taxonomy":"property_type","embeddable":true,"href":"https:\/\/www.serra.immo\/ca\/wp-json\/wp\/v2\/property_type?post=1322221"},{"taxonomy":"property_status","embeddable":true,"href":"https:\/\/www.serra.immo\/ca\/wp-json\/wp\/v2\/property_status?post=1322221"},{"taxonomy":"property_feature","embeddable":true,"href":"https:\/\/www.serra.immo\/ca\/wp-json\/wp\/v2\/property_feature?post=1322221"},{"taxonomy":"property_label","embeddable":true,"href":"https:\/\/www.serra.immo\/ca\/wp-json\/wp\/v2\/property_label?post=1322221"},{"taxonomy":"property_state","embeddable":true,"href":"https:\/\/www.serra.immo\/ca\/wp-json\/wp\/v2\/property_state?post=1322221"},{"taxonomy":"property_city","embeddable":true,"href":"https:\/\/www.serra.immo\/ca\/wp-json\/wp\/v2\/property_city?post=1322221"},{"taxonomy":"property_area","embeddable":true,"href":"https:\/\/www.serra.immo\/ca\/wp-json\/wp\/v2\/property_area?post=1322221"}],"curies":[{"name":"wp","href":"https:\/\/api.w.org\/{rel}","templated":true}]}}

Ref. 03-11708/1098 – Casa de poble al nucli antic de la Geltrú

<p>Casa de poble amb tres terrasses i local al cor de la Geltrú</p>
<p>¡Qué joya de propiedad tienes entre manos! Vivir en el casco antiguo de La Geltrú tiene esa magia especial de &#8220;pueblo dentro de la ciudad&#8221;.<br />
Busques un refugi amb encant, sol i tranquil·litat absoluta?<br />
Et presentem aquesta casa de 236m² construïts situada a l&#039;emblemàtic nucli medieval de la Geltrú. Situat en un carrer de vianants, al centre històric al costat de l&#039;Església i el Castell, aquest habitatge combina l&#039;essència rústica del nucli antic amb les comoditats d&#039;una construcció moderna (any 2001).<br />
La casa compta a peu de carrer amb un local, un gran magatzem de 120m² construïts, sostres alts, bany i gran porta per a accés a vehicles ia la part superior, un habitatge distribuït en dues plantes.<br />
L´habitatge es distribueix pensant en el confort i el gaudi de l´exterior: Planta Principal de 96 m² amb ampli i acollidor saló-menjador i una cuina independent. Totes dues estances tenen accés directe a una terrassa a nivell de 23 m², ideal per esmorzars o dinars a l&#039;aire lliure. Compte també amb 3 dormitoris amb dos balcons al carrer i un bany complet. La planta superior comprèn una zona funcional amb safareig i dues espectaculars terrasses solàrium de 33 m² i 36 m² respectivament, un espai infinit per crear el teu propi jardí urbà, zona de chill-out o gaudir de sopars sota les estrelles amb vistes privilegiades.<br />
Vine a descobrir aquest oasi de pau al cor de Vilanova i la Geltrú. T&#039;enamoraran les vistes!<br />
Cèdula habitabilitat: CHB<a href="tel:00054226002">00054226002</a><br />
Certificat Energètic: Referència ZXDWC4CXW Consum d&#039;energia E 176 Kwh/m² any Emissions E 36 Kg CO2/m² any</p>
<p>El preu no inclou impostos (ITP, IVA i AJD), ni les despeses de notari ni les de registre.</p>

<p>Casa de poble amb tres terrasses i local al cor de la Geltrú</p>
<p>¡Qué joya de propiedad tienes entre manos! Vivir en el casco antiguo de La Geltrú tiene esa magia especial de &#8220;pueblo dentro de la ciudad&#8221;.<br />
Busques un refugi amb encant, sol i tranquil·litat absoluta?<br />
Et presentem aquesta casa de 236m² construïts situada a l&#039;emblemàtic nucli medieval de la Geltrú. Situat en un carrer de vianants, al centre històric al costat de l&#039;Església i el Castell, aquest habitatge combina l&#039;essència rústica del nucli antic amb les comoditats d&#039;una construcció moderna (any 2001).<br />
La casa compta a peu de carrer amb un local, un gran magatzem de 120m² construïts, sostres alts, bany i gran porta per a accés a vehicles ia la part superior, un habitatge distribuït en dues plantes.<br />
L´habitatge es distribueix pensant en el confort i el gaudi de l´exterior: Planta Principal de 96 m² amb ampli i acollidor saló-menjador i una cuina independent. Totes dues estances tenen accés directe a una terrassa a nivell de 23 m², ideal per esmorzars o dinars a l&#039;aire lliure. Compte també amb 3 dormitoris amb dos balcons al carrer i un bany complet. La planta superior comprèn una zona funcional amb safareig i dues espectaculars terrasses solàrium de 33 m² i 36 m² respectivament, un espai infinit per crear el teu propi jardí urbà, zona de chill-out o gaudir de sopars sota les estrelles amb vistes privilegiades.<br />
Vine a descobrir aquest oasi de pau al cor de Vilanova i la Geltrú. T&#039;enamoraran les vistes!<br />
Cédula habitabilidad: CHB00054226002<br />
Certificat Energètic: Referència ZXDWC4CXW Consum d&#039;energia E 176 Kwh/m² any Emissions E 36 Kg CO2/m² any</p>
<p>El preu no inclou impostos (ITP, IVA i AJD), ni les despeses de notari ni les de registre.</p>
