{"id":1322180,"date":"2026-04-28T13:35:03","date_gmt":"2026-04-28T11:35:03","guid":{"rendered":"https:\/\/www.serra.immo\/propiedad\/ref-03-11706-1098-villa-de-lujo-en-venta\/"},"modified":"2026-04-28T13:35:03","modified_gmt":"2026-04-28T11:35:03","slug":"ref-03-11706-1098-vila-de-luxe-en-venda","status":"publish","type":"property","link":"https:\/\/www.serra.immo\/ca\/propiedad\/ref-03-11706-1098-villa-de-lujo-en-venta\/","title":{"rendered":"Ref. 03-11706\/1098 \u2013 Vila de luxe en venda"},"content":{"rendered":"<p>Villa de lujo con 331m\u00b2 \u00fatiles de superf\u00edcie y 1598m\u00b2 de parcela situada en el Tennis-L&#8217;Aragai, zona muy residencial de Vilanova i la Geltr\u00fa,  poblaci\u00f3n costera pr\u00f3xima a Sitges y solo a 30 minutos de Barcelona capital. Descubra la armon\u00eda perfecta entre dise\u00f1o y entorno. Esta villa se\u00f1orial destaca por sus interiores de alta gama y una distribuci\u00f3n pensada para el confort m\u00e1s exigente.<br \/>\nL\u00b4habitatge principal acull dues plantes amb interiors d\u00b4estil i acabats de qualitat excel\u00b7lent, amb calefacci\u00f3 i pou d\u00b4aigua que abasteix tota la casa de forma particular. Distribuci\u00f3 amb espais de dimensions \u00e0mplies configurant diferents ambients amb un marcat sentit d&#039;amplitud. A la planta inferior, a peu de jard\u00ed i piscina se situa un ampli i magn\u00edfic sal\u00f3-menjador-cuina amb xemeneia, ideal tant per a estiu com hivern, cantoner i amb amplis finestrals, molt assolellat. A la primera planta, una lluminosa zona de dia composta per espectacular sal\u00f3 de jocs, preci\u00f3s sal\u00f3-menjador amb altell, cuina amb office, quatre dormitoris, 1 suite \u00fanica amb armaris de fusta noble, bany amb banyera i plat de dutxa, banys complet, bany auxiliar i ampli porxo que est\u00e9n la vida quotidiana cap a l&#039;exterior. A la part posterior la propietat es completa amb celler, despatx, traster, bugaderia i garatge amb gran capacitat. <\/p>\n<p>L&#039;exterior ha estat concebut per gaudir de la propietat al m\u00e0xim amb estil mediterrani i relaxat: Un oasi privat amb jard\u00ed aut\u00f2cton, piscina d&#039;autor amb raigs i expectacular font art\u00edstica tipus cascada, barbacoa equipada amb llenyera, sol\u00e0rium i diverses zones de descans i sol\u00e0rium dissenyades per a la desconnexi\u00f3 absoluta.<br \/>\nUna propietat per als qui entenen que el luxe \u00e9s, per sobre de tot, llibertat i espai, <\/p>\n<p>C\u00e9dula habitabilitat CHB02544226<br \/>\nCertificat Energ\u00e8tic: Refer\u00e8ncia KX5T123CZ Consum d&#039;energia G 289 Kwh\/m\u00b2 any Emissions F 56 Kg CO2\/m\u00b2 any<\/p>\n<p>El preu no inclou impostos (ITP, IVA i AJD), ni les despeses de notari ni les de registre.<\/p>","protected":false},"excerpt":{"rendered":"<p>Villa de lujo con 331m\u00b2 \u00fatiles de superf\u00edcie y 1598m\u00b2 de parcela situada en el Tennis-L&#8217;Aragai, zona muy residencial de Vilanova i la Geltr\u00fa,  poblaci\u00f3n costera pr\u00f3xima a Sitges y solo a 30 minutos de Barcelona capital. Descubra la armon\u00eda perfecta entre dise\u00f1o y entorno. Esta villa se\u00f1orial destaca por sus interiores de alta gama y una distribuci\u00f3n pensada para el confort m\u00e1s exigente.<br \/>\nL\u00b4habitatge principal acull dues plantes amb interiors d\u00b4estil i acabats de qualitat excel\u00b7lent, amb calefacci\u00f3 i pou d\u00b4aigua que abasteix tota la casa de forma particular. Distribuci\u00f3 amb espais de dimensions \u00e0mplies configurant diferents ambients amb un marcat sentit d&#039;amplitud. A la planta inferior, a peu de jard\u00ed i piscina se situa un ampli i magn\u00edfic sal\u00f3-menjador-cuina amb xemeneia, ideal tant per a estiu com hivern, cantoner i amb amplis finestrals, molt assolellat. A la primera planta, una lluminosa zona de dia composta per espectacular sal\u00f3 de jocs, preci\u00f3s sal\u00f3-menjador amb altell, cuina amb office, quatre dormitoris, 1 suite \u00fanica amb armaris de fusta noble, bany amb banyera i plat de dutxa, banys complet, bany auxiliar i ampli porxo que est\u00e9n la vida quotidiana cap a l&#039;exterior. A la part posterior la propietat es completa amb celler, despatx, traster, bugaderia i garatge amb gran capacitat. <\/p>\n<p>L&#039;exterior ha estat concebut per gaudir de la propietat al m\u00e0xim amb estil mediterrani i relaxat: Un oasi privat amb jard\u00ed aut\u00f2cton, piscina d&#039;autor amb raigs i expectacular font art\u00edstica tipus cascada, barbacoa equipada amb llenyera, sol\u00e0rium i diverses zones de descans i sol\u00e0rium dissenyades per a la desconnexi\u00f3 absoluta.<br \/>\nUna propietat per als qui entenen que el luxe \u00e9s, per sobre de tot, llibertat i espai, <\/p>\n<p>C\u00e9dula habitabilitat CHB02544226<br \/>\nCertificat Energ\u00e8tic: Refer\u00e8ncia KX5T123CZ Consum d&#039;energia G 289 Kwh\/m\u00b2 any Emissions F 56 Kg CO2\/m\u00b2 any<\/p>\n<p>El preu no inclou impostos (ITP, IVA i AJD), ni les despeses de notari ni les de registre.<\/p>","protected":false},"author":4,"featured_media":1322181,"parent":0,"menu_order":0,"template":"","property_type":[835],"property_status":[371],"property_feature":[375,385,377,378],"property_label":[],"property_state":[],"property_city":[198],"property_area":[475],"class_list":["post-1322180","property","type-property","status-publish","has-post-thumbnail","hentry","property_type-viviendas","property_status-comprar","property_feature-calefaccion","property_feature-sureste","property_feature-terraza","property_feature-trastero","property_city-vilanova-i-la-geltru","property_area-laragai"],"property_meta":{"fave_currency":["EUR"],"fave_currency_info":[""],"fave_property_price":["1590000"],"fave_property_size":["331.00"],"fave_property_size_prefix":["m2"],"fave_property_land":["1598"],"fave_property_land_postfix":["m2"],"fave_property_bedrooms":["5"],"fave_property_bathrooms":["4"],"fave_property_garage":["1"],"fave_virtual_tour":["0"],"fave_property_map":["1"],"fave_property_id":["03-11706\/1098"],"fave_property_year":["1978"],"fave_property_zip":["08800"],"fave_featured":["0"],"houzez_featured_listing_date":[""],"fave_agent_display_option":["agent_info"],"fave_prop_homeslider":["no"],"fave_energy_class":["G"],"fave_energy_global_index":["289"],"fave_energy_performance":["F"],"fave_renewable_energy_global_index":["56"],"floor_plans":[""],"fave_multi_units":[""],"additional_features":[""],"fave_agents":["1179704"],"fave_property_agency":["1214635"],"fave_property_map_address":[null],"fave_property_location":["41.215509654808,1.7017480642587"],"houzez_geolocation_lat":["41.215509654808"],"houzez_geolocation_long":["1.7017480642587"],"aicat":["1"],"_wp_page_template":["default"],"fave_property_images":["1322181","1322181","1322182","1322183","1322184","1322185","1322186","1322187","1322188","1322189","1322190","1322191","1322192","1322193","1322194","1322195","1322196","1322197","1322198","1322199","1322200","1322201","1322202","1322203","1322204","1322205","1322206","1322207","1322208","1322209","1322210","1322211","1322212","1322213","1322214","1322215","1322216","1322217","1322218","1322219","1322220"],"_thumbnail_id":["1322181"],"houzez_total_property_views":["10"],"houzez_views_by_date":["a:1:{s:10:\"04-28-2026\";i:10;}"],"houzez_recently_viewed":["2026-04-29 00:14:42"],"_elementor_page_assets":["a:0:{}"]},"_links":{"self":[{"href":"https:\/\/www.serra.immo\/ca\/wp-json\/wp\/v2\/properties\/1322180","targetHints":{"allow":["GET"]}}],"collection":[{"href":"https:\/\/www.serra.immo\/ca\/wp-json\/wp\/v2\/properties"}],"about":[{"href":"https:\/\/www.serra.immo\/ca\/wp-json\/wp\/v2\/types\/property"}],"author":[{"embeddable":true,"href":"https:\/\/www.serra.immo\/ca\/wp-json\/wp\/v2\/users\/4"}],"version-history":[{"count":0,"href":"https:\/\/www.serra.immo\/ca\/wp-json\/wp\/v2\/properties\/1322180\/revisions"}],"wp:featuredmedia":[{"embeddable":true,"href":"https:\/\/www.serra.immo\/ca\/wp-json\/wp\/v2\/media\/1322181"}],"wp:attachment":[{"href":"https:\/\/www.serra.immo\/ca\/wp-json\/wp\/v2\/media?parent=1322180"}],"wp:term":[{"taxonomy":"property_type","embeddable":true,"href":"https:\/\/www.serra.immo\/ca\/wp-json\/wp\/v2\/property_type?post=1322180"},{"taxonomy":"property_status","embeddable":true,"href":"https:\/\/www.serra.immo\/ca\/wp-json\/wp\/v2\/property_status?post=1322180"},{"taxonomy":"property_feature","embeddable":true,"href":"https:\/\/www.serra.immo\/ca\/wp-json\/wp\/v2\/property_feature?post=1322180"},{"taxonomy":"property_label","embeddable":true,"href":"https:\/\/www.serra.immo\/ca\/wp-json\/wp\/v2\/property_label?post=1322180"},{"taxonomy":"property_state","embeddable":true,"href":"https:\/\/www.serra.immo\/ca\/wp-json\/wp\/v2\/property_state?post=1322180"},{"taxonomy":"property_city","embeddable":true,"href":"https:\/\/www.serra.immo\/ca\/wp-json\/wp\/v2\/property_city?post=1322180"},{"taxonomy":"property_area","embeddable":true,"href":"https:\/\/www.serra.immo\/ca\/wp-json\/wp\/v2\/property_area?post=1322180"}],"curies":[{"name":"wp","href":"https:\/\/api.w.org\/{rel}","templated":true}]}}

<p>Villa de lujo con 331m² útiles de superfície y 1598m² de parcela situada en el Tennis-L&#8217;Aragai, zona muy residencial de Vilanova i la Geltrú,  población costera próxima a Sitges y solo a 30 minutos de Barcelona capital. Descubra la armonía perfecta entre diseño y entorno. Esta villa señorial destaca por sus interiores de alta gama y una distribución pensada para el confort más exigente.<br />
L´habitatge principal acull dues plantes amb interiors d´estil i acabats de qualitat excel·lent, amb calefacció i pou d´aigua que abasteix tota la casa de forma particular. Distribució amb espais de dimensions àmplies configurant diferents ambients amb un marcat sentit d&#039;amplitud. A la planta inferior, a peu de jardí i piscina se situa un ampli i magnífic saló-menjador-cuina amb xemeneia, ideal tant per a estiu com hivern, cantoner i amb amplis finestrals, molt assolellat. A la primera planta, una lluminosa zona de dia composta per espectacular saló de jocs, preciós saló-menjador amb altell, cuina amb office, quatre dormitoris, 1 suite única amb armaris de fusta noble, bany amb banyera i plat de dutxa, banys complet, bany auxiliar i ampli porxo que estén la vida quotidiana cap a l&#039;exterior. A la part posterior la propietat es completa amb celler, despatx, traster, bugaderia i garatge amb gran capacitat. </p>
<p>L&#039;exterior ha estat concebut per gaudir de la propietat al màxim amb estil mediterrani i relaxat: Un oasi privat amb jardí autòcton, piscina d&#039;autor amb raigs i expectacular font artística tipus cascada, barbacoa equipada amb llenyera, solàrium i diverses zones de descans i solàrium dissenyades per a la desconnexió absoluta.<br />
Una propietat per als qui entenen que el luxe és, per sobre de tot, llibertat i espai, </p>
<p>Cédula habitabilitat CHB02544226<br />
Certificat Energètic: Referència KX5T123CZ Consum d&#039;energia G 289 Kwh/m² any Emissions F 56 Kg CO2/m² any</p>
<p>El preu no inclou impostos (ITP, IVA i AJD), ni les despeses de notari ni les de registre.</p>
