{"id":1322095,"date":"2026-04-30T01:30:57","date_gmt":"2026-04-29T23:30:57","guid":{"rendered":"https:\/\/www.serra.immo\/propiedad\/ref-56-1710-5106-magnifica-casa-independiente-en-calafell\/"},"modified":"2026-04-30T01:30:57","modified_gmt":"2026-04-29T23:30:57","slug":"ref-56-1710-5106-magnifica-casa-independent-a-calafell","status":"publish","type":"property","link":"https:\/\/www.serra.immo\/ca\/propiedad\/ref-56-1710-5106-magnifica-casa-independiente-en-calafell\/","title":{"rendered":"Ref. 56-1710\/5106 \u2013 Magn\u00edfica casa independent a Calafell"},"content":{"rendered":"<p>Presentem aquest bonic habitatge unifamiliar de 171 m\u00b2 constru\u00efts sobre una parcel\u00b7la de 511 m\u00b2, a punt per entrar a viure en una zona tranquil\u00b7la a pocs minuts de comer\u00e7os, platges i escoles.<\/p>\n<p>La planta baixa destaca per un sal\u00f3-menjador molt llumin\u00f3s amb xemeneia i sortida directa al jard\u00ed, cuina equipada amb bugaderia, una habitaci\u00f3 exterior i bany complet. A la primera planta s&#039;ubiquen tres habitacions exteriors addicionals, totes acollidores i confortables.<\/p>\n<p>L\u00b4habitatge disposa d\u00b4aire condicionat, calefacci\u00f3 el\u00e8ctrica i garatge annex. L\u00b4exterior \u00e9s un altre dels seus grans atractius, amb un jard\u00ed que ofereix diferents ambients, p\u00e8rgola i zona de barbacoa ideal per gaudir a l\u00b4aire lliure. Una oportunitat \u00fanica per comoditat i ubicaci\u00f3.<\/p>\n<p>Contacta&#039;ns per organitzar la teva visita!<br \/>\n___<br \/>\n&#8211; C\u00e9dula de habitabilidad: CHT<a href=\"tel:00615916001\">00615916001<\/a>.<br \/>\n&#8211; Certificado de Eficiencia Energ\u00e9tica: RSKYQS6NB.<br \/>\n&#8211; ITP: Tipo vigente (10%). Importe aproximado: 43.000 \u20ac.<br \/>\n&#8211; Gastos notariales: Seg\u00fan arancel notarial: Importe aproximado: 1.100 \u20ac.<br \/>\n&#8211; Gastos registrales: Seg\u00fan arancel registral: Importe aproximado: 750 \u20ac.<br \/>\n&#8211; Gestor\u00eda: Importe aproximado: 500 \u20ac + IVA.<br \/>\n&#8211; Total gastos de compraventa aproximados: 45.455 \u20ac (ITP + aprox. 2.455 \u20ac).<br \/>\n&#8211; Honorarios de agencia: A cargo exclusivo del vendedor.<br \/>\n&#8211; Condici\u00f3n de gran tenedor del propietario: NO.<br \/>\n&#8211; N\u00fam. Registre AICAT 6883 \/ API A11312.<br \/>\n&#8211; El mobiliario de las fotograf\u00edas no est\u00e1 incluido en el precio.<br \/>\n&#8211; Las superficies se han obtenido de documentos oficiales.<\/p>","protected":false},"excerpt":{"rendered":"<p>Presentem aquest bonic habitatge unifamiliar de 171 m\u00b2 constru\u00efts sobre una parcel\u00b7la de 511 m\u00b2, a punt per entrar a viure en una zona tranquil\u00b7la a pocs minuts de comer\u00e7os, platges i escoles.<\/p>\n<p>La planta baixa destaca per un sal\u00f3-menjador molt llumin\u00f3s amb xemeneia i sortida directa al jard\u00ed, cuina equipada amb bugaderia, una habitaci\u00f3 exterior i bany complet. A la primera planta s&#039;ubiquen tres habitacions exteriors addicionals, totes acollidores i confortables.<\/p>\n<p>L\u00b4habitatge disposa d\u00b4aire condicionat, calefacci\u00f3 el\u00e8ctrica i garatge annex. L\u00b4exterior \u00e9s un altre dels seus grans atractius, amb un jard\u00ed que ofereix diferents ambients, p\u00e8rgola i zona de barbacoa ideal per gaudir a l\u00b4aire lliure. Una oportunitat \u00fanica per comoditat i ubicaci\u00f3.<\/p>\n<p>Contacta&#039;ns per organitzar la teva visita!<br \/>\n___<br \/>\n&#8211; C\u00e9dula de habitabilidad: CHT00615916001.<br \/>\n&#8211; Certificado de Eficiencia Energ\u00e9tica: RSKYQS6NB.<br \/>\n&#8211; ITP: Tipo vigente (10%). Importe aproximado: 43.000 \u20ac.<br \/>\n&#8211; Gastos notariales: Seg\u00fan arancel notarial: Importe aproximado: 1.100 \u20ac.<br \/>\n&#8211; Gastos registrales: Seg\u00fan arancel registral: Importe aproximado: 750 \u20ac.<br \/>\n&#8211; Gestor\u00eda: Importe aproximado: 500 \u20ac + IVA.<br \/>\n&#8211; Total gastos de compraventa aproximados: 45.455 \u20ac (ITP + aprox. 2.455 \u20ac).<br \/>\n&#8211; Honorarios de agencia: A cargo exclusivo del vendedor.<br \/>\n&#8211; Condici\u00f3n de gran tenedor del propietario: NO.<br \/>\n&#8211; N\u00fam. Registre AICAT 6883 \/ API A11312.<br \/>\n&#8211; El mobiliario de las fotograf\u00edas no est\u00e1 incluido en el precio.<br \/>\n&#8211; Las superficies se han obtenido de documentos oficiales.<\/p>","protected":false},"author":4,"featured_media":1322863,"parent":0,"menu_order":0,"template":"","property_type":[835],"property_status":[371],"property_feature":[375,383,377,378],"property_label":[],"property_state":[],"property_city":[396],"property_area":[983],"class_list":["post-1322095","property","type-property","status-publish","has-post-thumbnail","hentry","property_type-viviendas","property_status-comprar","property_feature-calefaccion","property_feature-sur","property_feature-terraza","property_feature-trastero","property_city-segur-de-calafell","property_area-segur-platja"],"property_meta":{"fave_currency":["EUR"],"fave_currency_info":[""],"fave_property_price":["430000"],"fave_property_size":["130.00"],"fave_property_size_prefix":["m2"],"fave_property_land":["511"],"fave_property_land_postfix":["m2"],"fave_property_bedrooms":["4"],"fave_property_bathrooms":["2"],"fave_property_garage":["1"],"fave_virtual_tour":["0"],"fave_property_map":["1"],"fave_property_id":["56-1710\/5106"],"fave_property_year":["1990"],"fave_property_zip":["43882"],"fave_featured":["0"],"houzez_featured_listing_date":[""],"fave_agent_display_option":["agent_info"],"fave_prop_homeslider":["no"],"fave_energy_class":["E"],"fave_energy_global_index":["213"],"fave_energy_performance":["E"],"fave_renewable_energy_global_index":["36"],"floor_plans":[""],"fave_multi_units":[""],"additional_features":[""],"fave_agents":["1179704"],"fave_property_agency":["1214635"],"fave_property_map_address":[null],"fave_property_location":["41.194912914,1.60807419"],"houzez_geolocation_lat":["41.194912914"],"houzez_geolocation_long":["1.60807419"],"aicat":["1"],"_wp_page_template":["default"],"fave_property_images":["1322863","1322863","1322864","1322865","1322866","1322867","1322868","1322869","1322870","1322871","1322872","1322873","1322874","1322875","1322876","1322877","1322878","1322879","1322880","1322881","1322882","1322883","1322884","1322885","1322886","1322887","1322888","1322889","1322890","1322891","1322892","1322893","1322894","1322895","1322896","1322897","1322898"],"_thumbnail_id":["1322863"],"houzez_total_property_views":["3"],"houzez_views_by_date":["a:1:{s:10:\"04-30-2026\";i:3;}"],"houzez_recently_viewed":["2026-04-30 10:16:39"],"_elementor_page_assets":["a:0:{}"]},"_links":{"self":[{"href":"https:\/\/www.serra.immo\/ca\/wp-json\/wp\/v2\/properties\/1322095","targetHints":{"allow":["GET"]}}],"collection":[{"href":"https:\/\/www.serra.immo\/ca\/wp-json\/wp\/v2\/properties"}],"about":[{"href":"https:\/\/www.serra.immo\/ca\/wp-json\/wp\/v2\/types\/property"}],"author":[{"embeddable":true,"href":"https:\/\/www.serra.immo\/ca\/wp-json\/wp\/v2\/users\/4"}],"version-history":[{"count":0,"href":"https:\/\/www.serra.immo\/ca\/wp-json\/wp\/v2\/properties\/1322095\/revisions"}],"wp:featuredmedia":[{"embeddable":true,"href":"https:\/\/www.serra.immo\/ca\/wp-json\/wp\/v2\/media\/1322863"}],"wp:attachment":[{"href":"https:\/\/www.serra.immo\/ca\/wp-json\/wp\/v2\/media?parent=1322095"}],"wp:term":[{"taxonomy":"property_type","embeddable":true,"href":"https:\/\/www.serra.immo\/ca\/wp-json\/wp\/v2\/property_type?post=1322095"},{"taxonomy":"property_status","embeddable":true,"href":"https:\/\/www.serra.immo\/ca\/wp-json\/wp\/v2\/property_status?post=1322095"},{"taxonomy":"property_feature","embeddable":true,"href":"https:\/\/www.serra.immo\/ca\/wp-json\/wp\/v2\/property_feature?post=1322095"},{"taxonomy":"property_label","embeddable":true,"href":"https:\/\/www.serra.immo\/ca\/wp-json\/wp\/v2\/property_label?post=1322095"},{"taxonomy":"property_state","embeddable":true,"href":"https:\/\/www.serra.immo\/ca\/wp-json\/wp\/v2\/property_state?post=1322095"},{"taxonomy":"property_city","embeddable":true,"href":"https:\/\/www.serra.immo\/ca\/wp-json\/wp\/v2\/property_city?post=1322095"},{"taxonomy":"property_area","embeddable":true,"href":"https:\/\/www.serra.immo\/ca\/wp-json\/wp\/v2\/property_area?post=1322095"}],"curies":[{"name":"wp","href":"https:\/\/api.w.org\/{rel}","templated":true}]}}

Ref. 56-1710/5106 – Magnífica casa independent a Calafell

<p>Presentem aquest bonic habitatge unifamiliar de 171 m² construïts sobre una parcel·la de 511 m², a punt per entrar a viure en una zona tranquil·la a pocs minuts de comerços, platges i escoles.</p>
<p>La planta baixa destaca per un saló-menjador molt lluminós amb xemeneia i sortida directa al jardí, cuina equipada amb bugaderia, una habitació exterior i bany complet. A la primera planta s&#039;ubiquen tres habitacions exteriors addicionals, totes acollidores i confortables.</p>
<p>L´habitatge disposa d´aire condicionat, calefacció elèctrica i garatge annex. L´exterior és un altre dels seus grans atractius, amb un jardí que ofereix diferents ambients, pèrgola i zona de barbacoa ideal per gaudir a l´aire lliure. Una oportunitat única per comoditat i ubicació.</p>
<p>Contacta&#039;ns per organitzar la teva visita!<br />
___<br />
&#8211; Cédula de habitabilidad: CHT<a href="tel:00615916001">00615916001</a>.<br />
&#8211; Certificado de Eficiencia Energética: RSKYQS6NB.<br />
&#8211; ITP: Tipo vigente (10%). Importe aproximado: 43.000 €.<br />
&#8211; Gastos notariales: Según arancel notarial: Importe aproximado: 1.100 €.<br />
&#8211; Gastos registrales: Según arancel registral: Importe aproximado: 750 €.<br />
&#8211; Gestoría: Importe aproximado: 500 € + IVA.<br />
&#8211; Total gastos de compraventa aproximados: 45.455 € (ITP + aprox. 2.455 €).<br />
&#8211; Honorarios de agencia: A cargo exclusivo del vendedor.<br />
&#8211; Condición de gran tenedor del propietario: NO.<br />
&#8211; Núm. Registre AICAT 6883 / API A11312.<br />
&#8211; El mobiliario de las fotografías no está incluido en el precio.<br />
&#8211; Las superficies se han obtenido de documentos oficiales.</p>

<p>Presentem aquest bonic habitatge unifamiliar de 171 m² construïts sobre una parcel·la de 511 m², a punt per entrar a viure en una zona tranquil·la a pocs minuts de comerços, platges i escoles.</p>
<p>La planta baixa destaca per un saló-menjador molt lluminós amb xemeneia i sortida directa al jardí, cuina equipada amb bugaderia, una habitació exterior i bany complet. A la primera planta s&#039;ubiquen tres habitacions exteriors addicionals, totes acollidores i confortables.</p>
<p>L´habitatge disposa d´aire condicionat, calefacció elèctrica i garatge annex. L´exterior és un altre dels seus grans atractius, amb un jardí que ofereix diferents ambients, pèrgola i zona de barbacoa ideal per gaudir a l´aire lliure. Una oportunitat única per comoditat i ubicació.</p>
<p>Contacta&#039;ns per organitzar la teva visita!<br />
___<br />
&#8211; Cédula de habitabilidad: CHT00615916001.<br />
&#8211; Certificado de Eficiencia Energética: RSKYQS6NB.<br />
&#8211; ITP: Tipo vigente (10%). Importe aproximado: 43.000 €.<br />
&#8211; Gastos notariales: Según arancel notarial: Importe aproximado: 1.100 €.<br />
&#8211; Gastos registrales: Según arancel registral: Importe aproximado: 750 €.<br />
&#8211; Gestoría: Importe aproximado: 500 € + IVA.<br />
&#8211; Total gastos de compraventa aproximados: 45.455 € (ITP + aprox. 2.455 €).<br />
&#8211; Honorarios de agencia: A cargo exclusivo del vendedor.<br />
&#8211; Condición de gran tenedor del propietario: NO.<br />
&#8211; Núm. Registre AICAT 6883 / API A11312.<br />
&#8211; El mobiliario de las fotografías no está incluido en el precio.<br />
&#8211; Las superficies se han obtenido de documentos oficiales.</p>
