{"id":1322089,"date":"2026-04-29T13:39:41","date_gmt":"2026-04-29T11:39:41","guid":{"rendered":"https:\/\/www.serra.immo\/propiedad\/ref-56-1654-5106-atico-amplio-y-luminoso-en-pleno-centro-de-sant-pere-de-ribes\/"},"modified":"2026-04-29T13:39:41","modified_gmt":"2026-04-29T11:39:41","slug":"ref-56-1654-5106-atic-ampli-i-lluminos-al-centre-de-sant-pere-de-ribes","status":"publish","type":"property","link":"https:\/\/www.serra.immo\/ca\/propiedad\/ref-56-1654-5106-atico-amplio-y-luminoso-en-pleno-centro-de-sant-pere-de-ribes\/","title":{"rendered":"Ref. 56-1654\/5106 \u2013 \u00c0tic ampli i llumin\u00f3s al centre de Sant Pere de Ribes"},"content":{"rendered":"<p>Si busques un pis amb encant i sense ve\u00efns a dalt, aquesta \u00e9s una gran oportunitat.<\/p>\n<p>L&#039;habitatge totalment exterior ofereix una distribuci\u00f3 c\u00f2moda i pr\u00e0ctica. Destaca la seva agradable terrassa privada amb vistes clares a l&#039;esgl\u00e9sia, accessible directament des del sal\u00f3, cosa que garanteix llum natural tot el dia. La cuina \u00e9s independent i compta amb una pr\u00e0ctica zona de bugaderia exterior.<br \/>\nDisposa de 3 habitacions dobles, un bany complet i un lavabo, a m\u00e9s d\u00b4armaris encastats i calefacci\u00f3 per radiadors de gas natural.<\/p>\n<p>La seva ubicaci\u00f3 \u00e9s immillorable: al cor del municipi, amb tots els serveis, comer\u00e7os, col\u00b7legis i transport p\u00fablic a poca dist\u00e0ncia a peu per prescindir del cotxe en el dia a dia.<\/p>\n<p>Un \u00e0tic amb llum, vistes i espais que no es pot deixar escapar!<br \/>\n_____<br \/>\nPVP: 265.000 \u20ac \u2013 Despeses i impostos NO INCLOSOS. Cl\u00e0usula de Transpar\u00e8ncia (Llei 10\/2025, de 28 de desembre): El preu no inclou despeses i impostos dadquisici\u00f3 desglossats a continuaci\u00f3: Impost sobre Transmissions Patrimonials (ITP): Tipus vigent a Catalunya. Per aquest immoble el C\u00c0LCUL \u00e9s de 26.500 \u20ac. Trams: fins a 600.000\u20ac: 10%; de 600.001\u20ac a 900.000\u20ac: 11%; de 900.001\u20ac a 1.500.000\u20ac: 12%; m\u00e9s de 1.500.000\u20ac: 13%. (Hi ha tipus redu\u00efts del 5% i 7% per a joves \u226435 anys, fam\u00edlies nombroses, monoparentals o discapacitat, subjectes a l\u00edmits de renda). L&#039;ITP es merita sobre el Valor de Refer\u00e8ncia o preu de venda, el m\u00e9s gran de tots dos. Despeses de Notaria i Registre: Segons aranzels oficials (RD 1426\/1989 i RD 1427\/1989). Gesti\u00f3 (Gestoria): Entre 300\u20ac i 600\u20ac aprox. Honoraris Ag\u00e8ncia Venedor: Inclosos a PVP. Honoraris Ag\u00e8ncia Comprador: Nom\u00e9s en cas de serveis contractats d&#039;enc\u00e0rrec de compra, NO VINCULATS AL PREU. L&#039;ag\u00e8ncia actua com a intermedi\u00e0ria; venda subjecta a acceptaci\u00f3 del venedor i formalitzaci\u00f3 de contracte. Anunci informatiu, no contractual, subjecte a errors o omissions. Mobiliari no incl\u00f2s. Superf\u00edcies orientatives. Detalls sobre ITP i bonificacions a la web oficial de l&#039;Ag\u00e8ncia Tribut\u00e0ria Catalana (ATC). AICAT 6883\/API A11312.<\/p>","protected":false},"excerpt":{"rendered":"<p>Si busques un pis amb encant i sense ve\u00efns a dalt, aquesta \u00e9s una gran oportunitat.<\/p>\n<p>L&#039;habitatge totalment exterior ofereix una distribuci\u00f3 c\u00f2moda i pr\u00e0ctica. Destaca la seva agradable terrassa privada amb vistes clares a l&#039;esgl\u00e9sia, accessible directament des del sal\u00f3, cosa que garanteix llum natural tot el dia. La cuina \u00e9s independent i compta amb una pr\u00e0ctica zona de bugaderia exterior.<br \/>\nDisposa de 3 habitacions dobles, un bany complet i un lavabo, a m\u00e9s d\u00b4armaris encastats i calefacci\u00f3 per radiadors de gas natural.<\/p>\n<p>La seva ubicaci\u00f3 \u00e9s immillorable: al cor del municipi, amb tots els serveis, comer\u00e7os, col\u00b7legis i transport p\u00fablic a poca dist\u00e0ncia a peu per prescindir del cotxe en el dia a dia.<\/p>\n<p>Un \u00e0tic amb llum, vistes i espais que no es pot deixar escapar!<br \/>\n_____<br \/>\nPVP: 265.000 \u20ac \u2013 Despeses i impostos NO INCLOSOS. Cl\u00e0usula de Transpar\u00e8ncia (Llei 10\/2025, de 28 de desembre): El preu no inclou despeses i impostos dadquisici\u00f3 desglossats a continuaci\u00f3: Impost sobre Transmissions Patrimonials (ITP): Tipus vigent a Catalunya. Per aquest immoble el C\u00c0LCUL \u00e9s de 26.500 \u20ac. Trams: fins a 600.000\u20ac: 10%; de 600.001\u20ac a 900.000\u20ac: 11%; de 900.001\u20ac a 1.500.000\u20ac: 12%; m\u00e9s de 1.500.000\u20ac: 13%. (Hi ha tipus redu\u00efts del 5% i 7% per a joves \u226435 anys, fam\u00edlies nombroses, monoparentals o discapacitat, subjectes a l\u00edmits de renda). L&#039;ITP es merita sobre el Valor de Refer\u00e8ncia o preu de venda, el m\u00e9s gran de tots dos. Despeses de Notaria i Registre: Segons aranzels oficials (RD 1426\/1989 i RD 1427\/1989). Gesti\u00f3 (Gestoria): Entre 300\u20ac i 600\u20ac aprox. Honoraris Ag\u00e8ncia Venedor: Inclosos a PVP. Honoraris Ag\u00e8ncia Comprador: Nom\u00e9s en cas de serveis contractats d&#039;enc\u00e0rrec de compra, NO VINCULATS AL PREU. L&#039;ag\u00e8ncia actua com a intermedi\u00e0ria; venda subjecta a acceptaci\u00f3 del venedor i formalitzaci\u00f3 de contracte. Anunci informatiu, no contractual, subjecte a errors o omissions. Mobiliari no incl\u00f2s. Superf\u00edcies orientatives. Detalls sobre ITP i bonificacions a la web oficial de l&#039;Ag\u00e8ncia Tribut\u00e0ria Catalana (ATC). AICAT 6883\/API A11312.<\/p>","protected":false},"author":4,"featured_media":1322351,"parent":0,"menu_order":0,"template":"","property_type":[835],"property_status":[371],"property_feature":[375,377],"property_label":[],"property_state":[],"property_city":[210],"property_area":[199],"class_list":["post-1322089","property","type-property","status-publish","has-post-thumbnail","hentry","property_type-viviendas","property_status-comprar","property_feature-calefaccion","property_feature-terraza","property_city-sant-pere-de-ribes","property_area-centre"],"property_meta":{"fave_currency":["EUR"],"fave_currency_info":[""],"fave_property_price":["265000"],"fave_property_size":["90.00"],"fave_property_size_prefix":["m2"],"fave_property_land":["0"],"fave_property_land_postfix":["m2"],"fave_property_bedrooms":["3"],"fave_property_bathrooms":["2"],"fave_virtual_tour":["0"],"fave_property_map":["1"],"fave_property_id":["56-1654\/5106"],"fave_property_year":["1984"],"fave_property_zip":["08810"],"fave_featured":["0"],"houzez_featured_listing_date":[""],"fave_agent_display_option":["agent_info"],"fave_prop_homeslider":["no"],"fave_energy_class":["E"],"fave_energy_global_index":["210"],"fave_energy_performance":["E"],"fave_renewable_energy_global_index":["44"],"floor_plans":[""],"fave_multi_units":[""],"additional_features":[""],"fave_agents":["1179704"],"fave_property_agency":["1214635"],"fave_property_map_address":[null],"fave_property_location":["41.2592227557471,1.77276750946576"],"houzez_geolocation_lat":["41.2592227557471"],"houzez_geolocation_long":["1.77276750946576"],"aicat":["1"],"_wp_page_template":["default"],"fave_property_images":["1322351","1322351","1322352","1322353","1322354","1322355","1322356","1322357","1322358","1322359","1322360","1322361","1322362","1322363","1322364","1322365","1322366","1322367","1322368","1322369","1322370","1322371","1322372","1322373","1322374","1322375"],"_thumbnail_id":["1322351"],"houzez_total_property_views":["14"],"houzez_views_by_date":["a:2:{s:10:\"04-29-2026\";i:8;s:10:\"04-30-2026\";i:6;}"],"houzez_recently_viewed":["2026-04-30 10:31:03"],"_elementor_page_assets":["a:0:{}"],"wp-smush-lcp-data-74d994880603c391e1b14dedc88e38fc":["a:6:{s:8:\"selector\";s:24:\".property-featured-image\";s:14:\"selector_xpath\";s:70:\"\/html\/body\/main\/div[1]\/div[1]\/div\/div[1]\/div\/div\/div[2]\/div\/div[1]\/img\";s:11:\"selector_id\";s:0:\"\";s:14:\"selector_class\";s:48:\"property-featured-image w-100 h-100 left-0 top-0\";s:9:\"image_url\";s:66:\"https:\/\/www.serra.immo\/wp-content\/smush-webp\/2026\/04\/22-1.jpg.webp\";s:7:\"version\";i:0;}"]},"_links":{"self":[{"href":"https:\/\/www.serra.immo\/ca\/wp-json\/wp\/v2\/properties\/1322089","targetHints":{"allow":["GET"]}}],"collection":[{"href":"https:\/\/www.serra.immo\/ca\/wp-json\/wp\/v2\/properties"}],"about":[{"href":"https:\/\/www.serra.immo\/ca\/wp-json\/wp\/v2\/types\/property"}],"author":[{"embeddable":true,"href":"https:\/\/www.serra.immo\/ca\/wp-json\/wp\/v2\/users\/4"}],"version-history":[{"count":0,"href":"https:\/\/www.serra.immo\/ca\/wp-json\/wp\/v2\/properties\/1322089\/revisions"}],"wp:featuredmedia":[{"embeddable":true,"href":"https:\/\/www.serra.immo\/ca\/wp-json\/wp\/v2\/media\/1322351"}],"wp:attachment":[{"href":"https:\/\/www.serra.immo\/ca\/wp-json\/wp\/v2\/media?parent=1322089"}],"wp:term":[{"taxonomy":"property_type","embeddable":true,"href":"https:\/\/www.serra.immo\/ca\/wp-json\/wp\/v2\/property_type?post=1322089"},{"taxonomy":"property_status","embeddable":true,"href":"https:\/\/www.serra.immo\/ca\/wp-json\/wp\/v2\/property_status?post=1322089"},{"taxonomy":"property_feature","embeddable":true,"href":"https:\/\/www.serra.immo\/ca\/wp-json\/wp\/v2\/property_feature?post=1322089"},{"taxonomy":"property_label","embeddable":true,"href":"https:\/\/www.serra.immo\/ca\/wp-json\/wp\/v2\/property_label?post=1322089"},{"taxonomy":"property_state","embeddable":true,"href":"https:\/\/www.serra.immo\/ca\/wp-json\/wp\/v2\/property_state?post=1322089"},{"taxonomy":"property_city","embeddable":true,"href":"https:\/\/www.serra.immo\/ca\/wp-json\/wp\/v2\/property_city?post=1322089"},{"taxonomy":"property_area","embeddable":true,"href":"https:\/\/www.serra.immo\/ca\/wp-json\/wp\/v2\/property_area?post=1322089"}],"curies":[{"name":"wp","href":"https:\/\/api.w.org\/{rel}","templated":true}]}}

Ref. 56-1654/5106 – Àtic ampli i lluminós al centre de Sant Pere de Ribes

<p>Si busques un pis amb encant i sense veïns a dalt, aquesta és una gran oportunitat.</p>
<p>L&#039;habitatge totalment exterior ofereix una distribució còmoda i pràctica. Destaca la seva agradable terrassa privada amb vistes clares a l&#039;església, accessible directament des del saló, cosa que garanteix llum natural tot el dia. La cuina és independent i compta amb una pràctica zona de bugaderia exterior.<br />
Disposa de 3 habitacions dobles, un bany complet i un lavabo, a més d´armaris encastats i calefacció per radiadors de gas natural.</p>
<p>La seva ubicació és immillorable: al cor del municipi, amb tots els serveis, comerços, col·legis i transport públic a poca distància a peu per prescindir del cotxe en el dia a dia.</p>
<p>Un àtic amb llum, vistes i espais que no es pot deixar escapar!<br />
_____<br />
PVP: 265.000 € – Despeses i impostos NO INCLOSOS. Clàusula de Transparència (Llei 10/2025, de 28 de desembre): El preu no inclou despeses i impostos dadquisició desglossats a continuació: Impost sobre Transmissions Patrimonials (ITP): Tipus vigent a Catalunya. Per aquest immoble el CÀLCUL és de 26.500 €. Trams: fins a 600.000€: 10%; de 600.001€ a 900.000€: 11%; de 900.001€ a 1.500.000€: 12%; més de 1.500.000€: 13%. (Hi ha tipus reduïts del 5% i 7% per a joves ≤35 anys, famílies nombroses, monoparentals o discapacitat, subjectes a límits de renda). L&#039;ITP es merita sobre el Valor de Referència o preu de venda, el més gran de tots dos. Despeses de Notaria i Registre: Segons aranzels oficials (RD 1426/1989 i RD 1427/1989). Gestió (Gestoria): Entre 300€ i 600€ aprox. Honoraris Agència Venedor: Inclosos a PVP. Honoraris Agència Comprador: Només en cas de serveis contractats d&#039;encàrrec de compra, NO VINCULATS AL PREU. L&#039;agència actua com a intermediària; venda subjecta a acceptació del venedor i formalització de contracte. Anunci informatiu, no contractual, subjecte a errors o omissions. Mobiliari no inclòs. Superfícies orientatives. Detalls sobre ITP i bonificacions a la web oficial de l&#039;Agència Tributària Catalana (ATC). AICAT 6883/API A11312.</p>
