{"id":1320661,"date":"2026-04-23T03:04:10","date_gmt":"2026-04-23T01:04:10","guid":{"rendered":"https:\/\/www.serra.immo\/propiedad\/ref-948414-maravilloso-bajo-en-vilanova-i-la-geltru\/"},"modified":"2026-04-23T03:04:10","modified_gmt":"2026-04-23T01:04:10","slug":"ref-948414-meravellos-baix-a-vilanova-i-la-geltru","status":"publish","type":"property","link":"https:\/\/www.serra.immo\/ca\/propiedad\/ref-948414-maravilloso-bajo-en-vilanova-i-la-geltru\/","title":{"rendered":"Ref. 948414 \u2013 Meravell\u00f3s baix a Vilanova i la Geltr\u00fa"},"content":{"rendered":"<p>Housfy ven impressionant pis a La Geltr\u00fa.<\/p>\n\n\n\n<p>Descobriu aquest fant\u00e0stic habitatge en planta baixa totalment a estrenar, situat a l&#039;emblem\u00e0tic barri de La Geltr\u00fa, en una zona tranquil\u00b7la i amb tots els serveis a un pas.<\/p>\n\n\n\n<p>L\u00b4habitatge es distribueix en 3 habitacions, 1 bany complet i una moderna cuina oberta al sal\u00f3, creant un espai ampli, funcional i molt llumin\u00f3s.<br>Destaca especialment perqu\u00e8 tot l&#039;habitatge \u00e9s exterior, cosa que garanteix una excel\u00b7lent entrada de llum natural durant tot el dia.<\/p>\n\n\n\n<p>Ubicaci\u00f3 immillorable, a prop de comer\u00e7os, transport p\u00fablic, col\u00b7legis i serveis.<\/p>\n\n\n\n<p>Una oportunitat \u00fanica d&#039;estrenar habitatge a La Geltr\u00fa!<br>No ho dubtis m\u00e9s i contacta amb nosaltres per agendar una visita, aconseguirem la vivenda dels teus somnis.<\/p>\n\n\n\n<p>El preu de venda no inclou despeses de la compravenda com a notaria, registre, impostos, ni tampoc honoraris ag\u00e8ncia. Aquesta publicaci\u00f3 no \u00e9s vinculant. Consulta sempre la nota simple amb Housfy abans de formalitzar la compravenda.<\/p>\n\n\n\n<p>Sobre nosaltres.<\/p>\n\n\n\n<p>Housfy \u00e9s la plataforma integral de serveis immobiliaris. La nostra combinaci\u00f3 d&#039;experts i tecnologia posa a l&#039;abast de tothom serveis c\u00f2modes, clars i segurs. AICAT n\u00famero: 7922.<\/p>\n\n\n\n<p>Ens encarreguem de la gesti\u00f3 i assessorament de la compra. Oblida&#039;t de tot! Fem els tr\u00e0mits per tu. I, si a m\u00e9s necessites finan\u00e7ament, posem a la teva disposici\u00f3 un broker hipotecari per ajudar-te a aconseguir les millors condicions per al teu perfil econ\u00f2mic.<\/p>\n\n\n\n<p>Tens cap dubte? Pregunta&#039;ns sense comprom\u00eds o visita&#039;ns a housfy.com.<\/p>","protected":false},"excerpt":{"rendered":"<p>Housfy vende impresionante piso en La Geltr\u00fa. Descubre esta fant\u00e1stica vivienda en planta baja totalmente a estrenar, situada en el emblem\u00e1tico barrio de La Geltr\u00fa, en una zona tranquila y con todos los servicios a un paso. La vivienda se distribuye en 3 habitaciones, 1 ba\u00f1o completo y una moderna cocina abierta al sal\u00f3n, creando [&hellip;]<\/p>\n","protected":false},"author":5,"featured_media":1320662,"parent":0,"menu_order":0,"template":"","property_type":[958],"property_status":[371],"property_feature":[],"property_label":[],"property_state":[],"property_city":[198],"property_area":[],"class_list":["post-1320661","property","type-property","status-publish","has-post-thumbnail","hentry","property_type-bajo","property_status-comprar","property_city-vilanova-i-la-geltru"],"property_meta":{"fave_currency":["EUR"],"fave_currency_info":[""],"fave_property_price":["280000"],"fave_property_size":["102.00"],"fave_property_size_prefix":["m2"],"fave_property_land_postfix":["m2"],"fave_property_bedrooms":["3"],"fave_property_bathrooms":["1"],"fave_property_map":["1"],"fave_property_id":["948414"],"fave_property_zip":["08800"],"fave_featured":["1"],"houzez_featured_listing_date":["2026-04-23 03:04:10"],"fave_agent_display_option":["agent_info"],"fave_prop_homeslider":["no"],"fave_energy_class":["E"],"floor_plans":[""],"fave_multi_units":[""],"additional_features":[""],"fave_agents":["1276014"],"fave_property_agency":["1214647"],"fave_property_map_address":[null],"fave_property_location":["41.22608948,1.72761476"],"houzez_geolocation_lat":["41.22608948"],"houzez_geolocation_long":["1.72761476"],"propietat_serra":["1"],"_wp_page_template":["default"],"fave_property_images":["1320662","1320663","1320664","1320665","1320666","1320667","1320668","1320669","1320670","1320671","1320672","1320673","1320674","1320675","1320676","1320677","1320678","1320679","1320680","1320681","1320682","1320683","1320684","1320685","1320686","1321843"],"_thumbnail_id":["1320662"],"rank_math_internal_links_processed":["1"],"houzez_total_property_views":["11"],"houzez_views_by_date":["a:3:{s:10:\"04-23-2026\";i:6;s:10:\"04-24-2026\";i:2;s:10:\"04-26-2026\";i:3;}"],"houzez_recently_viewed":["2026-04-26 09:02:07"],"_elementor_page_assets":["a:0:{}"]},"_links":{"self":[{"href":"https:\/\/www.serra.immo\/ca\/wp-json\/wp\/v2\/properties\/1320661","targetHints":{"allow":["GET"]}}],"collection":[{"href":"https:\/\/www.serra.immo\/ca\/wp-json\/wp\/v2\/properties"}],"about":[{"href":"https:\/\/www.serra.immo\/ca\/wp-json\/wp\/v2\/types\/property"}],"author":[{"embeddable":true,"href":"https:\/\/www.serra.immo\/ca\/wp-json\/wp\/v2\/users\/5"}],"version-history":[{"count":1,"href":"https:\/\/www.serra.immo\/ca\/wp-json\/wp\/v2\/properties\/1320661\/revisions"}],"predecessor-version":[{"id":1321841,"href":"https:\/\/www.serra.immo\/ca\/wp-json\/wp\/v2\/properties\/1320661\/revisions\/1321841"}],"wp:featuredmedia":[{"embeddable":true,"href":"https:\/\/www.serra.immo\/ca\/wp-json\/wp\/v2\/media\/1320662"}],"wp:attachment":[{"href":"https:\/\/www.serra.immo\/ca\/wp-json\/wp\/v2\/media?parent=1320661"}],"wp:term":[{"taxonomy":"property_type","embeddable":true,"href":"https:\/\/www.serra.immo\/ca\/wp-json\/wp\/v2\/property_type?post=1320661"},{"taxonomy":"property_status","embeddable":true,"href":"https:\/\/www.serra.immo\/ca\/wp-json\/wp\/v2\/property_status?post=1320661"},{"taxonomy":"property_feature","embeddable":true,"href":"https:\/\/www.serra.immo\/ca\/wp-json\/wp\/v2\/property_feature?post=1320661"},{"taxonomy":"property_label","embeddable":true,"href":"https:\/\/www.serra.immo\/ca\/wp-json\/wp\/v2\/property_label?post=1320661"},{"taxonomy":"property_state","embeddable":true,"href":"https:\/\/www.serra.immo\/ca\/wp-json\/wp\/v2\/property_state?post=1320661"},{"taxonomy":"property_city","embeddable":true,"href":"https:\/\/www.serra.immo\/ca\/wp-json\/wp\/v2\/property_city?post=1320661"},{"taxonomy":"property_area","embeddable":true,"href":"https:\/\/www.serra.immo\/ca\/wp-json\/wp\/v2\/property_area?post=1320661"}],"curies":[{"name":"wp","href":"https:\/\/api.w.org\/{rel}","templated":true}]}}

Ref. 948414 – Meravellós baix a Vilanova i la Geltrú

<p>Housfy ven impressionant pis a La Geltrú.</p>



<p>Descobriu aquest fantàstic habitatge en planta baixa totalment a estrenar, situat a l&#039;emblemàtic barri de La Geltrú, en una zona tranquil·la i amb tots els serveis a un pas.</p>



<p>L´habitatge es distribueix en 3 habitacions, 1 bany complet i una moderna cuina oberta al saló, creant un espai ampli, funcional i molt lluminós.<br>Destaca especialment perquè tot l&#039;habitatge és exterior, cosa que garanteix una excel·lent entrada de llum natural durant tot el dia.</p>



<p>Ubicació immillorable, a prop de comerços, transport públic, col·legis i serveis.</p>



<p>Una oportunitat única d&#039;estrenar habitatge a La Geltrú!<br>No ho dubtis més i contacta amb nosaltres per agendar una visita, aconseguirem la vivenda dels teus somnis.</p>



<p>El preu de venda no inclou despeses de la compravenda com a notaria, registre, impostos, ni tampoc honoraris agència. Aquesta publicació no és vinculant. Consulta sempre la nota simple amb Housfy abans de formalitzar la compravenda.</p>



<p>Sobre nosaltres.</p>



<p>Housfy és la plataforma integral de serveis immobiliaris. La nostra combinació d&#039;experts i tecnologia posa a l&#039;abast de tothom serveis còmodes, clars i segurs. AICAT número: 7922.</p>



<p>Ens encarreguem de la gestió i assessorament de la compra. Oblida&#039;t de tot! Fem els tràmits per tu. I, si a més necessites finançament, posem a la teva disposició un broker hipotecari per ajudar-te a aconseguir les millors condicions per al teu perfil econòmic.</p>



<p>Tens cap dubte? Pregunta&#039;ns sense compromís o visita&#039;ns a housfy.com.</p>

<p>Housfy vende impresionante piso en La Geltrú. Descubre esta fantástica vivienda en planta baja totalmente a estrenar, situada en el emblemático barrio de La Geltrú, en una zona tranquila y con todos los servicios a un paso. La vivienda se distribuye en 3 habitaciones, 1 baño completo y una moderna cocina abierta al salón, creando [&hellip;]</p>
