{"id":1320059,"date":"2026-04-23T03:03:00","date_gmt":"2026-04-23T01:03:00","guid":{"rendered":"https:\/\/www.serra.immo\/propiedad\/ref-948200-chalet-independiente-con-piscina-y-jardin-en-cubelles\/"},"modified":"2026-04-23T03:03:00","modified_gmt":"2026-04-23T01:03:00","slug":"ref-948200-xalet-independent-amb-piscina-i-jardi-a-cubells","status":"publish","type":"property","link":"https:\/\/www.serra.immo\/ca\/propiedad\/ref-948200-chalet-independiente-con-piscina-y-jardin-en-cubelles\/","title":{"rendered":"Ref. 948200 \u2013 Xalet independent amb piscina i jard\u00ed a Cubelles"},"content":{"rendered":"<p>Housfy ven impressionant xalet independent a una tranquil\u00b7la zona residencial de Cubelles, envoltada de natura ia pocs minuts del centre i de les platges, amb r\u00e0pid acc\u00e9s a l&#039;autopista C-32 en direcci\u00f3 Barcelona i Tarragona.<\/p>\n\n\n\n<p>Constru\u00eft el 2005 i en excel\u00b7lent estat de conservaci\u00f3, aquest habitatge de 273 m\u00b2 constru\u00efts sobre una parcel\u00b7la de 490 m\u00b2 destaca per la lluminositat, l&#039;amplitud d&#039;espais i la distribuci\u00f3 funcional en tres plantes.<\/p>\n\n\n\n<p>La planta -1 compta amb una acollidora zona de lleure amb sal\u00f3 i elegant celler. La planta principal ofereix un ampli sal\u00f3-menjador amb xemeneia i sortida directa a la terrassa, cuina totalment equipada i tres habitacions. A la planta superior hi ha la suite principal amb zona d&#039;estar, vestidor, bany complet, traster i acc\u00e9s a una \u00e0mplia terrassa amb vistes clares a la piscina ia la muntanya.<\/p>\n\n\n\n<p>Els terres combinen fusta i marbre, aportant calidesa i estil a tota la vivenda.<\/p>\n\n\n\n<p>A l&#039;exterior, el xalet disposa d&#039;un jard\u00ed amb palmeres, piscina privada, zona de barbacoa i una \u00e0rea destinada a hort, perfecte per gaudir de l&#039;aire lliure i la tranquil\u00b7litat de l&#039;entorn.<\/p>\n\n\n\n<p>La propietat compta amb 5 habitacions, 4 banys, armaris de paret, calefacci\u00f3 a gasoil i aire condicionat, llesta per entrar a viure i gaudir d&#039;una vida c\u00f2moda i exclusiva a Cubelles.<\/p>\n\n\n\n<p>No ho dubtis m\u00e9s i contacta amb nosaltres per agendar una visita, aconseguirem la vivenda dels teus somnis.<\/p>\n\n\n\n<p>El preu de venda no inclou despeses de la compravenda com a notaria, registre, impostos, ni tampoc honoraris ag\u00e8ncia. Aquesta publicaci\u00f3 no \u00e9s vinculant. Consulta sempre la nota simple amb Housfy abans de formalitzar la compravenda.<\/p>\n\n\n\n<p>Sobre nosaltres.<\/p>\n\n\n\n<p>Housfy \u00e9s la plataforma integral de serveis immobiliaris. La nostra combinaci\u00f3 d&#039;experts i tecnologia posa a l&#039;abast de tothom serveis c\u00f2modes, clars i segurs. AICAT n\u00famero: 7922.<\/p>\n\n\n\n<p>Ens encarreguem de la gesti\u00f3 i assessorament de la compra. Oblida&#039;t de tot! Fem els tr\u00e0mits per tu. I, si a m\u00e9s necessites finan\u00e7ament, posem a la teva disposici\u00f3 un broker hipotecari per ajudar-te a aconseguir les millors condicions per al teu perfil econ\u00f2mic.<\/p>\n\n\n\n<p>Tens cap dubte? Pregunta&#039;ns sense comprom\u00eds o visita&#039;ns a housfy.com.<\/p>","protected":false},"excerpt":{"rendered":"<p>Housfy vende impresionante chalet independiente en una tranquila zona residencial de Cubelles, rodeada de naturaleza y a pocos minutos del centro y de las playas, con r\u00e1pido acceso a la autopista C-32 en direcci\u00f3n Barcelona y Tarragona. Construido en 2005 y en excelente estado de conservaci\u00f3n, esta vivienda de 273 m\u00b2 construidos sobre una parcela [&hellip;]<\/p>\n","protected":false},"author":5,"featured_media":1320060,"parent":0,"menu_order":0,"template":"","property_type":[835],"property_status":[371],"property_feature":[377],"property_label":[],"property_state":[],"property_city":[276],"property_area":[],"class_list":["post-1320059","property","type-property","status-publish","has-post-thumbnail","hentry","property_type-viviendas","property_status-comprar","property_feature-terraza","property_city-cubelles"],"property_meta":{"fave_currency":["EUR"],"fave_currency_info":[""],"fave_property_price":["475000"],"fave_property_size":["273.00"],"fave_property_size_prefix":["m2"],"fave_property_land_postfix":["m2"],"fave_property_bedrooms":["5"],"fave_property_bathrooms":["4"],"fave_property_map":["1"],"fave_property_id":["948200"],"fave_property_zip":["08880"],"fave_featured":["1"],"houzez_featured_listing_date":["2026-04-23 03:03:00"],"fave_agent_display_option":["agent_info"],"fave_prop_homeslider":["no"],"fave_energy_class":["E"],"floor_plans":[""],"fave_multi_units":[""],"additional_features":[""],"fave_agents":["1276014"],"fave_property_agency":["1214647"],"fave_property_map_address":[null],"fave_property_location":["41.22581482,1.65770674"],"houzez_geolocation_lat":["41.22581482"],"houzez_geolocation_long":["1.65770674"],"propietat_serra":["1"],"_wp_page_template":["default"],"fave_property_images":["1320060","1320061","1320062","1320063","1320064","1320065","1320066","1320067","1320068","1320069","1320070","1320071","1320072","1320073","1320074","1320075","1320076","1320077","1320078","1320079","1320080","1320081","1320082","1320083","1320084","1320085","1320086","1320087","1320088","1320089","1320091","1320092","1320093","1321821"],"_thumbnail_id":["1320060"],"rank_math_internal_links_processed":["1"],"houzez_total_property_views":["23"],"houzez_views_by_date":["a:5:{s:10:\"04-23-2026\";i:6;s:10:\"04-24-2026\";i:4;s:10:\"04-25-2026\";i:4;s:10:\"04-26-2026\";i:1;s:10:\"04-27-2026\";i:8;}"],"houzez_recently_viewed":["2026-04-27 15:52:41"],"_elementor_page_assets":["a:0:{}"],"wp-smush-lcp-data-621d4555ecb00c0cb79f7c7b82192254":["a:6:{s:8:\"selector\";s:24:\".property-featured-image\";s:14:\"selector_xpath\";s:70:\"\/html\/body\/main\/div[1]\/div[1]\/div\/div[1]\/div\/div\/div[2]\/div\/div[1]\/img\";s:11:\"selector_id\";s:0:\"\";s:14:\"selector_class\";s:48:\"property-featured-image w-100 h-100 left-0 top-0\";s:9:\"image_url\";s:106:\"https:\/\/www.serra.immo\/wp-content\/smush-webp\/2026\/04\/948200-housfy-20260327-owrLwPmU41-1200x800-1.jpg.webp\";s:7:\"version\";i:0;}"]},"_links":{"self":[{"href":"https:\/\/www.serra.immo\/ca\/wp-json\/wp\/v2\/properties\/1320059","targetHints":{"allow":["GET"]}}],"collection":[{"href":"https:\/\/www.serra.immo\/ca\/wp-json\/wp\/v2\/properties"}],"about":[{"href":"https:\/\/www.serra.immo\/ca\/wp-json\/wp\/v2\/types\/property"}],"author":[{"embeddable":true,"href":"https:\/\/www.serra.immo\/ca\/wp-json\/wp\/v2\/users\/5"}],"version-history":[{"count":2,"href":"https:\/\/www.serra.immo\/ca\/wp-json\/wp\/v2\/properties\/1320059\/revisions"}],"predecessor-version":[{"id":1321820,"href":"https:\/\/www.serra.immo\/ca\/wp-json\/wp\/v2\/properties\/1320059\/revisions\/1321820"}],"wp:featuredmedia":[{"embeddable":true,"href":"https:\/\/www.serra.immo\/ca\/wp-json\/wp\/v2\/media\/1320060"}],"wp:attachment":[{"href":"https:\/\/www.serra.immo\/ca\/wp-json\/wp\/v2\/media?parent=1320059"}],"wp:term":[{"taxonomy":"property_type","embeddable":true,"href":"https:\/\/www.serra.immo\/ca\/wp-json\/wp\/v2\/property_type?post=1320059"},{"taxonomy":"property_status","embeddable":true,"href":"https:\/\/www.serra.immo\/ca\/wp-json\/wp\/v2\/property_status?post=1320059"},{"taxonomy":"property_feature","embeddable":true,"href":"https:\/\/www.serra.immo\/ca\/wp-json\/wp\/v2\/property_feature?post=1320059"},{"taxonomy":"property_label","embeddable":true,"href":"https:\/\/www.serra.immo\/ca\/wp-json\/wp\/v2\/property_label?post=1320059"},{"taxonomy":"property_state","embeddable":true,"href":"https:\/\/www.serra.immo\/ca\/wp-json\/wp\/v2\/property_state?post=1320059"},{"taxonomy":"property_city","embeddable":true,"href":"https:\/\/www.serra.immo\/ca\/wp-json\/wp\/v2\/property_city?post=1320059"},{"taxonomy":"property_area","embeddable":true,"href":"https:\/\/www.serra.immo\/ca\/wp-json\/wp\/v2\/property_area?post=1320059"}],"curies":[{"name":"wp","href":"https:\/\/api.w.org\/{rel}","templated":true}]}}

Ref. 948200 – Xalet independent amb piscina i jardí a Cubelles

<p>Housfy ven impressionant xalet independent a una tranquil·la zona residencial de Cubelles, envoltada de natura ia pocs minuts del centre i de les platges, amb ràpid accés a l&#039;autopista C-32 en direcció Barcelona i Tarragona.</p>



<p>Construït el 2005 i en excel·lent estat de conservació, aquest habitatge de 273 m² construïts sobre una parcel·la de 490 m² destaca per la lluminositat, l&#039;amplitud d&#039;espais i la distribució funcional en tres plantes.</p>



<p>La planta -1 compta amb una acollidora zona de lleure amb saló i elegant celler. La planta principal ofereix un ampli saló-menjador amb xemeneia i sortida directa a la terrassa, cuina totalment equipada i tres habitacions. A la planta superior hi ha la suite principal amb zona d&#039;estar, vestidor, bany complet, traster i accés a una àmplia terrassa amb vistes clares a la piscina ia la muntanya.</p>



<p>Els terres combinen fusta i marbre, aportant calidesa i estil a tota la vivenda.</p>



<p>A l&#039;exterior, el xalet disposa d&#039;un jardí amb palmeres, piscina privada, zona de barbacoa i una àrea destinada a hort, perfecte per gaudir de l&#039;aire lliure i la tranquil·litat de l&#039;entorn.</p>



<p>La propietat compta amb 5 habitacions, 4 banys, armaris de paret, calefacció a gasoil i aire condicionat, llesta per entrar a viure i gaudir d&#039;una vida còmoda i exclusiva a Cubelles.</p>



<p>No ho dubtis més i contacta amb nosaltres per agendar una visita, aconseguirem la vivenda dels teus somnis.</p>



<p>El preu de venda no inclou despeses de la compravenda com a notaria, registre, impostos, ni tampoc honoraris agència. Aquesta publicació no és vinculant. Consulta sempre la nota simple amb Housfy abans de formalitzar la compravenda.</p>



<p>Sobre nosaltres.</p>



<p>Housfy és la plataforma integral de serveis immobiliaris. La nostra combinació d&#039;experts i tecnologia posa a l&#039;abast de tothom serveis còmodes, clars i segurs. AICAT número: 7922.</p>



<p>Ens encarreguem de la gestió i assessorament de la compra. Oblida&#039;t de tot! Fem els tràmits per tu. I, si a més necessites finançament, posem a la teva disposició un broker hipotecari per ajudar-te a aconseguir les millors condicions per al teu perfil econòmic.</p>



<p>Tens cap dubte? Pregunta&#039;ns sense compromís o visita&#039;ns a housfy.com.</p>

<p>Housfy vende impresionante chalet independiente en una tranquila zona residencial de Cubelles, rodeada de naturaleza y a pocos minutos del centro y de las playas, con rápido acceso a la autopista C-32 en dirección Barcelona y Tarragona. Construido en 2005 y en excelente estado de conservación, esta vivienda de 273 m² construidos sobre una parcela [&hellip;]</p>
