{"id":1319636,"date":"2026-04-23T03:02:28","date_gmt":"2026-04-23T01:02:28","guid":{"rendered":"https:\/\/www.serra.immo\/propiedad\/ref-976401\/"},"modified":"2026-04-23T03:02:28","modified_gmt":"2026-04-23T01:02:28","slug":"ref-976401","status":"publish","type":"property","link":"https:\/\/www.serra.immo\/ca\/propiedad\/ref-976401\/","title":{"rendered":"Ref. 976401 \u2013"},"content":{"rendered":"<p>Housfy ven ampli pis ubicat a Vilafranca del Pened\u00e8s, si busques una llar on no hi falti el sol i cada membre de la fam\u00edlia tingui el seu espai, aquest \u00e9s el teu pis. Ubicat a zona Sant Juli\u00e0, aquest habitatge destaca per la seva excel\u00b7lent orientaci\u00f3 i la seva distribuci\u00f3 funcional.<\/p>\n\n\n\n<p>Disposa de 90m2 \u00fatils (verificats amb la Direcci\u00f3 General de Cadastre). Constru\u00eft a l&#039;any: 1982.<\/p>\n\n\n\n<p>Distribuci\u00f3 d&#039;estades<br>-Sal\u00f3-menjador<br>-3 Dormitoris<br>-2 Banys<br>-Cuina equipada<\/p>\n\n\n\n<p>Caracter\u00edstiques espec\u00edfiques<br>-C\u00e9dula d&#039;habitabilitat<br>-Ascensor<br>-Armari encastat<br>-Aire condicionat<br>-Calefacci\u00f3<br>-S&#039;accepten mascotes<br>-Porta blindada<br>-Terrassa<br>-Vistes a la ciutat<br>-Safareig<\/p>\n\n\n\n<p>Zona i entorn<br>Pel que fa a la ubicaci\u00f3, se situa a Vilafranca del Pened\u00e8s, municipi de Barcelona. Aquesta propietat es troba a prop de transport p\u00fablic, col\u00b7legis, supermercats, institut i farm\u00e0cies.<\/p>\n\n\n\n<p>Av\u00eds legal<br>El preu de venda no inclou despeses de la compravenda com a notaria, registre, impostos, ni tampoc honoraris ag\u00e8ncia. Aquesta publicaci\u00f3 no \u00e9s vinculant. Consulta sempre la nota simple amb Housfy abans de formalitzar la compravenda.<\/p>\n\n\n\n<p>Sobre nosaltres<br>Housfy \u00e9s la plataforma integral de serveis immobiliaris. La nostra combinaci\u00f3 d&#039;experts i tecnologia posa a l&#039;abast de tothom serveis c\u00f2modes, clars i segurs. AICAT n\u00famero: 7922.<br>Ens encarreguem de la gesti\u00f3 i assessorament de la compra. Oblida&#039;t de tot! Fem els tr\u00e0mits per tu. I, si a m\u00e9s necessites finan\u00e7ament, posem a la teva disposici\u00f3 un broker hipotecari per ajudar-te a aconseguir les millors condicions per al teu perfil econ\u00f2mic.<\/p>\n\n\n\n<p>La vols visitar? Contacta amb Housfy i agenda la teva visita sense cap comprom\u00eds. M\u00e9s informaci\u00f3 a: housfy.com<\/p>","protected":false},"excerpt":{"rendered":"<p>Housfy vende amplio piso ubicado en Vilafranca del Pened\u00e8s, si buscas un hogar donde no falte el sol y cada miembro de la familia tenga su espacio, este es tu piso. Ubicado en zona Sant Juli\u00e0, esta vivienda destaca por su excelente orientaci\u00f3n y su distribuci\u00f3n funcional. Dispone de 90m2 \u00fatiles (verificados con la Direcci\u00f3n [&hellip;]<\/p>\n","protected":false},"author":5,"featured_media":1319637,"parent":0,"menu_order":0,"template":"","property_type":[835],"property_status":[371],"property_feature":[377],"property_label":[],"property_state":[],"property_city":[192],"property_area":[],"class_list":["post-1319636","property","type-property","status-publish","has-post-thumbnail","hentry","property_type-viviendas","property_status-comprar","property_feature-terraza","property_city-vilafranca-del-penedes"],"property_meta":{"fave_currency":["EUR"],"fave_currency_info":[""],"fave_property_price":["197000"],"fave_property_size":["119.00"],"fave_property_size_prefix":["m2"],"fave_property_land_postfix":["m2"],"fave_property_bedrooms":["3"],"fave_property_bathrooms":["2"],"fave_property_map":["1"],"fave_property_id":["976401"],"fave_property_zip":["08720"],"fave_featured":["1"],"houzez_featured_listing_date":["2026-04-23 03:02:28"],"fave_agent_display_option":["agent_info"],"fave_prop_homeslider":["no"],"fave_energy_class":["E"],"floor_plans":[""],"fave_multi_units":[""],"additional_features":[""],"fave_agents":["1276014"],"fave_property_agency":["1214647"],"fave_property_map_address":[null],"fave_property_location":["41.34473801,1.69537234"],"houzez_geolocation_lat":["41.34473801"],"houzez_geolocation_long":["1.69537234"],"propietat_serra":["1"],"_wp_page_template":["default"],"fave_property_images":["1319637","1319640","1319641","1319642","1319643","1319644","1319645","1319646","1319647","1319648","1319649","1319650","1319651","1319652","1319653","1319654","1319655","1319656","1319657","1319658","1319659","1319660","1319661","1319662","1319663","1319664","1319665","1319667","1319668","1319669","1319670","1319671","1319672","1319673","1319675"],"_thumbnail_id":["1319637"],"rank_math_internal_links_processed":["1"],"houzez_total_property_views":["70"],"houzez_views_by_date":["a:8:{s:10:\"04-23-2026\";i:9;s:10:\"04-24-2026\";i:17;s:10:\"04-25-2026\";i:4;s:10:\"04-26-2026\";i:7;s:10:\"04-27-2026\";i:14;s:10:\"04-28-2026\";i:9;s:10:\"04-29-2026\";i:6;s:10:\"04-30-2026\";i:4;}"],"houzez_recently_viewed":["2026-04-30 10:59:42"],"_elementor_page_assets":["a:0:{}"]},"_links":{"self":[{"href":"https:\/\/www.serra.immo\/ca\/wp-json\/wp\/v2\/properties\/1319636","targetHints":{"allow":["GET"]}}],"collection":[{"href":"https:\/\/www.serra.immo\/ca\/wp-json\/wp\/v2\/properties"}],"about":[{"href":"https:\/\/www.serra.immo\/ca\/wp-json\/wp\/v2\/types\/property"}],"author":[{"embeddable":true,"href":"https:\/\/www.serra.immo\/ca\/wp-json\/wp\/v2\/users\/5"}],"version-history":[{"count":1,"href":"https:\/\/www.serra.immo\/ca\/wp-json\/wp\/v2\/properties\/1319636\/revisions"}],"predecessor-version":[{"id":1319639,"href":"https:\/\/www.serra.immo\/ca\/wp-json\/wp\/v2\/properties\/1319636\/revisions\/1319639"}],"wp:featuredmedia":[{"embeddable":true,"href":"https:\/\/www.serra.immo\/ca\/wp-json\/wp\/v2\/media\/1319637"}],"wp:attachment":[{"href":"https:\/\/www.serra.immo\/ca\/wp-json\/wp\/v2\/media?parent=1319636"}],"wp:term":[{"taxonomy":"property_type","embeddable":true,"href":"https:\/\/www.serra.immo\/ca\/wp-json\/wp\/v2\/property_type?post=1319636"},{"taxonomy":"property_status","embeddable":true,"href":"https:\/\/www.serra.immo\/ca\/wp-json\/wp\/v2\/property_status?post=1319636"},{"taxonomy":"property_feature","embeddable":true,"href":"https:\/\/www.serra.immo\/ca\/wp-json\/wp\/v2\/property_feature?post=1319636"},{"taxonomy":"property_label","embeddable":true,"href":"https:\/\/www.serra.immo\/ca\/wp-json\/wp\/v2\/property_label?post=1319636"},{"taxonomy":"property_state","embeddable":true,"href":"https:\/\/www.serra.immo\/ca\/wp-json\/wp\/v2\/property_state?post=1319636"},{"taxonomy":"property_city","embeddable":true,"href":"https:\/\/www.serra.immo\/ca\/wp-json\/wp\/v2\/property_city?post=1319636"},{"taxonomy":"property_area","embeddable":true,"href":"https:\/\/www.serra.immo\/ca\/wp-json\/wp\/v2\/property_area?post=1319636"}],"curies":[{"name":"wp","href":"https:\/\/api.w.org\/{rel}","templated":true}]}}

<p>Housfy ven ampli pis ubicat a Vilafranca del Penedès, si busques una llar on no hi falti el sol i cada membre de la família tingui el seu espai, aquest és el teu pis. Ubicat a zona Sant Julià, aquest habitatge destaca per la seva excel·lent orientació i la seva distribució funcional.</p>



<p>Disposa de 90m2 útils (verificats amb la Direcció General de Cadastre). Construït a l&#039;any: 1982.</p>



<p>Distribució d&#039;estades<br>-Saló-menjador<br>-3 Dormitoris<br>-2 Banys<br>-Cuina equipada</p>



<p>Característiques específiques<br>-Cédula d&#039;habitabilitat<br>-Ascensor<br>-Armari encastat<br>-Aire condicionat<br>-Calefacció<br>-S&#039;accepten mascotes<br>-Porta blindada<br>-Terrassa<br>-Vistes a la ciutat<br>-Safareig</p>



<p>Zona i entorn<br>Pel que fa a la ubicació, se situa a Vilafranca del Penedès, municipi de Barcelona. Aquesta propietat es troba a prop de transport públic, col·legis, supermercats, institut i farmàcies.</p>



<p>Avís legal<br>El preu de venda no inclou despeses de la compravenda com a notaria, registre, impostos, ni tampoc honoraris agència. Aquesta publicació no és vinculant. Consulta sempre la nota simple amb Housfy abans de formalitzar la compravenda.</p>



<p>Sobre nosaltres<br>Housfy és la plataforma integral de serveis immobiliaris. La nostra combinació d&#039;experts i tecnologia posa a l&#039;abast de tothom serveis còmodes, clars i segurs. AICAT número: 7922.<br>Ens encarreguem de la gestió i assessorament de la compra. Oblida&#039;t de tot! Fem els tràmits per tu. I, si a més necessites finançament, posem a la teva disposició un broker hipotecari per ajudar-te a aconseguir les millors condicions per al teu perfil econòmic.</p>



<p>La vols visitar? Contacta amb Housfy i agenda la teva visita sense cap compromís. Més informació a: housfy.com</p>

<p>Housfy vende amplio piso ubicado en Vilafranca del Penedès, si buscas un hogar donde no falte el sol y cada miembro de la familia tenga su espacio, este es tu piso. Ubicado en zona Sant Julià, esta vivienda destaca por su excelente orientación y su distribución funcional. Dispone de 90m2 útiles (verificados con la Dirección [&hellip;]</p>
