{"id":1318500,"date":"2026-04-27T01:32:07","date_gmt":"2026-04-26T23:32:07","guid":{"rendered":"https:\/\/www.serra.immo\/propiedad\/ref-25-5475-1468-amplia-y-luminosa-casa-en-cubelles-corral-den-cona\/"},"modified":"2026-04-27T01:32:07","modified_gmt":"2026-04-26T23:32:07","slug":"ref-25-5475-1468-amplia-i-lluminosa-casa-a-cubells-corral-den-cona","status":"publish","type":"property","link":"https:\/\/www.serra.immo\/ca\/propiedad\/ref-25-5475-1468-amplia-y-luminosa-casa-en-cubelles-corral-den-cona\/","title":{"rendered":"Ref. 25-5475\/1468 \u2013 \u00c0mplia i lluminosa casa a Cubelles, Corral d&#039;en Cona"},"content":{"rendered":"<p>Exclusiva i espaiosa casa unifamiliar a\u00efllada, edificada en una gran parcel\u00b7la de 950 m2, totalment plana i amb acc\u00e9s des de dues carrers diferents. <\/p>\n<p>La finca est\u00e0 ubicada a Cubelles, a la urbanitzaci\u00f3 Corral d&#039;en Cona, al costat mateix de la zona de Santa Maria i l&#039;ambulatori de la Seguretat Social, al mateix poble, un lloc que ofereix un entorn tranquil i familiar, convertint-se en un lloc ideal per viure-hi tot l&#039;any o per segones resid\u00e8ncies gr\u00e0cies al seu entorn privilegiat i bones comunicacions. A m\u00e9s, compta amb establiments comercials i sanitaris de proximitat per a una major comoditat.<\/p>\n<p>La casa que es troba constru\u00efda en un ampli pla de 950 m\u00b2, ofereix 4 habitacions dobles, una d&#039;elles situada a la planta baixa de l&#039;habitatge, per facilitar l&#039;acc\u00e9s, 2 banys \u00e0mplis, una cuina oberta al menjador, un gran sal\u00f3 menjador amb sortida a terrassa i al jard\u00ed, garatge per a 2 vehicles, amb sostres. envolta tota lhabitatge i on construir una gran piscina. Est\u00e0 registrada una superf\u00edcie de lhabitatge de 235 m\u00b2 i \u00fatil 150 m2.<\/p>\n<p>L&#039;habitatge es distribueix en planta baixa on est\u00e0 ubicat el garatge a la zona posterior de l&#039;entrada ocupant una superf\u00edcie constru\u00efda de 60 metres quadrats, l&#039;habitatge en planta baixa ocupa una superf\u00edcie constru\u00efda de 85 metres quadrats i t\u00e9 una terrassa amb acc\u00e9s pel menjador-estar i un precioso porxo; i la primera planta est\u00e0 composta de tres habitacions i un bany, ocupant una superf\u00edcie constru\u00efda de 75 metres quadrats i dues terrasses. A m\u00e9s, una de les terrasses de l&#039;habitatge es troba coberta i destinada a una sala polivalent, ideal per a estudi, gimn\u00e0s, sala de cinema, de lectura\u2026<\/p>\n<p>L&#039;habitatge es troba en bon estat, tot i que necessita reformes d&#039;actualitzaci\u00f3, aix\u00ed com el tancament del jard\u00ed. Es veuen sense moblar ni equipar.<\/p>\n<p>L&#039;habitatge disposa de c\u00e8dula d&#039;habitabilitat (CHB<a href=\"tel:05244425001\">05244425001<\/a>), amb validesa fins a 09\/09\/2040 i de certificat energ\u00e8tic (E 246 kw i E 54 kg), v\u00e0lid fins a la data 16\/08\/2035.<\/p>\n<p>En compliment de les obligacions d&#039;informaci\u00f3 previstes a la Llei 10\/2025, de 28 de desembre, de serveis d&#039;atenci\u00f3 al client i transpar\u00e8ncia, aix\u00ed com a la normativa sectorial vigent, es fa constar que el preu de venda indicat inclou els honoraris de l&#039;ag\u00e8ncia i no inclou les despeses i els impostos inherents a l&#039;adquisici\u00f3, els quals es desglossen a<br \/>\n* Impost de Transmissions Patrimonials (ITP): S&#039;aplicar\u00e0 el tipus impositiu vigent a la Comunitat Aut\u00f2noma de Catalunya (Valor de l&#039;Immoble fins a 600.000 \u20ac = 10% (39.800, resultant un import de 437.800 \u20ac), sense perjudici dels tipus redu\u00efts del 5 import de 19.900,00 \u20ac i un import resultant de 417.900 \u20ac, sent del 20% en el cas dels grans tenedors 79.600 \u20ac, resultant un import de 477.600\u20ac).<br \/>\n* Gastos de Not\u00e0ria: Els honoraris notarials es calcularan conforme el tarifari oficial regulat a l&#039;Annex I, del Reial Decret 1426\/1989, de 17 de novembre, pel qual s&#039;aprova el tarifari Notarial.<br \/>\n* Gastos de Registre: La inscripci\u00f3 al Registre de la Propietat es facturar\u00e0 segons el tarifari oficial establert a l&#039;ANNEX I, del Reial Decret 1427\/1989, de 17 de novembre, pel qual s&#039;aprova el tarifari Notarial.<br \/>\n* Gastos de Gesti\u00f3 (Gest\u00f2ria): Els honoraris per la tramitaci\u00f3 administrativa, liquidaci\u00f3 d&#039;impostos i inscripci\u00f3 registral. Aquests tres darrers gastos ascendeixen a un import aproximat de 2.000 \u20ac.<br \/>\n* Honoraris de l&#039;Ag\u00e8ncia inclosos al PVP. Per a una informaci\u00f3 exhaustiva sobre el funcionament, tipus impositius i bonificacions de l&#039;ITP a Catalunya, podeu consultar el portal oficial de l&#039;Ag\u00e8ncia Tribut\u00e0ria de l&#039;Ag\u00e8ncia Tribut\u00e0ria Catalana, a l&#039;enlla\u00e7 seg\u00fcent:<br \/>\nhttps:\/\/atc.gencat.cat\/ca\/tributs\/itpajd\/tpo\/tarifes-tipus\/;<\/p>","protected":false},"excerpt":{"rendered":"<p>Exclusiva i espaiosa casa unifamiliar a\u00efllada, edificada en una gran parcel\u00b7la de 950 m2, totalment plana i amb acc\u00e9s des de dues carrers diferents. <\/p>\n<p>La finca est\u00e0 ubicada a Cubelles, a la urbanitzaci\u00f3 Corral d&#039;en Cona, al costat mateix de la zona de Santa Maria i l&#039;ambulatori de la Seguretat Social, al mateix poble, un lloc que ofereix un entorn tranquil i familiar, convertint-se en un lloc ideal per viure-hi tot l&#039;any o per segones resid\u00e8ncies gr\u00e0cies al seu entorn privilegiat i bones comunicacions. A m\u00e9s, compta amb establiments comercials i sanitaris de proximitat per a una major comoditat.<\/p>\n<p>La casa que es troba constru\u00efda en un ampli pla de 950 m\u00b2, ofereix 4 habitacions dobles, una d&#039;elles situada a la planta baixa de l&#039;habitatge, per facilitar l&#039;acc\u00e9s, 2 banys \u00e0mplis, una cuina oberta al menjador, un gran sal\u00f3 menjador amb sortida a terrassa i al jard\u00ed, garatge per a 2 vehicles, amb sostres. envolta tota lhabitatge i on construir una gran piscina. Est\u00e0 registrada una superf\u00edcie de lhabitatge de 235 m\u00b2 i \u00fatil 150 m2.<\/p>\n<p>L&#039;habitatge es distribueix en planta baixa on est\u00e0 ubicat el garatge a la zona posterior de l&#039;entrada ocupant una superf\u00edcie constru\u00efda de 60 metres quadrats, l&#039;habitatge en planta baixa ocupa una superf\u00edcie constru\u00efda de 85 metres quadrats i t\u00e9 una terrassa amb acc\u00e9s pel menjador-estar i un precioso porxo; i la primera planta est\u00e0 composta de tres habitacions i un bany, ocupant una superf\u00edcie constru\u00efda de 75 metres quadrats i dues terrasses. A m\u00e9s, una de les terrasses de l&#039;habitatge es troba coberta i destinada a una sala polivalent, ideal per a estudi, gimn\u00e0s, sala de cinema, de lectura\u2026<\/p>\n<p>L&#039;habitatge es troba en bon estat, tot i que necessita reformes d&#039;actualitzaci\u00f3, aix\u00ed com el tancament del jard\u00ed. Es veuen sense moblar ni equipar.<\/p>\n<p>L&#039;habitatge disposa de c\u00e8dula d&#039;habitabilitat (CHB05244425001), amb validesa fins a 09\/09\/2040 i de certificat energ\u00e8tic (E 246 kw i E 54 kg), v\u00e0lid fins a la data 16\/08\/2035.<\/p>\n<p>En compliment de les obligacions d&#039;informaci\u00f3 previstes a la Llei 10\/2025, de 28 de desembre, de serveis d&#039;atenci\u00f3 al client i transpar\u00e8ncia, aix\u00ed com a la normativa sectorial vigent, es fa constar que el preu de venda indicat inclou els honoraris de l&#039;ag\u00e8ncia i no inclou les despeses i els impostos inherents a l&#039;adquisici\u00f3, els quals es desglossen a<br \/>\n* Impost de Transmissions Patrimonials (ITP): S&#039;aplicar\u00e0 el tipus impositiu vigent a la Comunitat Aut\u00f2noma de Catalunya (Valor de l&#039;Immoble fins a 600.000 \u20ac = 10% (39.800, resultant un import de 437.800 \u20ac), sense perjudici dels tipus redu\u00efts del 5 import de 19.900,00 \u20ac i un import resultant de 417.900 \u20ac, sent del 20% en el cas dels grans tenedors 79.600 \u20ac, resultant un import de 477.600\u20ac).<br \/>\n* Gastos de Not\u00e0ria: Els honoraris notarials es calcularan conforme el tarifari oficial regulat a l&#039;Annex I, del Reial Decret 1426\/1989, de 17 de novembre, pel qual s&#039;aprova el tarifari Notarial.<br \/>\n* Gastos de Registre: La inscripci\u00f3 al Registre de la Propietat es facturar\u00e0 segons el tarifari oficial establert a l&#039;ANNEX I, del Reial Decret 1427\/1989, de 17 de novembre, pel qual s&#039;aprova el tarifari Notarial.<br \/>\n* Gastos de Gesti\u00f3 (Gest\u00f2ria): Els honoraris per la tramitaci\u00f3 administrativa, liquidaci\u00f3 d&#039;impostos i inscripci\u00f3 registral. Aquests tres darrers gastos ascendeixen a un import aproximat de 2.000 \u20ac.<br \/>\n* Honoraris de l&#039;Ag\u00e8ncia inclosos al PVP. Per a una informaci\u00f3 exhaustiva sobre el funcionament, tipus impositius i bonificacions de l&#039;ITP a Catalunya, podeu consultar el portal oficial de l&#039;Ag\u00e8ncia Tribut\u00e0ria de l&#039;Ag\u00e8ncia Tribut\u00e0ria Catalana, a l&#039;enlla\u00e7 seg\u00fcent:<br \/>\nhttps:\/\/atc.gencat.cat\/ca\/tributs\/itpajd\/tpo\/tarifes-tipus\/;<\/p>","protected":false},"author":4,"featured_media":1318501,"parent":0,"menu_order":0,"template":"","property_type":[835],"property_status":[371],"property_feature":[],"property_label":[],"property_state":[],"property_city":[276],"property_area":[402],"class_list":["post-1318500","property","type-property","status-publish","has-post-thumbnail","hentry","property_type-viviendas","property_status-comprar","property_city-cubelles","property_area-corral-den-cona"],"property_meta":{"fave_currency":["EUR"],"fave_currency_info":[""],"fave_property_price":["398000"],"fave_property_size":["198.00"],"fave_property_size_prefix":["m2"],"fave_property_land":["0"],"fave_property_land_postfix":["m2"],"fave_property_bedrooms":["4"],"fave_property_bathrooms":["2"],"fave_property_garage":["1"],"fave_virtual_tour":["0"],"fave_property_map":["1"],"fave_property_id":["25-5475\/1468"],"fave_property_year":["1997"],"fave_property_zip":["08880"],"fave_featured":["0"],"houzez_featured_listing_date":[""],"fave_agent_display_option":["agent_info"],"fave_prop_homeslider":["no"],"fave_energy_class":["E"],"fave_energy_global_index":["245.99"],"fave_energy_performance":["E"],"fave_renewable_energy_global_index":["55"],"floor_plans":[""],"fave_multi_units":[""],"additional_features":[""],"fave_agents":["1179704"],"fave_property_agency":["1214635"],"fave_property_map_address":[null],"fave_property_location":["41.21989187,1.66897997"],"houzez_geolocation_lat":["41.21989187"],"houzez_geolocation_long":["1.66897997"],"aicat":["1"],"_wp_page_template":["default"],"fave_property_images":["1318501","1318501","1318502","1318503","1318504","1318505","1318506","1318507","1318508","1318509","1318510","1318511","1318512","1318513","1318514","1318515","1318516","1318517","1318518","1318519","1318520","1318521","1318522","1318523","1318524","1318525","1318526","1318527","1318528","1318529","1318530","1318531"],"_thumbnail_id":["1318501"],"houzez_total_property_views":["5"],"houzez_views_by_date":["a:2:{s:10:\"04-27-2026\";i:4;s:10:\"04-28-2026\";i:1;}"],"houzez_recently_viewed":["2026-04-28 04:02:30"],"_elementor_page_assets":["a:0:{}"],"_oembed_4eb22e2e0a0449ea80d09f3393b9d402":["{{unknown}}"]},"_links":{"self":[{"href":"https:\/\/www.serra.immo\/ca\/wp-json\/wp\/v2\/properties\/1318500","targetHints":{"allow":["GET"]}}],"collection":[{"href":"https:\/\/www.serra.immo\/ca\/wp-json\/wp\/v2\/properties"}],"about":[{"href":"https:\/\/www.serra.immo\/ca\/wp-json\/wp\/v2\/types\/property"}],"author":[{"embeddable":true,"href":"https:\/\/www.serra.immo\/ca\/wp-json\/wp\/v2\/users\/4"}],"version-history":[{"count":0,"href":"https:\/\/www.serra.immo\/ca\/wp-json\/wp\/v2\/properties\/1318500\/revisions"}],"wp:featuredmedia":[{"embeddable":true,"href":"https:\/\/www.serra.immo\/ca\/wp-json\/wp\/v2\/media\/1318501"}],"wp:attachment":[{"href":"https:\/\/www.serra.immo\/ca\/wp-json\/wp\/v2\/media?parent=1318500"}],"wp:term":[{"taxonomy":"property_type","embeddable":true,"href":"https:\/\/www.serra.immo\/ca\/wp-json\/wp\/v2\/property_type?post=1318500"},{"taxonomy":"property_status","embeddable":true,"href":"https:\/\/www.serra.immo\/ca\/wp-json\/wp\/v2\/property_status?post=1318500"},{"taxonomy":"property_feature","embeddable":true,"href":"https:\/\/www.serra.immo\/ca\/wp-json\/wp\/v2\/property_feature?post=1318500"},{"taxonomy":"property_label","embeddable":true,"href":"https:\/\/www.serra.immo\/ca\/wp-json\/wp\/v2\/property_label?post=1318500"},{"taxonomy":"property_state","embeddable":true,"href":"https:\/\/www.serra.immo\/ca\/wp-json\/wp\/v2\/property_state?post=1318500"},{"taxonomy":"property_city","embeddable":true,"href":"https:\/\/www.serra.immo\/ca\/wp-json\/wp\/v2\/property_city?post=1318500"},{"taxonomy":"property_area","embeddable":true,"href":"https:\/\/www.serra.immo\/ca\/wp-json\/wp\/v2\/property_area?post=1318500"}],"curies":[{"name":"wp","href":"https:\/\/api.w.org\/{rel}","templated":true}]}}

Ref. 25-5475/1468 – Àmplia i lluminosa casa a Cubelles, Corral d&#039;en Cona

<p>Exclusiva i espaiosa casa unifamiliar aïllada, edificada en una gran parcel·la de 950 m2, totalment plana i amb accés des de dues carrers diferents. </p>
<p>La finca està ubicada a Cubelles, a la urbanització Corral d&#039;en Cona, al costat mateix de la zona de Santa Maria i l&#039;ambulatori de la Seguretat Social, al mateix poble, un lloc que ofereix un entorn tranquil i familiar, convertint-se en un lloc ideal per viure-hi tot l&#039;any o per segones residències gràcies al seu entorn privilegiat i bones comunicacions. A més, compta amb establiments comercials i sanitaris de proximitat per a una major comoditat.</p>
<p>La casa que es troba construïda en un ampli pla de 950 m², ofereix 4 habitacions dobles, una d&#039;elles situada a la planta baixa de l&#039;habitatge, per facilitar l&#039;accés, 2 banys àmplis, una cuina oberta al menjador, un gran saló menjador amb sortida a terrassa i al jardí, garatge per a 2 vehicles, amb sostres. envolta tota lhabitatge i on construir una gran piscina. Està registrada una superfície de lhabitatge de 235 m² i útil 150 m2.</p>
<p>L&#039;habitatge es distribueix en planta baixa on està ubicat el garatge a la zona posterior de l&#039;entrada ocupant una superfície construïda de 60 metres quadrats, l&#039;habitatge en planta baixa ocupa una superfície construïda de 85 metres quadrats i té una terrassa amb accés pel menjador-estar i un precioso porxo; i la primera planta està composta de tres habitacions i un bany, ocupant una superfície construïda de 75 metres quadrats i dues terrasses. A més, una de les terrasses de l&#039;habitatge es troba coberta i destinada a una sala polivalent, ideal per a estudi, gimnàs, sala de cinema, de lectura…</p>
<p>L&#039;habitatge es troba en bon estat, tot i que necessita reformes d&#039;actualització, així com el tancament del jardí. Es veuen sense moblar ni equipar.</p>
<p>L&#039;habitatge disposa de cèdula d&#039;habitabilitat (CHB<a href="tel:05244425001">05244425001</a>), amb validesa fins a 09/09/2040 i de certificat energètic (E 246 kw i E 54 kg), vàlid fins a la data 16/08/2035.</p>
<p>En compliment de les obligacions d&#039;informació previstes a la Llei 10/2025, de 28 de desembre, de serveis d&#039;atenció al client i transparència, així com a la normativa sectorial vigent, es fa constar que el preu de venda indicat inclou els honoraris de l&#039;agència i no inclou les despeses i els impostos inherents a l&#039;adquisició, els quals es desglossen a<br />
* Impost de Transmissions Patrimonials (ITP): S&#039;aplicarà el tipus impositiu vigent a la Comunitat Autònoma de Catalunya (Valor de l&#039;Immoble fins a 600.000 € = 10% (39.800, resultant un import de 437.800 €), sense perjudici dels tipus reduïts del 5 import de 19.900,00 € i un import resultant de 417.900 €, sent del 20% en el cas dels grans tenedors 79.600 €, resultant un import de 477.600€).<br />
* Gastos de Notària: Els honoraris notarials es calcularan conforme el tarifari oficial regulat a l&#039;Annex I, del Reial Decret 1426/1989, de 17 de novembre, pel qual s&#039;aprova el tarifari Notarial.<br />
* Gastos de Registre: La inscripció al Registre de la Propietat es facturarà segons el tarifari oficial establert a l&#039;ANNEX I, del Reial Decret 1427/1989, de 17 de novembre, pel qual s&#039;aprova el tarifari Notarial.<br />
* Gastos de Gestió (Gestòria): Els honoraris per la tramitació administrativa, liquidació d&#039;impostos i inscripció registral. Aquests tres darrers gastos ascendeixen a un import aproximat de 2.000 €.<br />
* Honoraris de l&#039;Agència inclosos al PVP. Per a una informació exhaustiva sobre el funcionament, tipus impositius i bonificacions de l&#039;ITP a Catalunya, podeu consultar el portal oficial de l&#039;Agència Tributària de l&#039;Agència Tributària Catalana, a l&#039;enllaç següent:<br />
https://atc.gencat.cat/ca/tributs/itpajd/tpo/tarifes-tipus/;</p>

<p>Exclusiva i espaiosa casa unifamiliar aïllada, edificada en una gran parcel·la de 950 m2, totalment plana i amb accés des de dues carrers diferents. </p>
<p>La finca està ubicada a Cubelles, a la urbanització Corral d&#039;en Cona, al costat mateix de la zona de Santa Maria i l&#039;ambulatori de la Seguretat Social, al mateix poble, un lloc que ofereix un entorn tranquil i familiar, convertint-se en un lloc ideal per viure-hi tot l&#039;any o per segones residències gràcies al seu entorn privilegiat i bones comunicacions. A més, compta amb establiments comercials i sanitaris de proximitat per a una major comoditat.</p>
<p>La casa que es troba construïda en un ampli pla de 950 m², ofereix 4 habitacions dobles, una d&#039;elles situada a la planta baixa de l&#039;habitatge, per facilitar l&#039;accés, 2 banys àmplis, una cuina oberta al menjador, un gran saló menjador amb sortida a terrassa i al jardí, garatge per a 2 vehicles, amb sostres. envolta tota lhabitatge i on construir una gran piscina. Està registrada una superfície de lhabitatge de 235 m² i útil 150 m2.</p>
<p>L&#039;habitatge es distribueix en planta baixa on està ubicat el garatge a la zona posterior de l&#039;entrada ocupant una superfície construïda de 60 metres quadrats, l&#039;habitatge en planta baixa ocupa una superfície construïda de 85 metres quadrats i té una terrassa amb accés pel menjador-estar i un precioso porxo; i la primera planta està composta de tres habitacions i un bany, ocupant una superfície construïda de 75 metres quadrats i dues terrasses. A més, una de les terrasses de l&#039;habitatge es troba coberta i destinada a una sala polivalent, ideal per a estudi, gimnàs, sala de cinema, de lectura…</p>
<p>L&#039;habitatge es troba en bon estat, tot i que necessita reformes d&#039;actualització, així com el tancament del jardí. Es veuen sense moblar ni equipar.</p>
<p>L&#039;habitatge disposa de cèdula d&#039;habitabilitat (CHB05244425001), amb validesa fins a 09/09/2040 i de certificat energètic (E 246 kw i E 54 kg), vàlid fins a la data 16/08/2035.</p>
<p>En compliment de les obligacions d&#039;informació previstes a la Llei 10/2025, de 28 de desembre, de serveis d&#039;atenció al client i transparència, així com a la normativa sectorial vigent, es fa constar que el preu de venda indicat inclou els honoraris de l&#039;agència i no inclou les despeses i els impostos inherents a l&#039;adquisició, els quals es desglossen a<br />
* Impost de Transmissions Patrimonials (ITP): S&#039;aplicarà el tipus impositiu vigent a la Comunitat Autònoma de Catalunya (Valor de l&#039;Immoble fins a 600.000 € = 10% (39.800, resultant un import de 437.800 €), sense perjudici dels tipus reduïts del 5 import de 19.900,00 € i un import resultant de 417.900 €, sent del 20% en el cas dels grans tenedors 79.600 €, resultant un import de 477.600€).<br />
* Gastos de Notària: Els honoraris notarials es calcularan conforme el tarifari oficial regulat a l&#039;Annex I, del Reial Decret 1426/1989, de 17 de novembre, pel qual s&#039;aprova el tarifari Notarial.<br />
* Gastos de Registre: La inscripció al Registre de la Propietat es facturarà segons el tarifari oficial establert a l&#039;ANNEX I, del Reial Decret 1427/1989, de 17 de novembre, pel qual s&#039;aprova el tarifari Notarial.<br />
* Gastos de Gestió (Gestòria): Els honoraris per la tramitació administrativa, liquidació d&#039;impostos i inscripció registral. Aquests tres darrers gastos ascendeixen a un import aproximat de 2.000 €.<br />
* Honoraris de l&#039;Agència inclosos al PVP. Per a una informació exhaustiva sobre el funcionament, tipus impositius i bonificacions de l&#039;ITP a Catalunya, podeu consultar el portal oficial de l&#039;Agència Tributària de l&#039;Agència Tributària Catalana, a l&#039;enllaç següent:<br />
https://atc.gencat.cat/ca/tributs/itpajd/tpo/tarifes-tipus/;</p>
