{"id":1315917,"date":"2026-05-01T13:32:58","date_gmt":"2026-05-01T11:32:58","guid":{"rendered":"https:\/\/www.serra.immo\/propiedad\/ref-14-5267-1213-casa-unifamiliar-en-vilanova-i-la-geltru-zona-pi-torrat\/"},"modified":"2026-05-01T13:32:58","modified_gmt":"2026-05-01T11:32:58","slug":"ref-14-5267-1213-casa-unifamiliar-a-vilanova-i-la-geltru-zona-pi-torrat","status":"publish","type":"property","link":"https:\/\/www.serra.immo\/ca\/propiedad\/ref-14-5267-1213-casa-unifamiliar-en-vilanova-i-la-geltru-zona-pi-torrat\/","title":{"rendered":"Ref. 14-5267\/1213 \u2013 CASA UNIFAMILIAR A VILANOVA I LA GELTR\u00da \u2013 ZONA PI TORRAT!!"},"content":{"rendered":"<p>CASA UNIFAMILIAR A VILANOVA I LA GELTR\u00da \u2013 ZONA PI TORRAT!!<\/p>\n<p>Habitatge unifamiliar independent situat a la tranquil\u00b7la zona r\u00fastica, Pi Torrat, a Vilanova i la Geltr\u00fa, un entorn residencial envoltat de natura i amb f\u00e0cil acc\u00e9s a la ciutat. La propietat compta amb una superf\u00edcie constru\u00efda de 239 m\u00b2 i aproximadament 100 m\u00b2 \u00fatils, distribu\u00efts en tres plantes, cosa que ofereix amplis espais i m\u00faltiples possibilitats per reformar i adaptar-la al gust del futur propietari.<\/p>\n<p>A peu de carrer trobem la planta baixa, on la vivenda disposa d\u00b4un jard\u00ed d\u00b4aproximadament 200 m\u00b2 amb piscina i zona preparada per a barbacoa, ideal per gaudir de l\u00b4aire lliure i reunions familiars. En aquesta planta tamb\u00e9 s&#039;hi ubica el garatge amb capacitat per a un cotxe, un celler i tres estades addicionals que es poden destinar a traster, taller o zona d&#039;oci. A m\u00e9s, hi ha un espai preparat per instal\u00b7lar un bany.<\/p>\n<p>La primera planta correspon a la vivenda principal. En accedir-hi trobem un rebedor que distribueix les estances. La casa disposa de tres habitacions, una amb vestidor, un bany complet amb banyera, una cuina independent i un ampli sal\u00f3 menjador a dues altures amb llar de foc que aporta calidesa a l&#039;estada i amb sortida directa a una terrassa exterior.<\/p>\n<p>A la planta superior hi ha unes golfes amb acc\u00e9s a un terrat des del qual es poden gaudir agradables vistes obertes a la muntanya i al mar, cosa que aporta un espai addicional amb molt d&#039;encant i possibilitats.<\/p>\n<p>L&#039;habitatge compta amb fusteria exterior d&#039;alumini, fusteria interior de roure i terres de gres. Disposa a m\u00e9s de pou comunitari. Es tracta d&#039;una casa per reformar, amb gran potencial per personalitzar-la i convertir-la en un habitatge \u00fanic en una zona tranquil\u00b7la i envoltada de natura.<\/p>\n<p>El preu no inclou impostos, despeses notarials, registrals ni de gestoria. El preu tampoc inclou el mobiliari que pugui apar\u00e8ixer a les imatges.<\/p>","protected":false},"excerpt":{"rendered":"<p>CASA UNIFAMILIAR A VILANOVA I LA GELTR\u00da \u2013 ZONA PI TORRAT!!<\/p>\n<p>Habitatge unifamiliar independent situat a la tranquil\u00b7la zona r\u00fastica, Pi Torrat, a Vilanova i la Geltr\u00fa, un entorn residencial envoltat de natura i amb f\u00e0cil acc\u00e9s a la ciutat. La propietat compta amb una superf\u00edcie constru\u00efda de 239 m\u00b2 i aproximadament 100 m\u00b2 \u00fatils, distribu\u00efts en tres plantes, cosa que ofereix amplis espais i m\u00faltiples possibilitats per reformar i adaptar-la al gust del futur propietari.<\/p>\n<p>A peu de carrer trobem la planta baixa, on la vivenda disposa d\u00b4un jard\u00ed d\u00b4aproximadament 200 m\u00b2 amb piscina i zona preparada per a barbacoa, ideal per gaudir de l\u00b4aire lliure i reunions familiars. En aquesta planta tamb\u00e9 s&#039;hi ubica el garatge amb capacitat per a un cotxe, un celler i tres estades addicionals que es poden destinar a traster, taller o zona d&#039;oci. A m\u00e9s, hi ha un espai preparat per instal\u00b7lar un bany.<\/p>\n<p>La primera planta correspon a la vivenda principal. En accedir-hi trobem un rebedor que distribueix les estances. La casa disposa de tres habitacions, una amb vestidor, un bany complet amb banyera, una cuina independent i un ampli sal\u00f3 menjador a dues altures amb llar de foc que aporta calidesa a l&#039;estada i amb sortida directa a una terrassa exterior.<\/p>\n<p>A la planta superior hi ha unes golfes amb acc\u00e9s a un terrat des del qual es poden gaudir agradables vistes obertes a la muntanya i al mar, cosa que aporta un espai addicional amb molt d&#039;encant i possibilitats.<\/p>\n<p>L&#039;habitatge compta amb fusteria exterior d&#039;alumini, fusteria interior de roure i terres de gres. Disposa a m\u00e9s de pou comunitari. Es tracta d&#039;una casa per reformar, amb gran potencial per personalitzar-la i convertir-la en un habitatge \u00fanic en una zona tranquil\u00b7la i envoltada de natura.<\/p>\n<p>El preu no inclou impostos, despeses notarials, registrals ni de gestoria. El preu tampoc inclou el mobiliari que pugui apar\u00e8ixer a les imatges.<\/p>","protected":false},"author":4,"featured_media":1315918,"parent":0,"menu_order":0,"template":"","property_type":[835],"property_status":[371],"property_feature":[377,378],"property_label":[],"property_state":[],"property_city":[198],"property_area":[986],"class_list":["post-1315917","property","type-property","status-publish","has-post-thumbnail","hentry","property_type-viviendas","property_status-comprar","property_feature-terraza","property_feature-trastero","property_city-vilanova-i-la-geltru","property_area-eixample-nord"],"property_meta":{"fave_currency":["EUR"],"fave_currency_info":[""],"fave_property_price":["249000"],"fave_property_size":["100.00"],"fave_property_size_prefix":["m2"],"fave_property_land":["494"],"fave_property_land_postfix":["m2"],"fave_property_bedrooms":["3"],"fave_property_bathrooms":["1"],"fave_property_garage":["1"],"fave_virtual_tour":["0"],"fave_property_map":["1"],"fave_property_id":["14-5267\/1213"],"fave_property_year":["1976"],"fave_property_zip":["08800"],"fave_featured":["0"],"houzez_featured_listing_date":[""],"fave_agent_display_option":["agent_info"],"fave_prop_homeslider":["no"],"fave_energy_class":["F"],"fave_energy_global_index":["315"],"fave_energy_performance":["F"],"fave_renewable_energy_global_index":["65"],"floor_plans":[""],"fave_multi_units":[""],"additional_features":[""],"fave_agents":["1179704"],"fave_property_agency":["1214635"],"fave_property_map_address":[null],"fave_property_location":["41.221818149,1.699926928"],"houzez_geolocation_lat":["41.221818149"],"houzez_geolocation_long":["1.699926928"],"aicat":["1"],"_wp_page_template":["default"],"fave_property_images":["1315918","1315918","1315919","1315920","1315921","1315922","1315923","1315924","1315925","1315926","1315927","1315928","1315929","1315930","1315931","1315932","1315933","1315934","1315935","1315936","1315937","1315938","1315939","1315940","1315941","1315942","1315943","1315944","1315945","1315946","1315947","1315948","1315949","1315950","1315951","1315952"],"_thumbnail_id":["1315918"],"houzez_total_property_views":["3"],"houzez_views_by_date":["a:1:{s:10:\"05-01-2026\";i:3;}"],"houzez_recently_viewed":["2026-05-02 00:05:06"],"_elementor_page_assets":["a:0:{}"],"wp-smush-lcp-data-e60e51cb898ea68aeba253dc0e1c6703":["a:6:{s:8:\"selector\";s:70:\".img-wrap-1houzez-trigger-popup-slider-js > .logo-wrapper > .img-fluid\";s:14:\"selector_xpath\";s:90:\"\/html\/body\/main\/div[1]\/div[1]\/div\/div[1]\/div\/div\/div[2]\/div\/div[2]\/div\/div[1]\/a\/div\/img[1]\";s:11:\"selector_id\";s:0:\"\";s:14:\"selector_class\";s:9:\"img-fluid\";s:9:\"image_url\";s:68:\"https:\/\/www.serra.immo\/wp-content\/smush-webp\/2026\/03\/2-1-10.jpg.webp\";s:7:\"version\";i:0;}"]},"_links":{"self":[{"href":"https:\/\/www.serra.immo\/ca\/wp-json\/wp\/v2\/properties\/1315917","targetHints":{"allow":["GET"]}}],"collection":[{"href":"https:\/\/www.serra.immo\/ca\/wp-json\/wp\/v2\/properties"}],"about":[{"href":"https:\/\/www.serra.immo\/ca\/wp-json\/wp\/v2\/types\/property"}],"author":[{"embeddable":true,"href":"https:\/\/www.serra.immo\/ca\/wp-json\/wp\/v2\/users\/4"}],"version-history":[{"count":0,"href":"https:\/\/www.serra.immo\/ca\/wp-json\/wp\/v2\/properties\/1315917\/revisions"}],"wp:featuredmedia":[{"embeddable":true,"href":"https:\/\/www.serra.immo\/ca\/wp-json\/wp\/v2\/media\/1315918"}],"wp:attachment":[{"href":"https:\/\/www.serra.immo\/ca\/wp-json\/wp\/v2\/media?parent=1315917"}],"wp:term":[{"taxonomy":"property_type","embeddable":true,"href":"https:\/\/www.serra.immo\/ca\/wp-json\/wp\/v2\/property_type?post=1315917"},{"taxonomy":"property_status","embeddable":true,"href":"https:\/\/www.serra.immo\/ca\/wp-json\/wp\/v2\/property_status?post=1315917"},{"taxonomy":"property_feature","embeddable":true,"href":"https:\/\/www.serra.immo\/ca\/wp-json\/wp\/v2\/property_feature?post=1315917"},{"taxonomy":"property_label","embeddable":true,"href":"https:\/\/www.serra.immo\/ca\/wp-json\/wp\/v2\/property_label?post=1315917"},{"taxonomy":"property_state","embeddable":true,"href":"https:\/\/www.serra.immo\/ca\/wp-json\/wp\/v2\/property_state?post=1315917"},{"taxonomy":"property_city","embeddable":true,"href":"https:\/\/www.serra.immo\/ca\/wp-json\/wp\/v2\/property_city?post=1315917"},{"taxonomy":"property_area","embeddable":true,"href":"https:\/\/www.serra.immo\/ca\/wp-json\/wp\/v2\/property_area?post=1315917"}],"curies":[{"name":"wp","href":"https:\/\/api.w.org\/{rel}","templated":true}]}}

Ref. 14-5267/1213 – CASA UNIFAMILIAR A VILANOVA I LA GELTRÚ – ZONA PI TORRAT!!

<p>CASA UNIFAMILIAR A VILANOVA I LA GELTRÚ – ZONA PI TORRAT!!</p>
<p>Habitatge unifamiliar independent situat a la tranquil·la zona rústica, Pi Torrat, a Vilanova i la Geltrú, un entorn residencial envoltat de natura i amb fàcil accés a la ciutat. La propietat compta amb una superfície construïda de 239 m² i aproximadament 100 m² útils, distribuïts en tres plantes, cosa que ofereix amplis espais i múltiples possibilitats per reformar i adaptar-la al gust del futur propietari.</p>
<p>A peu de carrer trobem la planta baixa, on la vivenda disposa d´un jardí d´aproximadament 200 m² amb piscina i zona preparada per a barbacoa, ideal per gaudir de l´aire lliure i reunions familiars. En aquesta planta també s&#039;hi ubica el garatge amb capacitat per a un cotxe, un celler i tres estades addicionals que es poden destinar a traster, taller o zona d&#039;oci. A més, hi ha un espai preparat per instal·lar un bany.</p>
<p>La primera planta correspon a la vivenda principal. En accedir-hi trobem un rebedor que distribueix les estances. La casa disposa de tres habitacions, una amb vestidor, un bany complet amb banyera, una cuina independent i un ampli saló menjador a dues altures amb llar de foc que aporta calidesa a l&#039;estada i amb sortida directa a una terrassa exterior.</p>
<p>A la planta superior hi ha unes golfes amb accés a un terrat des del qual es poden gaudir agradables vistes obertes a la muntanya i al mar, cosa que aporta un espai addicional amb molt d&#039;encant i possibilitats.</p>
<p>L&#039;habitatge compta amb fusteria exterior d&#039;alumini, fusteria interior de roure i terres de gres. Disposa a més de pou comunitari. Es tracta d&#039;una casa per reformar, amb gran potencial per personalitzar-la i convertir-la en un habitatge únic en una zona tranquil·la i envoltada de natura.</p>
<p>El preu no inclou impostos, despeses notarials, registrals ni de gestoria. El preu tampoc inclou el mobiliari que pugui aparèixer a les imatges.</p>
