{"id":1315850,"date":"2026-05-01T13:32:30","date_gmt":"2026-05-01T11:32:30","guid":{"rendered":"https:\/\/www.serra.immo\/propiedad\/ref-03-11704-1098-casa-esquinera-seminueva-con-jardin-a-5-min-de-la-playa\/"},"modified":"2026-05-01T13:32:30","modified_gmt":"2026-05-01T11:32:30","slug":"ref-03-11704-1098-casa-cantonera-seminova-amb-jardi-a-5-min-de-la-platja","status":"publish","type":"property","link":"https:\/\/www.serra.immo\/ca\/propiedad\/ref-03-11704-1098-casa-esquinera-seminueva-con-jardin-a-5-min-de-la-playa\/","title":{"rendered":"Ref. 03-11704\/1098 \u2013 Casa cantonera seminova amb jard\u00ed a 5 min de la platja"},"content":{"rendered":"<p>Casa cantonera seminova amb jard\u00ed a 5 min de la platja<br \/>\nSi busques tranquil\u00b7litat, llum natural i viure a prop del mar, aquesta casa cantonera a tres vents constru\u00efda el 2018 \u00e9s una excel\u00b7lent oportunitat.<br \/>\nUbicada en una zona residencial tranquil\u00b7la de Cunit, a tan sols 5 minuts amb cotxe de la platja, aquest habitatge combina comoditat, espai exterior i qualitat de vida.<br \/>\nLa casa es distribueix en dues plantes i es troba en una parcel\u00b7la de 252 m\u00b2 amb un bonic jard\u00ed que l\u00b4envolta, ideal per gaudir del clima mediterrani, menjars al\u00b4aire lliure o moments de relax.<br \/>\nLa seva distribuci\u00f3 compta amb un ampli sal\u00f3-menjador amb sortida directa al jard\u00ed per dos amplis finestrals, cuina office funcional, equipada i lluminosa, 3 dormitoris, 2 banys.<br \/>\nCunit, a la Costa Daurada, ofereix un entorn mediterrani privilegiat amb 2,5 km de platges de sorra fina, perfecte tant per viure tot l&#039;any com per a segona resid\u00e8ncia.<br \/>\nUn habitatge llest per entrar a viure i gaudir del mar i la tranquil\u00b7litat.<br \/>\nContacta per m\u00e9s informaci\u00f3 o per concertar una visita.<br \/>\nEl preu no inclou impostos (ITP, IVA i AJD), ni les despeses de notari ni les de registre.<br \/>\nC\u00e8dula habitabilitat CHT<a href=\"tel:00908818001\">00908818001<\/a><br \/>\nCertificat Energ\u00e8tic: Refer\u00e8ncia 4HRWJ1XNB Consum d&#039;energia C 60 Kwh\/m\u00b2 any Emissions C 15 Kg CO2\/m\u00b2 any<\/p>","protected":false},"excerpt":{"rendered":"<p>Casa cantonera seminova amb jard\u00ed a 5 min de la platja<br \/>\nSi busques tranquil\u00b7litat, llum natural i viure a prop del mar, aquesta casa cantonera a tres vents constru\u00efda el 2018 \u00e9s una excel\u00b7lent oportunitat.<br \/>\nUbicada en una zona residencial tranquil\u00b7la de Cunit, a tan sols 5 minuts amb cotxe de la platja, aquest habitatge combina comoditat, espai exterior i qualitat de vida.<br \/>\nLa casa es distribueix en dues plantes i es troba en una parcel\u00b7la de 252 m\u00b2 amb un bonic jard\u00ed que l\u00b4envolta, ideal per gaudir del clima mediterrani, menjars al\u00b4aire lliure o moments de relax.<br \/>\nLa seva distribuci\u00f3 compta amb un ampli sal\u00f3-menjador amb sortida directa al jard\u00ed per dos amplis finestrals, cuina office funcional, equipada i lluminosa, 3 dormitoris, 2 banys.<br \/>\nCunit, a la Costa Daurada, ofereix un entorn mediterrani privilegiat amb 2,5 km de platges de sorra fina, perfecte tant per viure tot l&#039;any com per a segona resid\u00e8ncia.<br \/>\nUn habitatge llest per entrar a viure i gaudir del mar i la tranquil\u00b7litat.<br \/>\nContacta per m\u00e9s informaci\u00f3 o per concertar una visita.<br \/>\nEl preu no inclou impostos (ITP, IVA i AJD), ni les despeses de notari ni les de registre.<br \/>\nC\u00e9dula habitabilitat CHT00908818001<br \/>\nCertificat Energ\u00e8tic: Refer\u00e8ncia 4HRWJ1XNB Consum d&#039;energia C 60 Kwh\/m\u00b2 any Emissions C 15 Kg CO2\/m\u00b2 any<\/p>","protected":false},"author":4,"featured_media":1318627,"parent":0,"menu_order":0,"template":"","property_type":[835],"property_status":[371],"property_feature":[442,377,378],"property_label":[],"property_state":[],"property_city":[229],"property_area":[985],"class_list":["post-1315850","property","type-property","status-publish","has-post-thumbnail","hentry","property_type-viviendas","property_status-comprar","property_feature-norte-sur","property_feature-terraza","property_feature-trastero","property_city-cunit","property_area-residencial"],"property_meta":{"fave_currency":["EUR"],"fave_currency_info":[""],"fave_property_price":["360000"],"fave_property_size":["88.48"],"fave_property_size_prefix":["m2"],"fave_property_land":["252"],"fave_property_land_postfix":["m2"],"fave_property_bedrooms":["3"],"fave_property_bathrooms":["2"],"fave_virtual_tour":["0"],"fave_property_map":["1"],"fave_property_id":["03-11704\/1098"],"fave_property_year":["2018"],"fave_property_zip":["43881"],"fave_featured":["0"],"houzez_featured_listing_date":[""],"fave_agent_display_option":["agent_info"],"fave_prop_homeslider":["no"],"fave_energy_class":["C"],"fave_energy_global_index":["60"],"fave_energy_performance":["C"],"fave_renewable_energy_global_index":["15"],"floor_plans":[""],"fave_multi_units":[""],"additional_features":[""],"fave_agents":["1179704"],"fave_property_agency":["1214635"],"fave_property_map_address":[null],"fave_property_location":["41.203857860972,1.6380244948628"],"houzez_geolocation_lat":["41.203857860972"],"houzez_geolocation_long":["1.6380244948628"],"aicat":["1"],"_wp_page_template":["default"],"fave_property_images":["1318627","1318627","1318628","1318629","1318630","1318631","1318632","1318633","1318634","1318635","1318636","1318637","1318638","1318639","1318640","1318641","1318642","1318643","1318644","1318645","1318646","1318647","1318648","1318649","1318650","1318651","1318652","1318653","1318654"],"_thumbnail_id":["1318627"],"houzez_total_property_views":["5"],"houzez_views_by_date":["a:2:{s:10:\"05-01-2026\";i:2;s:10:\"05-02-2026\";i:3;}"],"houzez_recently_viewed":["2026-05-02 13:44:36"],"_elementor_page_assets":["a:0:{}"]},"_links":{"self":[{"href":"https:\/\/www.serra.immo\/ca\/wp-json\/wp\/v2\/properties\/1315850","targetHints":{"allow":["GET"]}}],"collection":[{"href":"https:\/\/www.serra.immo\/ca\/wp-json\/wp\/v2\/properties"}],"about":[{"href":"https:\/\/www.serra.immo\/ca\/wp-json\/wp\/v2\/types\/property"}],"author":[{"embeddable":true,"href":"https:\/\/www.serra.immo\/ca\/wp-json\/wp\/v2\/users\/4"}],"version-history":[{"count":0,"href":"https:\/\/www.serra.immo\/ca\/wp-json\/wp\/v2\/properties\/1315850\/revisions"}],"wp:featuredmedia":[{"embeddable":true,"href":"https:\/\/www.serra.immo\/ca\/wp-json\/wp\/v2\/media\/1318627"}],"wp:attachment":[{"href":"https:\/\/www.serra.immo\/ca\/wp-json\/wp\/v2\/media?parent=1315850"}],"wp:term":[{"taxonomy":"property_type","embeddable":true,"href":"https:\/\/www.serra.immo\/ca\/wp-json\/wp\/v2\/property_type?post=1315850"},{"taxonomy":"property_status","embeddable":true,"href":"https:\/\/www.serra.immo\/ca\/wp-json\/wp\/v2\/property_status?post=1315850"},{"taxonomy":"property_feature","embeddable":true,"href":"https:\/\/www.serra.immo\/ca\/wp-json\/wp\/v2\/property_feature?post=1315850"},{"taxonomy":"property_label","embeddable":true,"href":"https:\/\/www.serra.immo\/ca\/wp-json\/wp\/v2\/property_label?post=1315850"},{"taxonomy":"property_state","embeddable":true,"href":"https:\/\/www.serra.immo\/ca\/wp-json\/wp\/v2\/property_state?post=1315850"},{"taxonomy":"property_city","embeddable":true,"href":"https:\/\/www.serra.immo\/ca\/wp-json\/wp\/v2\/property_city?post=1315850"},{"taxonomy":"property_area","embeddable":true,"href":"https:\/\/www.serra.immo\/ca\/wp-json\/wp\/v2\/property_area?post=1315850"}],"curies":[{"name":"wp","href":"https:\/\/api.w.org\/{rel}","templated":true}]}}

Ref. 03-11704/1098 – Casa cantonera seminova amb jardí a 5 min de la platja

<p>Casa cantonera seminova amb jardí a 5 min de la platja<br />
Si busques tranquil·litat, llum natural i viure a prop del mar, aquesta casa cantonera a tres vents construïda el 2018 és una excel·lent oportunitat.<br />
Ubicada en una zona residencial tranquil·la de Cunit, a tan sols 5 minuts amb cotxe de la platja, aquest habitatge combina comoditat, espai exterior i qualitat de vida.<br />
La casa es distribueix en dues plantes i es troba en una parcel·la de 252 m² amb un bonic jardí que l´envolta, ideal per gaudir del clima mediterrani, menjars al´aire lliure o moments de relax.<br />
La seva distribució compta amb un ampli saló-menjador amb sortida directa al jardí per dos amplis finestrals, cuina office funcional, equipada i lluminosa, 3 dormitoris, 2 banys.<br />
Cunit, a la Costa Daurada, ofereix un entorn mediterrani privilegiat amb 2,5 km de platges de sorra fina, perfecte tant per viure tot l&#039;any com per a segona residència.<br />
Un habitatge llest per entrar a viure i gaudir del mar i la tranquil·litat.<br />
Contacta per més informació o per concertar una visita.<br />
El preu no inclou impostos (ITP, IVA i AJD), ni les despeses de notari ni les de registre.<br />
Cèdula habitabilitat CHT<a href="tel:00908818001">00908818001</a><br />
Certificat Energètic: Referència 4HRWJ1XNB Consum d&#039;energia C 60 Kwh/m² any Emissions C 15 Kg CO2/m² any</p>

<p>Casa cantonera seminova amb jardí a 5 min de la platja<br />
Si busques tranquil·litat, llum natural i viure a prop del mar, aquesta casa cantonera a tres vents construïda el 2018 és una excel·lent oportunitat.<br />
Ubicada en una zona residencial tranquil·la de Cunit, a tan sols 5 minuts amb cotxe de la platja, aquest habitatge combina comoditat, espai exterior i qualitat de vida.<br />
La casa es distribueix en dues plantes i es troba en una parcel·la de 252 m² amb un bonic jardí que l´envolta, ideal per gaudir del clima mediterrani, menjars al´aire lliure o moments de relax.<br />
La seva distribució compta amb un ampli saló-menjador amb sortida directa al jardí per dos amplis finestrals, cuina office funcional, equipada i lluminosa, 3 dormitoris, 2 banys.<br />
Cunit, a la Costa Daurada, ofereix un entorn mediterrani privilegiat amb 2,5 km de platges de sorra fina, perfecte tant per viure tot l&#039;any com per a segona residència.<br />
Un habitatge llest per entrar a viure i gaudir del mar i la tranquil·litat.<br />
Contacta per més informació o per concertar una visita.<br />
El preu no inclou impostos (ITP, IVA i AJD), ni les despeses de notari ni les de registre.<br />
Cédula habitabilitat CHT00908818001<br />
Certificat Energètic: Referència 4HRWJ1XNB Consum d&#039;energia C 60 Kwh/m² any Emissions C 15 Kg CO2/m² any</p>
