{"id":1315775,"date":"2026-04-30T13:43:39","date_gmt":"2026-04-30T11:43:39","guid":{"rendered":"https:\/\/www.serra.immo\/propiedad\/ref-73-lv-384-6143-local-en-venta-calle-bruc\/"},"modified":"2026-04-30T13:43:39","modified_gmt":"2026-04-30T11:43:39","slug":"ref-73-lv-384-6143-local-en-venda-carrer-bruc","status":"publish","type":"property","link":"https:\/\/www.serra.immo\/ca\/propiedad\/ref-73-lv-384-6143-local-en-venta-calle-bruc\/","title":{"rendered":"Ref. 73-LV-384\/6143 \u2013 Local en venda carrer Bruc"},"content":{"rendered":"<p>LOCAL EN VENDA A ZONA SANT JOAN DE VILANOVA. COMPTE AMB 97m2 CONSTRU\u00cfTS I UNS 80m2 \u00daTILS. ACTUALMENT T\u00c9 MAGATZEM I BANY NOU. AMB PERSIANA MET\u00c0L\u00b7LICA DE BALLESTA, APARADOR I PORTA DE VIDRE. AMB RAMPA. IDEAL PER A OFICINES, MAGATZEM, ETC.. VINE A VEURE&#039;L!<\/p>\n<p>-Despeses de not\u00e0ria, registre, gestoria i finan\u00e7ament i impostos subjectes a IVA, ITP o AJD no incloses en el preu. Honoraris ag\u00e8ncia inclosos en el preu.<\/p>","protected":false},"excerpt":{"rendered":"<p>LOCAL EN VENDA A ZONA SANT JOAN DE VILANOVA. COMPTE AMB 97m2 CONSTRU\u00cfTS I UNS 80m2 \u00daTILS. ACTUALMENT T\u00c9 MAGATZEM I BANY NOU. AMB PERSIANA MET\u00c0L\u00b7LICA DE BALLESTA, APARADOR I PORTA DE VIDRE. AMB RAMPA. IDEAL PER A OFICINES, MAGATZEM, ETC.. VINE A VEURE&#039;L!<\/p>\n<p>-Despeses de not\u00e0ria, registre, gestoria i finan\u00e7ament i impostos subjectes a IVA, ITP o AJD no incloses en el preu. Honoraris ag\u00e8ncia inclosos en el preu.<\/p>","protected":false},"author":4,"featured_media":1315776,"parent":0,"menu_order":0,"template":"","property_type":[841],"property_status":[371],"property_feature":[381],"property_label":[],"property_state":[],"property_city":[198],"property_area":[232],"class_list":["post-1315775","property","type-property","status-publish","has-post-thumbnail","hentry","property_type-locales-comerciales","property_status-comprar","property_feature-este","property_city-vilanova-i-la-geltru","property_area-st-joan"],"property_meta":{"fave_currency":["EUR"],"fave_currency_info":[""],"fave_property_price":["110000"],"fave_property_size":["72.00"],"fave_property_size_prefix":["m2"],"fave_property_land":["0"],"fave_property_land_postfix":["m2"],"fave_property_bedrooms":["0"],"fave_property_bathrooms":["1"],"fave_virtual_tour":["0"],"fave_property_map":["1"],"fave_property_id":["73-LV-384\/6143"],"fave_property_year":["1967"],"fave_property_zip":["08800"],"fave_featured":["0"],"houzez_featured_listing_date":[""],"fave_agent_display_option":["agent_info"],"fave_prop_homeslider":["no"],"fave_energy_class":["C"],"fave_energy_global_index":["142"],"fave_energy_performance":["C"],"fave_renewable_energy_global_index":["27"],"floor_plans":[""],"fave_multi_units":[""],"additional_features":[""],"fave_agents":["1179704"],"fave_property_agency":["1214635"],"fave_property_map_address":[null],"fave_property_location":["41.222835527,1.717444076"],"houzez_geolocation_lat":["41.222835527"],"houzez_geolocation_long":["1.717444076"],"aicat":["1"],"_wp_page_template":["default"],"fave_property_images":["1315776","1315776","1315777","1315778","1315779","1315780","1315781","1315782","1315783","1315784","1315785","1315786"],"_thumbnail_id":["1315776"],"houzez_total_property_views":["10"],"houzez_views_by_date":["a:2:{s:10:\"04-30-2026\";i:7;s:10:\"05-01-2026\";i:3;}"],"houzez_recently_viewed":["2026-05-02 01:15:16"],"_elementor_page_assets":["a:0:{}"]},"_links":{"self":[{"href":"https:\/\/www.serra.immo\/ca\/wp-json\/wp\/v2\/properties\/1315775","targetHints":{"allow":["GET"]}}],"collection":[{"href":"https:\/\/www.serra.immo\/ca\/wp-json\/wp\/v2\/properties"}],"about":[{"href":"https:\/\/www.serra.immo\/ca\/wp-json\/wp\/v2\/types\/property"}],"author":[{"embeddable":true,"href":"https:\/\/www.serra.immo\/ca\/wp-json\/wp\/v2\/users\/4"}],"version-history":[{"count":0,"href":"https:\/\/www.serra.immo\/ca\/wp-json\/wp\/v2\/properties\/1315775\/revisions"}],"wp:featuredmedia":[{"embeddable":true,"href":"https:\/\/www.serra.immo\/ca\/wp-json\/wp\/v2\/media\/1315776"}],"wp:attachment":[{"href":"https:\/\/www.serra.immo\/ca\/wp-json\/wp\/v2\/media?parent=1315775"}],"wp:term":[{"taxonomy":"property_type","embeddable":true,"href":"https:\/\/www.serra.immo\/ca\/wp-json\/wp\/v2\/property_type?post=1315775"},{"taxonomy":"property_status","embeddable":true,"href":"https:\/\/www.serra.immo\/ca\/wp-json\/wp\/v2\/property_status?post=1315775"},{"taxonomy":"property_feature","embeddable":true,"href":"https:\/\/www.serra.immo\/ca\/wp-json\/wp\/v2\/property_feature?post=1315775"},{"taxonomy":"property_label","embeddable":true,"href":"https:\/\/www.serra.immo\/ca\/wp-json\/wp\/v2\/property_label?post=1315775"},{"taxonomy":"property_state","embeddable":true,"href":"https:\/\/www.serra.immo\/ca\/wp-json\/wp\/v2\/property_state?post=1315775"},{"taxonomy":"property_city","embeddable":true,"href":"https:\/\/www.serra.immo\/ca\/wp-json\/wp\/v2\/property_city?post=1315775"},{"taxonomy":"property_area","embeddable":true,"href":"https:\/\/www.serra.immo\/ca\/wp-json\/wp\/v2\/property_area?post=1315775"}],"curies":[{"name":"wp","href":"https:\/\/api.w.org\/{rel}","templated":true}]}}

<p>LOCAL EN VENDA A ZONA SANT JOAN DE VILANOVA. COMPTE AMB 97m2 CONSTRUÏTS I UNS 80m2 ÚTILS. ACTUALMENT TÉ MAGATZEM I BANY NOU. AMB PERSIANA METÀL·LICA DE BALLESTA, APARADOR I PORTA DE VIDRE. AMB RAMPA. IDEAL PER A OFICINES, MAGATZEM, ETC.. VINE A VEURE&#039;L!</p>
<p>-Despeses de notària, registre, gestoria i finançament i impostos subjectes a IVA, ITP o AJD no incloses en el preu. Honoraris agència inclosos en el preu.</p>
