{"id":1315493,"date":"2026-03-18T03:01:39","date_gmt":"2026-03-18T02:01:39","guid":{"rendered":"https:\/\/www.serra.immo\/propiedad\/ref-965992-fabuloso-piso-en-vilanova-i-la-geltru\/"},"modified":"2026-03-18T03:01:48","modified_gmt":"2026-03-18T02:01:48","slug":"ref-965992-fabulos-pis-a-vilanova-i-la-geltru","status":"publish","type":"property","link":"https:\/\/www.serra.immo\/ca\/propiedad\/ref-965992-fabuloso-piso-en-vilanova-i-la-geltru\/","title":{"rendered":"Ref. 965992 \u2013 Fabul\u00f3s pis a Vilanova i la Geltr\u00fa"},"content":{"rendered":"<p>Housfy ven fabul\u00f3s \u00e0tic a L&#039;Aiguacuit, Vilanova i la Geltr\u00fa<\/p>\n\n\n\n<p>Et presentem aquest acollidor pis situat a la zona de l&#039;Aiguacuit, a Vilanova i la Geltr\u00fa, una ubicaci\u00f3 tranquil\u00b7la i ben comunicada, ideal per als que busquen comoditat i qualitat de vida.<\/p>\n\n\n\n<p>L\u00b4habitatge ofereix una distribuci\u00f3 pr\u00e0ctica i funcional, pensada per aprofitar al m\u00e0xim cada espai. Disposa de tres habitacions, cosa que la converteix en una opci\u00f3 perfecta per a fam\u00edlies, per als que necessiten un despatx a casa o simplement volen comptar amb estades addicionals. El bany \u00e9s complet i est\u00e0 connectat directament amb el safareig, una soluci\u00f3 c\u00f2moda i pr\u00e0ctica que facilita el dia a dia.<\/p>\n\n\n\n<p>El sal\u00f3-menjador \u00e9s ampli i llumin\u00f3s, amb sortida directa al balc\u00f3, fet que aporta una agradable connexi\u00f3 amb l&#039;exterior i permet gaudir de llum natural durant gran part del dia. La cuina est\u00e0 totalment equipada i ofereix un entorn c\u00f2mode i funcional, perfectament adaptat a les necessitats quotidianes.<\/p>\n\n\n\n<p>El pis \u00e9s exterior i disposa de calefacci\u00f3 amb radiadors i aire condicionat, garantint confort durant tot l&#039;any. El terra de parquet aporta calidesa a les estances i la finca compta amb ascensor, afegint comoditat i accessibilitat.<\/p>\n\n\n\n<p>La seva ubicaci\u00f3 \u00e9s un dels grans atractius, ja que es troba en una zona consolidada amb tots els serveis necessaris a pocs minuts: comer\u00e7os, centres educatius, transport p\u00fablic i zones verdes.<\/p>\n\n\n\n<p>Una oportunitat ideal per als que busquen una llar c\u00f2mode, ben ubicada i llesta per entrar a viure a Vilanova i la Geltr\u00fa.<\/p>\n\n\n\n<p>No ho dubtis m\u00e9s i contacta amb nosaltres per agendar una visita, aconseguirem la vivenda dels teus somnis.<\/p>\n\n\n\n<p>El preu de venda no inclou despeses de la compravenda com a notaria, registre, impostos, ni tampoc honoraris ag\u00e8ncia. Aquesta publicaci\u00f3 no \u00e9s vinculant. Consulta sempre la nota simple amb Housfy abans de formalitzar la compravenda.<\/p>\n\n\n\n<p>Sobre nosaltres.<\/p>\n\n\n\n<p>Housfy \u00e9s la plataforma integral de serveis immobiliaris. La nostra combinaci\u00f3 d&#039;experts i tecnologia posa a l&#039;abast de tothom serveis c\u00f2modes, clars i segurs. AICAT n\u00famero: 7922.<\/p>\n\n\n\n<p>Ens encarreguem de la gesti\u00f3 i assessorament de la compra. Oblida&#039;t de tot! Fem els tr\u00e0mits per tu. I, si a m\u00e9s necessites finan\u00e7ament, posem a la teva disposici\u00f3 un broker hipotecari per ajudar-te a aconseguir les millors condicions per al teu perfil econ\u00f2mic.<\/p>\n\n\n\n<p>Tens cap dubte? Pregunta&#039;ns sense comprom\u00eds o visita&#039;ns a housfy.com.<\/p>","protected":false},"excerpt":{"rendered":"<p>Housfy vende fabuloso \u00e0tico en L\u2019Aiguacuit, Vilanova i la Geltr\u00fa Te presentamos este acogedor piso situado en la zona de L\u2019Aiguacuit, en Vilanova i la Geltr\u00fa, una ubicaci\u00f3n tranquila y bien comunicada, ideal para quienes buscan comodidad y calidad de vida. La vivienda ofrece una distribuci\u00f3n pr\u00e1ctica y funcional, pensada para aprovechar al m\u00e1ximo cada [&hellip;]<\/p>\n","protected":false},"author":5,"featured_media":1315494,"parent":0,"menu_order":0,"template":"","property_type":[],"property_status":[371],"property_feature":[],"property_label":[],"property_state":[],"property_city":[198],"property_area":[],"class_list":["post-1315493","property","type-property","status-publish","has-post-thumbnail","hentry","property_status-comprar","property_city-vilanova-i-la-geltru"],"property_meta":{"fave_currency":["EUR"],"fave_currency_info":[""],"fave_property_price":["255000"],"fave_property_size":["72.00"],"fave_property_size_prefix":["m2"],"fave_property_land_postfix":["m2"],"fave_property_bedrooms":["3"],"fave_property_bathrooms":["1"],"fave_property_map":["1"],"fave_property_id":["965992"],"fave_property_zip":["08800"],"fave_featured":["1"],"houzez_featured_listing_date":["2026-03-18 03:01:48"],"fave_agent_display_option":["agent_info"],"fave_prop_homeslider":["no"],"fave_energy_class":["E"],"floor_plans":[""],"fave_multi_units":[""],"additional_features":[""],"fave_agents":["1276014"],"fave_property_agency":["1214647"],"fave_property_map_address":[null],"fave_property_location":["41.22146225,1.71405637"],"houzez_geolocation_lat":["41.22146225"],"houzez_geolocation_long":["1.71405637"],"propietat_serra":["1"],"_wp_page_template":["default"],"fave_property_images":["1315494","1315495","1315496","1315497","1315498","1315499","1315500","1316225","1316226","1316227","1316228","1316229","1316230","1316231","1316232","1316233","1316234","1316235","1316236","1316237","1316238","1316239","1316240","1316241","1316242","1316243"],"_thumbnail_id":["1315494"],"houzez_total_property_views":["267"],"houzez_views_by_date":["a:40:{s:10:\"03-18-2026\";i:15;s:10:\"03-19-2026\";i:18;s:10:\"03-20-2026\";i:6;s:10:\"03-21-2026\";i:6;s:10:\"03-22-2026\";i:12;s:10:\"03-23-2026\";i:6;s:10:\"03-24-2026\";i:19;s:10:\"03-25-2026\";i:13;s:10:\"03-26-2026\";i:14;s:10:\"03-27-2026\";i:9;s:10:\"03-28-2026\";i:6;s:10:\"03-29-2026\";i:7;s:10:\"03-30-2026\";i:15;s:10:\"03-31-2026\";i:10;s:10:\"04-01-2026\";i:11;s:10:\"04-02-2026\";i:7;s:10:\"04-03-2026\";i:4;s:10:\"04-04-2026\";i:8;s:10:\"04-05-2026\";i:7;s:10:\"04-06-2026\";i:9;s:10:\"04-07-2026\";i:9;s:10:\"04-08-2026\";i:5;s:10:\"04-10-2026\";i:2;s:10:\"04-11-2026\";i:2;s:10:\"04-12-2026\";i:5;s:10:\"04-13-2026\";i:2;s:10:\"04-15-2026\";i:5;s:10:\"04-16-2026\";i:4;s:10:\"04-17-2026\";i:2;s:10:\"04-19-2026\";i:2;s:10:\"04-20-2026\";i:2;s:10:\"04-21-2026\";i:4;s:10:\"04-22-2026\";i:3;s:10:\"04-23-2026\";i:4;s:10:\"04-24-2026\";i:2;s:10:\"04-25-2026\";i:1;s:10:\"04-26-2026\";i:1;s:10:\"04-27-2026\";i:4;s:10:\"04-29-2026\";i:3;s:10:\"04-30-2026\";i:3;}"],"houzez_recently_viewed":["2026-04-30 06:35:28"],"wp-smush-lcp-data-eb9313e54dbc6b37cc94564e5acedf20":["a:6:{s:8:\"selector\";s:70:\".img-wrap-1houzez-trigger-popup-slider-js > .logo-wrapper > .img-fluid\";s:14:\"selector_xpath\";s:90:\"\/html\/body\/main\/div[1]\/div[1]\/div\/div[1]\/div\/div\/div[2]\/div\/div[2]\/div\/div[1]\/a\/div\/img[1]\";s:11:\"selector_id\";s:0:\"\";s:14:\"selector_class\";s:9:\"img-fluid\";s:9:\"image_url\";s:106:\"https:\/\/www.serra.immo\/wp-content\/smush-webp\/2026\/03\/965992-housfy-20260303-JvG0ZQ2MTy-1200x800-1.jpg.webp\";s:7:\"version\";i:0;}"],"wp-smush-lcp-data-ee4fc2766d6408a3e2772f647c4c32a8":["a:6:{s:8:\"selector\";s:24:\".property-featured-image\";s:14:\"selector_xpath\";s:70:\"\/html\/body\/main\/div[1]\/div[1]\/div\/div[1]\/div\/div\/div[2]\/div\/div[1]\/img\";s:11:\"selector_id\";s:0:\"\";s:14:\"selector_class\";s:48:\"property-featured-image w-100 h-100 left-0 top-0\";s:9:\"image_url\";s:106:\"https:\/\/www.serra.immo\/wp-content\/smush-webp\/2026\/03\/965992-housfy-20260303-JvG0ZQ2MTy-1200x800-1.jpg.webp\";s:7:\"version\";i:0;}"],"wp-smush-lcp-data-c3fe359967d7bb4a6cda4dcb9028da50":["a:6:{s:8:\"selector\";s:24:\".property-featured-image\";s:14:\"selector_xpath\";s:70:\"\/html\/body\/main\/div[1]\/div[1]\/div\/div[1]\/div\/div\/div[2]\/div\/div[1]\/img\";s:11:\"selector_id\";s:0:\"\";s:14:\"selector_class\";s:48:\"property-featured-image w-100 h-100 left-0 top-0\";s:9:\"image_url\";s:106:\"https:\/\/www.serra.immo\/wp-content\/smush-webp\/2026\/03\/965992-housfy-20260303-JvG0ZQ2MTy-1200x800-1.jpg.webp\";s:7:\"version\";i:0;}"],"_elementor_page_assets":["a:0:{}"]},"_links":{"self":[{"href":"https:\/\/www.serra.immo\/ca\/wp-json\/wp\/v2\/properties\/1315493","targetHints":{"allow":["GET"]}}],"collection":[{"href":"https:\/\/www.serra.immo\/ca\/wp-json\/wp\/v2\/properties"}],"about":[{"href":"https:\/\/www.serra.immo\/ca\/wp-json\/wp\/v2\/types\/property"}],"author":[{"embeddable":true,"href":"https:\/\/www.serra.immo\/ca\/wp-json\/wp\/v2\/users\/5"}],"version-history":[{"count":0,"href":"https:\/\/www.serra.immo\/ca\/wp-json\/wp\/v2\/properties\/1315493\/revisions"}],"wp:featuredmedia":[{"embeddable":true,"href":"https:\/\/www.serra.immo\/ca\/wp-json\/wp\/v2\/media\/1315494"}],"wp:attachment":[{"href":"https:\/\/www.serra.immo\/ca\/wp-json\/wp\/v2\/media?parent=1315493"}],"wp:term":[{"taxonomy":"property_type","embeddable":true,"href":"https:\/\/www.serra.immo\/ca\/wp-json\/wp\/v2\/property_type?post=1315493"},{"taxonomy":"property_status","embeddable":true,"href":"https:\/\/www.serra.immo\/ca\/wp-json\/wp\/v2\/property_status?post=1315493"},{"taxonomy":"property_feature","embeddable":true,"href":"https:\/\/www.serra.immo\/ca\/wp-json\/wp\/v2\/property_feature?post=1315493"},{"taxonomy":"property_label","embeddable":true,"href":"https:\/\/www.serra.immo\/ca\/wp-json\/wp\/v2\/property_label?post=1315493"},{"taxonomy":"property_state","embeddable":true,"href":"https:\/\/www.serra.immo\/ca\/wp-json\/wp\/v2\/property_state?post=1315493"},{"taxonomy":"property_city","embeddable":true,"href":"https:\/\/www.serra.immo\/ca\/wp-json\/wp\/v2\/property_city?post=1315493"},{"taxonomy":"property_area","embeddable":true,"href":"https:\/\/www.serra.immo\/ca\/wp-json\/wp\/v2\/property_area?post=1315493"}],"curies":[{"name":"wp","href":"https:\/\/api.w.org\/{rel}","templated":true}]}}

Ref. 965992 – Fabulós pis a Vilanova i la Geltrú

<p>Housfy ven fabulós àtic a L&#039;Aiguacuit, Vilanova i la Geltrú</p>



<p>Et presentem aquest acollidor pis situat a la zona de l&#039;Aiguacuit, a Vilanova i la Geltrú, una ubicació tranquil·la i ben comunicada, ideal per als que busquen comoditat i qualitat de vida.</p>



<p>L´habitatge ofereix una distribució pràctica i funcional, pensada per aprofitar al màxim cada espai. Disposa de tres habitacions, cosa que la converteix en una opció perfecta per a famílies, per als que necessiten un despatx a casa o simplement volen comptar amb estades addicionals. El bany és complet i està connectat directament amb el safareig, una solució còmoda i pràctica que facilita el dia a dia.</p>



<p>El saló-menjador és ampli i lluminós, amb sortida directa al balcó, fet que aporta una agradable connexió amb l&#039;exterior i permet gaudir de llum natural durant gran part del dia. La cuina està totalment equipada i ofereix un entorn còmode i funcional, perfectament adaptat a les necessitats quotidianes.</p>



<p>El pis és exterior i disposa de calefacció amb radiadors i aire condicionat, garantint confort durant tot l&#039;any. El terra de parquet aporta calidesa a les estances i la finca compta amb ascensor, afegint comoditat i accessibilitat.</p>



<p>La seva ubicació és un dels grans atractius, ja que es troba en una zona consolidada amb tots els serveis necessaris a pocs minuts: comerços, centres educatius, transport públic i zones verdes.</p>



<p>Una oportunitat ideal per als que busquen una llar còmode, ben ubicada i llesta per entrar a viure a Vilanova i la Geltrú.</p>



<p>No ho dubtis més i contacta amb nosaltres per agendar una visita, aconseguirem la vivenda dels teus somnis.</p>



<p>El preu de venda no inclou despeses de la compravenda com a notaria, registre, impostos, ni tampoc honoraris agència. Aquesta publicació no és vinculant. Consulta sempre la nota simple amb Housfy abans de formalitzar la compravenda.</p>



<p>Sobre nosaltres.</p>



<p>Housfy és la plataforma integral de serveis immobiliaris. La nostra combinació d&#039;experts i tecnologia posa a l&#039;abast de tothom serveis còmodes, clars i segurs. AICAT número: 7922.</p>



<p>Ens encarreguem de la gestió i assessorament de la compra. Oblida&#039;t de tot! Fem els tràmits per tu. I, si a més necessites finançament, posem a la teva disposició un broker hipotecari per ajudar-te a aconseguir les millors condicions per al teu perfil econòmic.</p>



<p>Tens cap dubte? Pregunta&#039;ns sense compromís o visita&#039;ns a housfy.com.</p>

<p>Housfy vende fabuloso àtico en L’Aiguacuit, Vilanova i la Geltrú Te presentamos este acogedor piso situado en la zona de L’Aiguacuit, en Vilanova i la Geltrú, una ubicación tranquila y bien comunicada, ideal para quienes buscan comodidad y calidad de vida. La vivienda ofrece una distribución práctica y funcional, pensada para aprovechar al máximo cada [&hellip;]</p>
