{"id":1315389,"date":"2026-05-01T03:01:53","date_gmt":"2026-05-01T01:01:53","guid":{"rendered":"https:\/\/www.serra.immo\/propiedad\/ref-958879\/"},"modified":"2026-05-01T03:01:53","modified_gmt":"2026-05-01T01:01:53","slug":"ref-958879","status":"publish","type":"property","link":"https:\/\/www.serra.immo\/ca\/propiedad\/ref-958879\/","title":{"rendered":"Ref. 958879 \u2013"},"content":{"rendered":"<p>Housfy ven fant\u00e0stic pis al Barri del Poble Nou a Vilafranca del Pened\u00e8s a la zona del T\u00edvoli. Busques la comoditat d\u00b4un pis modern sense renunciar a la proximitat del centre? Presentem aquest exclusiu habitatge a la cobejada zona del T\u00edvoli, a Vilafranca del Pened\u00e8s. Ubicat en un edifici amb pocs ve\u00efns, aquest pis destaca per la seva tranquil\u00b7litat, privadesa i acabats de qualitat.<\/p>\n\n\n\n<p>Distribuci\u00f3 d&#039;estades  <br>-Sal\u00f3-menjador  <br>-2 Dormitoris  <br>-1 Bany  <br>-Cuina equipada<\/p>\n\n\n\n<p>Caracter\u00edstiques espec\u00edfiques  <br>\u2013 Sistema de calefacci\u00f3 per aerot\u00e8rmica.<br>-Ascensor  <br>-Aire condicionat  <br>-Terrassa  <br>-Pla\u00e7a de garatge<\/p>\n\n\n\n<p>Zona i entorn  <br>Pel que fa a la ubicaci\u00f3, se situa a Vilafranca del Pened\u00e8s, municipi de Barcelona. Aquesta propietat es troba a prop de transport p\u00fablic, col\u00b7legis, supermercats i farm\u00e0cies.<\/p>\n\n\n\n<p>Av\u00eds legal  <br>El preu de venda no inclou despeses de la compravenda com a notaria, registre, impostos, ni tampoc honoraris ag\u00e8ncia. Aquesta publicaci\u00f3 no \u00e9s vinculant. Consulta sempre la nota simple amb Housfy abans de formalitzar la compravenda.<\/p>\n\n\n\n<p>Sobre nosaltres  <br>Housfy \u00e9s la plataforma integral de serveis immobiliaris. La nostra combinaci\u00f3 d&#039;experts i tecnologia posa a l&#039;abast de tothom serveis c\u00f2modes, clars i segurs. AICAT n\u00famero: 7922.  <br>Ens encarreguem de la gesti\u00f3 i assessorament de la compra. Oblida&#039;t de tot! Fem els tr\u00e0mits per tu. I, si a m\u00e9s necessites finan\u00e7ament, posem a la teva disposici\u00f3 un broker hipotecari per ajudar-te a aconseguir les millors condicions per al teu perfil econ\u00f2mic.<\/p>\n\n\n\n<p>La vols visitar? Contacta amb Housfy i agenda la teva visita sense cap comprom\u00eds. M\u00e9s informaci\u00f3 a: housfy.com<\/p>","protected":false},"excerpt":{"rendered":"<p>Housfy vende fant\u00e1stico piso en el Barrio del Poble Nou en Vilafranca del Pened\u00e8s en la zona del T\u00edvoli . Buscas la comodidad de un piso moderno sin renunciar a la proximidad del centro? Presentamos esta exclusiva vivienda en la codiciada zona del T\u00edvoli, en Vilafranca del Pened\u00e8s. Ubicado en un edificio con pocos vecinos, [&hellip;]<\/p>\n","protected":false},"author":5,"featured_media":1315390,"parent":0,"menu_order":0,"template":"","property_type":[835],"property_status":[371],"property_feature":[377],"property_label":[],"property_state":[],"property_city":[192],"property_area":[],"class_list":["post-1315389","property","type-property","status-publish","has-post-thumbnail","hentry","property_type-viviendas","property_status-comprar","property_feature-terraza","property_city-vilafranca-del-penedes"],"property_meta":{"fave_currency":["EUR"],"fave_currency_info":[""],"fave_property_price":["239000"],"fave_property_size":["51.00"],"fave_property_size_prefix":["m2"],"fave_property_land_postfix":["m2"],"fave_property_bedrooms":["2"],"fave_property_bathrooms":["1"],"fave_property_map":["1"],"fave_property_id":["958879"],"fave_property_zip":["08720"],"fave_featured":["1"],"houzez_featured_listing_date":["2026-05-01 03:01:53"],"fave_agent_display_option":["agent_info"],"fave_prop_homeslider":["no"],"fave_energy_class":["A"],"fave_energy_global_index":["21"],"fave_energy_performance":["A"],"fave_renewable_energy_global_index":["3"],"floor_plans":[""],"fave_multi_units":[""],"additional_features":[""],"fave_agents":["1276014"],"fave_property_agency":["1214647"],"fave_property_map_address":[null],"fave_property_location":["41.34199142,1.69871366"],"houzez_geolocation_lat":["41.34199142"],"houzez_geolocation_long":["1.69871366"],"propietat_serra":["1"],"_wp_page_template":["default"],"fave_property_images":["1315390","1315391","1315392","1315393","1315394","1315395","1315396"],"_thumbnail_id":["1315390"],"rank_math_internal_links_processed":["1"],"houzez_total_property_views":["2"],"houzez_views_by_date":["a:1:{s:10:\"05-01-2026\";i:2;}"],"houzez_recently_viewed":["2026-05-01 12:13:25"],"_elementor_page_assets":["a:0:{}"]},"_links":{"self":[{"href":"https:\/\/www.serra.immo\/ca\/wp-json\/wp\/v2\/properties\/1315389","targetHints":{"allow":["GET"]}}],"collection":[{"href":"https:\/\/www.serra.immo\/ca\/wp-json\/wp\/v2\/properties"}],"about":[{"href":"https:\/\/www.serra.immo\/ca\/wp-json\/wp\/v2\/types\/property"}],"author":[{"embeddable":true,"href":"https:\/\/www.serra.immo\/ca\/wp-json\/wp\/v2\/users\/5"}],"version-history":[{"count":1,"href":"https:\/\/www.serra.immo\/ca\/wp-json\/wp\/v2\/properties\/1315389\/revisions"}],"predecessor-version":[{"id":1320251,"href":"https:\/\/www.serra.immo\/ca\/wp-json\/wp\/v2\/properties\/1315389\/revisions\/1320251"}],"wp:featuredmedia":[{"embeddable":true,"href":"https:\/\/www.serra.immo\/ca\/wp-json\/wp\/v2\/media\/1315390"}],"wp:attachment":[{"href":"https:\/\/www.serra.immo\/ca\/wp-json\/wp\/v2\/media?parent=1315389"}],"wp:term":[{"taxonomy":"property_type","embeddable":true,"href":"https:\/\/www.serra.immo\/ca\/wp-json\/wp\/v2\/property_type?post=1315389"},{"taxonomy":"property_status","embeddable":true,"href":"https:\/\/www.serra.immo\/ca\/wp-json\/wp\/v2\/property_status?post=1315389"},{"taxonomy":"property_feature","embeddable":true,"href":"https:\/\/www.serra.immo\/ca\/wp-json\/wp\/v2\/property_feature?post=1315389"},{"taxonomy":"property_label","embeddable":true,"href":"https:\/\/www.serra.immo\/ca\/wp-json\/wp\/v2\/property_label?post=1315389"},{"taxonomy":"property_state","embeddable":true,"href":"https:\/\/www.serra.immo\/ca\/wp-json\/wp\/v2\/property_state?post=1315389"},{"taxonomy":"property_city","embeddable":true,"href":"https:\/\/www.serra.immo\/ca\/wp-json\/wp\/v2\/property_city?post=1315389"},{"taxonomy":"property_area","embeddable":true,"href":"https:\/\/www.serra.immo\/ca\/wp-json\/wp\/v2\/property_area?post=1315389"}],"curies":[{"name":"wp","href":"https:\/\/api.w.org\/{rel}","templated":true}]}}

<p>Housfy ven fantàstic pis al Barri del Poble Nou a Vilafranca del Penedès a la zona del Tívoli. Busques la comoditat d´un pis modern sense renunciar a la proximitat del centre? Presentem aquest exclusiu habitatge a la cobejada zona del Tívoli, a Vilafranca del Penedès. Ubicat en un edifici amb pocs veïns, aquest pis destaca per la seva tranquil·litat, privadesa i acabats de qualitat.</p>



<p>Distribució d&#039;estades  <br>-Saló-menjador  <br>-2 Dormitoris  <br>-1 Bany  <br>-Cuina equipada</p>



<p>Característiques específiques  <br>– Sistema de calefacció per aerotèrmica.<br>-Ascensor  <br>-Aire condicionat  <br>-Terrassa  <br>-Plaça de garatge</p>



<p>Zona i entorn  <br>Pel que fa a la ubicació, se situa a Vilafranca del Penedès, municipi de Barcelona. Aquesta propietat es troba a prop de transport públic, col·legis, supermercats i farmàcies.</p>



<p>Avís legal  <br>El preu de venda no inclou despeses de la compravenda com a notaria, registre, impostos, ni tampoc honoraris agència. Aquesta publicació no és vinculant. Consulta sempre la nota simple amb Housfy abans de formalitzar la compravenda.</p>



<p>Sobre nosaltres  <br>Housfy és la plataforma integral de serveis immobiliaris. La nostra combinació d&#039;experts i tecnologia posa a l&#039;abast de tothom serveis còmodes, clars i segurs. AICAT número: 7922.  <br>Ens encarreguem de la gestió i assessorament de la compra. Oblida&#039;t de tot! Fem els tràmits per tu. I, si a més necessites finançament, posem a la teva disposició un broker hipotecari per ajudar-te a aconseguir les millors condicions per al teu perfil econòmic.</p>



<p>La vols visitar? Contacta amb Housfy i agenda la teva visita sense cap compromís. Més informació a: housfy.com</p>

<p>Housfy vende fantástico piso en el Barrio del Poble Nou en Vilafranca del Penedès en la zona del Tívoli . Buscas la comodidad de un piso moderno sin renunciar a la proximidad del centro? Presentamos esta exclusiva vivienda en la codiciada zona del Tívoli, en Vilafranca del Penedès. Ubicado en un edificio con pocos vecinos, [&hellip;]</p>
