{"id":1315261,"date":"2026-04-23T03:01:31","date_gmt":"2026-04-23T01:01:31","guid":{"rendered":"https:\/\/www.serra.immo\/propiedad\/ref-5359-vilafranca-del-penedes-casa-y-local-comercial\/"},"modified":"2026-04-23T03:01:31","modified_gmt":"2026-04-23T01:01:31","slug":"ref-5359-vilafranca-del-penedes-casa-i-local-comercial","status":"publish","type":"property","link":"https:\/\/www.serra.immo\/ca\/propiedad\/ref-5359-vilafranca-del-penedes-casa-y-local-comercial\/","title":{"rendered":"Ref. 5359 \u2013 VILAFRANCA DEL PENED\u00c8S \u2013 Casa i local comercial"},"content":{"rendered":"<p>VILAFRANCA DEL PENED\u00c8S \u2013 Casa i local comercial al centre<br \/>Casa i local al centre de Vilafranca amb una total de 305 m\u00b2. La casa es distribueix amb quatre planes.<br \/>PLANTA BAIXA: Local comercial t\u00e9 38 m2 a una zona de m\u00e0xima aflu\u00e8ncia comercial ideal per a qualsevol negoci amb magatzem de 97 m2 i un bany.<\/p>\n<p>PRIMERA PLANTA: Sala estar, 1 bany, menjador i rebost.<\/p>\n<p>SEGONA PLANTA: \u00c0mplia sala d&#039;estar, 1 bany, 2 habitacions, magatzem i pati exterior.<\/p>\n<p>TERCERA PLANTA: 2 habitacions, golfes amb pati davant i darrere amb gran entrada de llum natural. Pavimentat amb gres i rajola antiga, tanca de fusta, bomba de calor, aire fred i calent amb alguna sala.<\/p>\n<p>Molt lluminosa, bona ubicaci\u00f3, \u00e0mplia possibilitat a la reforma.<br \/>\u00a1Immoble ideal per a negoci i habitatge o per a inversors!<\/p>\n<p>Vine a demanar informaci\u00f3!<br \/>No dubtis a posar-te en contacte amb nosaltres.<br \/>OFICINA \u2013 <a href=\"tel:93 891 55 91\">93 891 55 91<\/a><br \/>MIREIA \u2013 <a href=\"tel:662 21 29 30\">662 21 29 30<\/a><br \/>MAIL \u2013 <a href=\"mailto:mireia.quintana@serra.immo\">mireia.quintana@serra.immo<\/a><\/p>","protected":false},"excerpt":{"rendered":"<p>VILAFRANCA DEL PENED\u00c8S &#8211; Casa y local comercial en el centroCasa y local en pleno centro de Vilafranca con una total de 305 m\u00b2. La casa se distribuye con cuatro llanuras.PLANTA BAJA: Local comercial tiene 38 m2 en una zona de m\u00e1xima afluencia comercial ideal para cualquier negocio con almac\u00e9n de 97 m2 y un [&hellip;]<\/p>\n","protected":false},"author":5,"featured_media":1315262,"parent":0,"menu_order":0,"template":"","property_type":[835],"property_status":[371],"property_feature":[374,375],"property_label":[350],"property_state":[],"property_city":[192],"property_area":[193],"class_list":["post-1315261","property","type-property","status-publish","has-post-thumbnail","hentry","property_type-viviendas","property_status-comprar","property_feature-aire-acondicionado","property_feature-calefaccion","property_label-buen-estado","property_city-vilafranca-del-penedes","property_area-centro"],"property_meta":{"fave_currency":["EUR"],"fave_currency_info":[""],"fave_property_price":["267000"],"fave_property_size":["305.00"],"fave_property_size_prefix":["m2"],"fave_property_land":["95"],"fave_property_land_postfix":["m2"],"fave_property_bedrooms":["4"],"fave_property_bathrooms":["3"],"fave_property_map":["1"],"fave_property_id":["5359"],"fave_property_year":["0"],"fave_property_zip":["08720"],"fave_featured":["1"],"houzez_featured_listing_date":["2026-04-23 03:01:31"],"fave_agent_display_option":["agent_info"],"fave_prop_homeslider":["no"],"fave_energy_class":["D"],"fave_energy_global_index":["138"],"fave_energy_performance":["D"],"fave_renewable_energy_global_index":["28"],"floor_plans":[""],"fave_multi_units":[""],"additional_features":[""],"fave_agents":["1077290"],"fave_property_agency":["1214647"],"fave_property_map_address":[null],"fave_property_location":["41.346768576011016,1.69710896842372"],"houzez_geolocation_lat":["41.346768576011016"],"houzez_geolocation_long":["1.69710896842372"],"propietat_serra":["1"],"_wp_page_template":["default"],"fave_property_images":["1315262","1315263","1315264","1315265","1315266","1315267","1315268","1315269","1315270","1315271","1315272","1315273","1315274","1315275","1315276","1315277","1315278","1315279","1315280","1315281","1315282","1315283","1315284","1315285","1315286","1315287","1315288","1315289","1315290","1315291","1315292","1315293","1315294","1315295","1315296","1315297","1315298","1315299"],"_thumbnail_id":["1315262"],"rank_math_internal_links_processed":["1"],"houzez_total_property_views":["50"],"houzez_views_by_date":["a:8:{s:10:\"04-23-2026\";i:5;s:10:\"04-24-2026\";i:7;s:10:\"04-25-2026\";i:6;s:10:\"04-26-2026\";i:6;s:10:\"04-27-2026\";i:7;s:10:\"04-28-2026\";i:12;s:10:\"04-29-2026\";i:3;s:10:\"04-30-2026\";i:4;}"],"houzez_recently_viewed":["2026-04-30 10:16:29"],"wp-smush-lcp-data-627f513873894cf53333f5c674fc031f":["a:6:{s:8:\"selector\";s:24:\".property-featured-image\";s:14:\"selector_xpath\";s:70:\"\/html\/body\/main\/div[1]\/div[1]\/div\/div[1]\/div\/div\/div[2]\/div\/div[1]\/img\";s:11:\"selector_id\";s:0:\"\";s:14:\"selector_class\";s:48:\"property-featured-image w-100 h-100 left-0 top-0\";s:9:\"image_url\";s:67:\"https:\/\/www.serra.immo\/wp-content\/smush-webp\/2026\/03\/3-1-7.jpg.webp\";s:7:\"version\";i:0;}"],"_elementor_page_assets":["a:0:{}"]},"_links":{"self":[{"href":"https:\/\/www.serra.immo\/ca\/wp-json\/wp\/v2\/properties\/1315261","targetHints":{"allow":["GET"]}}],"collection":[{"href":"https:\/\/www.serra.immo\/ca\/wp-json\/wp\/v2\/properties"}],"about":[{"href":"https:\/\/www.serra.immo\/ca\/wp-json\/wp\/v2\/types\/property"}],"author":[{"embeddable":true,"href":"https:\/\/www.serra.immo\/ca\/wp-json\/wp\/v2\/users\/5"}],"version-history":[{"count":1,"href":"https:\/\/www.serra.immo\/ca\/wp-json\/wp\/v2\/properties\/1315261\/revisions"}],"predecessor-version":[{"id":1316213,"href":"https:\/\/www.serra.immo\/ca\/wp-json\/wp\/v2\/properties\/1315261\/revisions\/1316213"}],"wp:featuredmedia":[{"embeddable":true,"href":"https:\/\/www.serra.immo\/ca\/wp-json\/wp\/v2\/media\/1315262"}],"wp:attachment":[{"href":"https:\/\/www.serra.immo\/ca\/wp-json\/wp\/v2\/media?parent=1315261"}],"wp:term":[{"taxonomy":"property_type","embeddable":true,"href":"https:\/\/www.serra.immo\/ca\/wp-json\/wp\/v2\/property_type?post=1315261"},{"taxonomy":"property_status","embeddable":true,"href":"https:\/\/www.serra.immo\/ca\/wp-json\/wp\/v2\/property_status?post=1315261"},{"taxonomy":"property_feature","embeddable":true,"href":"https:\/\/www.serra.immo\/ca\/wp-json\/wp\/v2\/property_feature?post=1315261"},{"taxonomy":"property_label","embeddable":true,"href":"https:\/\/www.serra.immo\/ca\/wp-json\/wp\/v2\/property_label?post=1315261"},{"taxonomy":"property_state","embeddable":true,"href":"https:\/\/www.serra.immo\/ca\/wp-json\/wp\/v2\/property_state?post=1315261"},{"taxonomy":"property_city","embeddable":true,"href":"https:\/\/www.serra.immo\/ca\/wp-json\/wp\/v2\/property_city?post=1315261"},{"taxonomy":"property_area","embeddable":true,"href":"https:\/\/www.serra.immo\/ca\/wp-json\/wp\/v2\/property_area?post=1315261"}],"curies":[{"name":"wp","href":"https:\/\/api.w.org\/{rel}","templated":true}]}}

Ref. 5359 – VILAFRANCA DEL PENEDÈS – Casa i local comercial

<p>VILAFRANCA DEL PENEDÈS – Casa i local comercial al centre<br />Casa i local al centre de Vilafranca amb una total de 305 m². La casa es distribueix amb quatre planes.<br />PLANTA BAIXA: Local comercial té 38 m2 a una zona de màxima afluència comercial ideal per a qualsevol negoci amb magatzem de 97 m2 i un bany.</p>
<p>PRIMERA PLANTA: Sala estar, 1 bany, menjador i rebost.</p>
<p>SEGONA PLANTA: Àmplia sala d&#039;estar, 1 bany, 2 habitacions, magatzem i pati exterior.</p>
<p>TERCERA PLANTA: 2 habitacions, golfes amb pati davant i darrere amb gran entrada de llum natural. Pavimentat amb gres i rajola antiga, tanca de fusta, bomba de calor, aire fred i calent amb alguna sala.</p>
<p>Molt lluminosa, bona ubicació, àmplia possibilitat a la reforma.<br />¡Immoble ideal per a negoci i habitatge o per a inversors!</p>
<p>Vine a demanar informació!<br />No dubtis a posar-te en contacte amb nosaltres.<br />OFICINA – <a href="tel:93 891 55 91">93 891 55 91</a><br />MIREIA – <a href="tel:662 21 29 30">662 21 29 30</a><br />MAIL – <a href="mailto:mireia.quintana@serra.immo">mireia.quintana@serra.immo</a></p>

<p>VILAFRANCA DEL PENEDÈS &#8211; Casa y local comercial en el centroCasa y local en pleno centro de Vilafranca con una total de 305 m². La casa se distribuye con cuatro llanuras.PLANTA BAJA: Local comercial tiene 38 m2 en una zona de máxima afluencia comercial ideal para cualquier negocio con almacén de 97 m2 y un [&hellip;]</p>
