{"id":1314774,"date":"2026-04-30T13:34:56","date_gmt":"2026-04-30T11:34:56","guid":{"rendered":"https:\/\/www.serra.immo\/propiedad\/ref-03-5314-1098-piso-con-inquilino-incluido-rentabilidad-garantizada-en-vilanova-i-la-geltru-zona-taco\/"},"modified":"2026-04-30T13:34:56","modified_gmt":"2026-04-30T11:34:56","slug":"ref-03-5314-1098-pis-amb-llogater-inclos-rendibilitat-garantida-a-vilanova-i-la-geltru-zona-taco","status":"publish","type":"property","link":"https:\/\/www.serra.immo\/ca\/propiedad\/ref-03-5314-1098-piso-con-inquilino-incluido-rentabilidad-garantizada-en-vilanova-i-la-geltru-zona-taco\/","title":{"rendered":"Ref. 03-5314\/1098 \u2013 Pis amb Inquil\u00ed Incl\u00f2s! Rendibilitat Garantida a Vilanova i la Geltr\u00fa \u2013 Zona Tac\u00f3"},"content":{"rendered":"<p>Pis amb Inquil\u00ed Incl\u00f2s! Rendibilitat Garantida a Vilanova i la Geltr\u00fa \u2013 Zona Tac\u00f3<\/p>\n<p>Ideal per a l&#039;inversor que cerca ingressos garantits des del primer dia o per al particular que planeja una resid\u00e8ncia futura en una zona d&#039;expansi\u00f3.<\/p>\n<p>A la prometedora zona del Tac\u00f3 de Vilanova i la Geltr\u00fa, posem a la venda aquest magn\u00edfic pis, totalment reformat i llest per generar rendibilitat.<\/p>\n<p>El disseny modern amb cuina americana crea un espai obert i contemporani. Disposa de tres dormitoris vers\u00e0tils i un bany complet amb dutxa moderna, a m\u00e9s d&#039;una pr\u00e0ctica galeria. La qualitat dels acabats, amb fusteria interior de faig i exterior dalumini, assegura durabilitat i baix manteniment.<\/p>\n<p>Situat en un c\u00f2mode segon pis sense ascensor (escales molt accessibles) i en un edifici amb pocs ve\u00efns, gaudir\u00e0s d\u00b4un ambient tranquil. Aquesta ubicaci\u00f3 privilegiada en una zona en plena expansi\u00f3 us ofereix tots els serveis al vostre abast i garanteix un futur valor de la propietat.<\/p>\n<p>Vilanova i la Geltr\u00fa, una ciutat costanera a 30\u2032 de Barcelona i 20\u2032 de l\u2032aeroport, us convida a gaudir dels seus m\u00e9s de 6 km de platges, el seu animat port i una de les Rambles m\u00e9s llargues de Catalunya. Amb excel\u00b7lents connexions per carretera, autopista i transport p\u00fablic.<\/p>\n<p>No deixeu escapar aquesta excel\u00b7lent oportunitat d&#039;inversi\u00f3 o d&#039;adquirir la vostra futura llar en una de les zones amb m\u00e9s projecci\u00f3 de Vilanova.<\/p>\n<p>(El preu no inclou impostos (ITP, IVA i AJD), ni les despeses de notari ni les de registre.). <\/p>\n<p>C\u00e8dula: CHB<a href=\"tel:03870025001\">03870025001<\/a><br \/>\nCertificat Energ\u00e8tic: Refer\u00e8ncia YMG34R98J Consum d&#039;energia E 188 Kwh\/m\u00b2 any Emissions E 35 Kg CO2\/m\u00b2 any<\/p>","protected":false},"excerpt":{"rendered":"<p>Pis amb Inquil\u00ed Incl\u00f2s! Rendibilitat Garantida a Vilanova i la Geltr\u00fa \u2013 Zona Tac\u00f3<\/p>\n<p>Ideal per a l&#039;inversor que cerca ingressos garantits des del primer dia o per al particular que planeja una resid\u00e8ncia futura en una zona d&#039;expansi\u00f3.<\/p>\n<p>A la prometedora zona del Tac\u00f3 de Vilanova i la Geltr\u00fa, posem a la venda aquest magn\u00edfic pis, totalment reformat i llest per generar rendibilitat.<\/p>\n<p>El disseny modern amb cuina americana crea un espai obert i contemporani. Disposa de tres dormitoris vers\u00e0tils i un bany complet amb dutxa moderna, a m\u00e9s d&#039;una pr\u00e0ctica galeria. La qualitat dels acabats, amb fusteria interior de faig i exterior dalumini, assegura durabilitat i baix manteniment.<\/p>\n<p>Situat en un c\u00f2mode segon pis sense ascensor (escales molt accessibles) i en un edifici amb pocs ve\u00efns, gaudir\u00e0s d\u00b4un ambient tranquil. Aquesta ubicaci\u00f3 privilegiada en una zona en plena expansi\u00f3 us ofereix tots els serveis al vostre abast i garanteix un futur valor de la propietat.<\/p>\n<p>Vilanova i la Geltr\u00fa, una ciutat costanera a 30\u2032 de Barcelona i 20\u2032 de l\u2032aeroport, us convida a gaudir dels seus m\u00e9s de 6 km de platges, el seu animat port i una de les Rambles m\u00e9s llargues de Catalunya. Amb excel\u00b7lents connexions per carretera, autopista i transport p\u00fablic.<\/p>\n<p>No deixeu escapar aquesta excel\u00b7lent oportunitat d&#039;inversi\u00f3 o d&#039;adquirir la vostra futura llar en una de les zones amb m\u00e9s projecci\u00f3 de Vilanova.<\/p>\n<p>(El preu no inclou impostos (ITP, IVA i AJD), ni les despeses de notari ni les de registre.). <\/p>\n<p>C\u00e8dula: CHB03870025001<br \/>\nCertificat Energ\u00e8tic: Refer\u00e8ncia YMG34R98J Consum d&#039;energia E 188 Kwh\/m\u00b2 any Emissions E 35 Kg CO2\/m\u00b2 any<\/p>","protected":false},"author":4,"featured_media":1314775,"parent":0,"menu_order":0,"template":"","property_type":[835],"property_status":[371],"property_feature":[381,377],"property_label":[],"property_state":[],"property_city":[198],"property_area":[410],"class_list":["post-1314774","property","type-property","status-publish","has-post-thumbnail","hentry","property_type-viviendas","property_status-comprar","property_feature-este","property_feature-terraza","property_city-vilanova-i-la-geltru","property_area-taco"],"property_meta":{"fave_currency":["EUR"],"fave_currency_info":[""],"fave_property_price":["127500"],"fave_property_size":["45.70"],"fave_property_size_prefix":["m2"],"fave_property_land":["0"],"fave_property_land_postfix":["m2"],"fave_property_bedrooms":["3"],"fave_property_bathrooms":["1"],"fave_virtual_tour":["0"],"fave_property_map":["1"],"fave_property_id":["03-5314\/1098"],"fave_property_year":["1960"],"fave_property_zip":["08800"],"fave_featured":["0"],"houzez_featured_listing_date":[""],"fave_agent_display_option":["agent_info"],"fave_prop_homeslider":["no"],"fave_energy_class":["E"],"fave_energy_global_index":["188"],"fave_energy_performance":["E"],"fave_renewable_energy_global_index":["35"],"floor_plans":[""],"fave_multi_units":[""],"additional_features":[""],"fave_agents":["1179704"],"fave_property_agency":["1214635"],"fave_property_map_address":[null],"fave_property_location":["41.2350047,1.7285127"],"houzez_geolocation_lat":["41.2350047"],"houzez_geolocation_long":["1.7285127"],"aicat":["1"],"_wp_page_template":["default"],"fave_property_images":["1314775","1314775","1314776","1314777","1314778","1314779","1314780","1314781","1314782","1314783","1314784","1314785"],"_thumbnail_id":["1314775"],"houzez_total_property_views":["2"],"houzez_views_by_date":["a:1:{s:10:\"04-30-2026\";i:2;}"],"houzez_recently_viewed":["2026-04-30 18:08:56"]},"_links":{"self":[{"href":"https:\/\/www.serra.immo\/ca\/wp-json\/wp\/v2\/properties\/1314774","targetHints":{"allow":["GET"]}}],"collection":[{"href":"https:\/\/www.serra.immo\/ca\/wp-json\/wp\/v2\/properties"}],"about":[{"href":"https:\/\/www.serra.immo\/ca\/wp-json\/wp\/v2\/types\/property"}],"author":[{"embeddable":true,"href":"https:\/\/www.serra.immo\/ca\/wp-json\/wp\/v2\/users\/4"}],"version-history":[{"count":0,"href":"https:\/\/www.serra.immo\/ca\/wp-json\/wp\/v2\/properties\/1314774\/revisions"}],"wp:featuredmedia":[{"embeddable":true,"href":"https:\/\/www.serra.immo\/ca\/wp-json\/wp\/v2\/media\/1314775"}],"wp:attachment":[{"href":"https:\/\/www.serra.immo\/ca\/wp-json\/wp\/v2\/media?parent=1314774"}],"wp:term":[{"taxonomy":"property_type","embeddable":true,"href":"https:\/\/www.serra.immo\/ca\/wp-json\/wp\/v2\/property_type?post=1314774"},{"taxonomy":"property_status","embeddable":true,"href":"https:\/\/www.serra.immo\/ca\/wp-json\/wp\/v2\/property_status?post=1314774"},{"taxonomy":"property_feature","embeddable":true,"href":"https:\/\/www.serra.immo\/ca\/wp-json\/wp\/v2\/property_feature?post=1314774"},{"taxonomy":"property_label","embeddable":true,"href":"https:\/\/www.serra.immo\/ca\/wp-json\/wp\/v2\/property_label?post=1314774"},{"taxonomy":"property_state","embeddable":true,"href":"https:\/\/www.serra.immo\/ca\/wp-json\/wp\/v2\/property_state?post=1314774"},{"taxonomy":"property_city","embeddable":true,"href":"https:\/\/www.serra.immo\/ca\/wp-json\/wp\/v2\/property_city?post=1314774"},{"taxonomy":"property_area","embeddable":true,"href":"https:\/\/www.serra.immo\/ca\/wp-json\/wp\/v2\/property_area?post=1314774"}],"curies":[{"name":"wp","href":"https:\/\/api.w.org\/{rel}","templated":true}]}}

Ref. 03-5314/1098 – Pis amb Inquilí Inclòs! Rendibilitat Garantida a Vilanova i la Geltrú – Zona Tacó

<p>Pis amb Inquilí Inclòs! Rendibilitat Garantida a Vilanova i la Geltrú – Zona Tacó</p>
<p>Ideal per a l&#039;inversor que cerca ingressos garantits des del primer dia o per al particular que planeja una residència futura en una zona d&#039;expansió.</p>
<p>A la prometedora zona del Tacó de Vilanova i la Geltrú, posem a la venda aquest magnífic pis, totalment reformat i llest per generar rendibilitat.</p>
<p>El disseny modern amb cuina americana crea un espai obert i contemporani. Disposa de tres dormitoris versàtils i un bany complet amb dutxa moderna, a més d&#039;una pràctica galeria. La qualitat dels acabats, amb fusteria interior de faig i exterior dalumini, assegura durabilitat i baix manteniment.</p>
<p>Situat en un còmode segon pis sense ascensor (escales molt accessibles) i en un edifici amb pocs veïns, gaudiràs d´un ambient tranquil. Aquesta ubicació privilegiada en una zona en plena expansió us ofereix tots els serveis al vostre abast i garanteix un futur valor de la propietat.</p>
<p>Vilanova i la Geltrú, una ciutat costanera a 30′ de Barcelona i 20′ de l′aeroport, us convida a gaudir dels seus més de 6 km de platges, el seu animat port i una de les Rambles més llargues de Catalunya. Amb excel·lents connexions per carretera, autopista i transport públic.</p>
<p>No deixeu escapar aquesta excel·lent oportunitat d&#039;inversió o d&#039;adquirir la vostra futura llar en una de les zones amb més projecció de Vilanova.</p>
<p>(El preu no inclou impostos (ITP, IVA i AJD), ni les despeses de notari ni les de registre.). </p>
<p>Cèdula: CHB<a href="tel:03870025001">03870025001</a><br />
Certificat Energètic: Referència YMG34R98J Consum d&#039;energia E 188 Kwh/m² any Emissions E 35 Kg CO2/m² any</p>

<p>Pis amb Inquilí Inclòs! Rendibilitat Garantida a Vilanova i la Geltrú – Zona Tacó</p>
<p>Ideal per a l&#039;inversor que cerca ingressos garantits des del primer dia o per al particular que planeja una residència futura en una zona d&#039;expansió.</p>
<p>A la prometedora zona del Tacó de Vilanova i la Geltrú, posem a la venda aquest magnífic pis, totalment reformat i llest per generar rendibilitat.</p>
<p>El disseny modern amb cuina americana crea un espai obert i contemporani. Disposa de tres dormitoris versàtils i un bany complet amb dutxa moderna, a més d&#039;una pràctica galeria. La qualitat dels acabats, amb fusteria interior de faig i exterior dalumini, assegura durabilitat i baix manteniment.</p>
<p>Situat en un còmode segon pis sense ascensor (escales molt accessibles) i en un edifici amb pocs veïns, gaudiràs d´un ambient tranquil. Aquesta ubicació privilegiada en una zona en plena expansió us ofereix tots els serveis al vostre abast i garanteix un futur valor de la propietat.</p>
<p>Vilanova i la Geltrú, una ciutat costanera a 30′ de Barcelona i 20′ de l′aeroport, us convida a gaudir dels seus més de 6 km de platges, el seu animat port i una de les Rambles més llargues de Catalunya. Amb excel·lents connexions per carretera, autopista i transport públic.</p>
<p>No deixeu escapar aquesta excel·lent oportunitat d&#039;inversió o d&#039;adquirir la vostra futura llar en una de les zones amb més projecció de Vilanova.</p>
<p>(El preu no inclou impostos (ITP, IVA i AJD), ni les despeses de notari ni les de registre.). </p>
<p>Cèdula: CHB03870025001<br />
Certificat Energètic: Referència YMG34R98J Consum d&#039;energia E 188 Kwh/m² any Emissions E 35 Kg CO2/m² any</p>
