{"id":1314557,"date":"2026-04-28T13:48:38","date_gmt":"2026-04-28T11:48:38","guid":{"rendered":"https:\/\/www.serra.immo\/propiedad\/ref-oi02262-5763\/"},"modified":"2026-04-28T13:48:38","modified_gmt":"2026-04-28T11:48:38","slug":"ref-oi02262-5763","status":"publish","type":"property","link":"https:\/\/www.serra.immo\/ca\/propiedad\/ref-oi02262-5763\/","title":{"rendered":"Ref. OI02262\/5763 \u2013"},"content":{"rendered":"<p>Open Inmo Barcelona aquesta espectacular Casa de Luxe amb Piscina, Ascensor i Vistes al Mar \u2013 Bonavista del Vendrell \/ Calafell Platja<br \/>\nAquest exclusiu habitatge combina arquitectura moderna, espais amplis i equipament d&#039;alta gamma. Ubicada a la prestigiosa zona de Bonavista - El Vendrell, a pocs minuts de la Platja, ofereix m\u00e0xima comoditat gr\u00e0cies al seu ascensor que connecta totes les plantes, efici\u00e8ncia energ\u00e8tica i vistes al mar des de la seva planta superior.<br \/>\nCARACTER\u00cdSTIQUES PRINCIPALS<br \/>\nAscensor des del garatge fins a la planta superior<br \/>\nPiscina privada<br \/>\nPlaques solars<br \/>\nS\u00f2l radiant<br \/>\nSauna<br \/>\nSala de jocs<br \/>\nXemeneia<br \/>\nAmpli garatge per a 4 cotxes<br \/>\nJard\u00ed perimetral<br \/>\nMaterials de primera qualitat<br \/>\nEstructura sense murs de c\u00e0rrega (gran versatilitat per a futures reformes)<br \/>\nDISTRIBUCI\u00d3 DE L&#039;HABITATGE<br \/>\nPlanta Principal<br \/>\nHall rebedor que distribueix lespai en zona de dia i de nit.<br \/>\nLa Zona de dia est\u00e0 composta per:<br \/>\nGran sal\u00f3-menjador amb sortida directa al jard\u00ed i la piscina.<br \/>\nCuina independent amb zona d&#039;esmorzar, habitaci\u00f3 rebost i habitaci\u00f3 bugaderia.<br \/>\nLa Zona de nit es distribueix per un passad\u00eds amb armaris de paret<br \/>\nDos dormitoris dobles que comparteixen un bany complet.<br \/>\nDues suites, cadascuna amb bany propi; una amb vestidor i acc\u00e9s a balc\u00f3.<br \/>\nA la Planta Superior trobem una<br \/>\nImpressionants golfes di\u00e0fanes, amb la possibilitat d&#039;habilitar fins a tres habitacions addicionals.<br \/>\nInclou:<br \/>\nBany complet<br \/>\nDues sortides exteriors: terrassa sol\u00e0rium i balc\u00f3 amb vistes al mar<br \/>\nPlanta Inferior<br \/>\nGaratge per a quatre cotxes<br \/>\nAscensor amb acc\u00e9s directe a totes les plantes<br \/>\nSala de jocs amb sauna<br \/>\nSala addicional tipus menjador\/celler amb xemeneia i pica<br \/>\nBany complet<br \/>\nEXTERIORS<br \/>\nL&#039;habitatge est\u00e0 envoltat per un jard\u00ed perimetral que garanteix privadesa.<br \/>\nBany complet exterior, ideal per a \u00fas a zona de piscina.<br \/>\nPorxo amb barbacoa<br \/>\nAl centre, la piscina, ideal per gaudir del clima mediterrani.<br \/>\nQUALITATS I EFICI\u00c8NCIA<br \/>\nPlaques solars<br \/>\nS\u00f2l radiant<br \/>\nFusteries i materials d&#039;alta gamma<br \/>\nEstructura sense murs de c\u00e0rrega per a m\u00e0xima flexibilitat<br \/>\nVidres mirall amb filtre ra\u00efm que permet veure l&#039;exterior sense ser vist.<br \/>\nTancaments de seguretat a portes i finestres.<br \/>\nTot aix\u00f2 a tan sols 45 minuts conduint de Barcelona ia 35 de Tarragona. Club de Golf a 20 minuts.<\/p>","protected":false},"excerpt":{"rendered":"<p>Open Inmo Barcelona aquesta espectacular Casa de Luxe amb Piscina, Ascensor i Vistes al Mar \u2013 Bonavista del Vendrell \/ Calafell Platja<br \/>\nAquest exclusiu habitatge combina arquitectura moderna, espais amplis i equipament d&#039;alta gamma. Ubicada a la prestigiosa zona de Bonavista - El Vendrell, a pocs minuts de la Platja, ofereix m\u00e0xima comoditat gr\u00e0cies al seu ascensor que connecta totes les plantes, efici\u00e8ncia energ\u00e8tica i vistes al mar des de la seva planta superior.<br \/>\nCARACTER\u00cdSTIQUES PRINCIPALS<br \/>\nAscensor des del garatge fins a la planta superior<br \/>\nPiscina privada<br \/>\nPlaques solars<br \/>\nS\u00f2l radiant<br \/>\nSauna<br \/>\nSala de jocs<br \/>\nXemeneia<br \/>\nAmpli garatge per a 4 cotxes<br \/>\nJard\u00ed perimetral<br \/>\nMaterials de primera qualitat<br \/>\nEstructura sense murs de c\u00e0rrega (gran versatilitat per a futures reformes)<br \/>\nDISTRIBUCI\u00d3 DE L&#039;HABITATGE<br \/>\nPlanta Principal<br \/>\nHall rebedor que distribueix lespai en zona de dia i de nit.<br \/>\nLa Zona de dia est\u00e0 composta per:<br \/>\nGran sal\u00f3-menjador amb sortida directa al jard\u00ed i la piscina.<br \/>\nCuina independent amb zona d&#039;esmorzar, habitaci\u00f3 rebost i habitaci\u00f3 bugaderia.<br \/>\nLa Zona de nit es distribueix per un passad\u00eds amb armaris de paret<br \/>\nDos dormitoris dobles que comparteixen un bany complet.<br \/>\nDues suites, cadascuna amb bany propi; una amb vestidor i acc\u00e9s a balc\u00f3.<br \/>\nA la Planta Superior trobem una<br \/>\nImpressionants golfes di\u00e0fanes, amb la possibilitat d&#039;habilitar fins a tres habitacions addicionals.<br \/>\nInclou:<br \/>\nBany complet<br \/>\nDues sortides exteriors: terrassa sol\u00e0rium i balc\u00f3 amb vistes al mar<br \/>\nPlanta Inferior<br \/>\nGaratge per a quatre cotxes<br \/>\nAscensor amb acc\u00e9s directe a totes les plantes<br \/>\nSala de jocs amb sauna<br \/>\nSala addicional tipus menjador\/celler amb xemeneia i pica<br \/>\nBany complet<br \/>\nEXTERIORS<br \/>\nL&#039;habitatge est\u00e0 envoltat per un jard\u00ed perimetral que garanteix privadesa.<br \/>\nBany complet exterior, ideal per a \u00fas a zona de piscina.<br \/>\nPorxo amb barbacoa<br \/>\nAl centre, la piscina, ideal per gaudir del clima mediterrani.<br \/>\nQUALITATS I EFICI\u00c8NCIA<br \/>\nPlaques solars<br \/>\nS\u00f2l radiant<br \/>\nFusteries i materials d&#039;alta gamma<br \/>\nEstructura sense murs de c\u00e0rrega per a m\u00e0xima flexibilitat<br \/>\nVidres mirall amb filtre ra\u00efm que permet veure l&#039;exterior sense ser vist.<br \/>\nTancaments de seguretat a portes i finestres.<br \/>\nTot aix\u00f2 a tan sols 45 minuts conduint de Barcelona ia 35 de Tarragona. Club de Golf a 20 minuts.<\/p>","protected":false},"author":4,"featured_media":1314558,"parent":0,"menu_order":0,"template":"","property_type":[835],"property_status":[371],"property_feature":[374,376,375,383,377,378],"property_label":[],"property_state":[],"property_city":[449],"property_area":[984],"class_list":["post-1314557","property","type-property","status-publish","has-post-thumbnail","hentry","property_type-viviendas","property_status-comprar","property_feature-aire-acondicionado","property_feature-ascensor","property_feature-calefaccion","property_feature-sur","property_feature-terraza","property_feature-trastero","property_city-calafell","property_area-bellamel"],"property_meta":{"fave_currency":["EUR"],"fave_currency_info":[""],"fave_property_price":["1300000"],"fave_property_size":["600.00"],"fave_property_size_prefix":["m2"],"fave_property_land":["996"],"fave_property_land_postfix":["m2"],"fave_property_bedrooms":["5"],"fave_property_bathrooms":["6"],"fave_property_garage":["1"],"fave_virtual_tour":["1"],"fave_property_map":["1"],"fave_property_id":["OI02262\/5763"],"fave_property_year":["2006"],"fave_property_zip":["43880"],"fave_featured":["0"],"houzez_featured_listing_date":[""],"fave_agent_display_option":["agent_info"],"fave_prop_homeslider":["no"],"fave_energy_class":["D"],"fave_energy_global_index":["137"],"fave_energy_performance":["C"],"fave_renewable_energy_global_index":["23"],"floor_plans":[""],"fave_multi_units":[""],"additional_features":[""],"fave_agents":["1179704"],"fave_property_agency":["1214635"],"fave_property_map_address":[null],"fave_property_location":["41.190644771,1.559933474"],"houzez_geolocation_lat":["41.190644771"],"houzez_geolocation_long":["1.559933474"],"aicat":["1"],"_wp_page_template":["default"],"fave_property_images":["1314558","1314558","1314559","1314560","1314561","1314562","1314563","1314564","1314565","1314566","1314567","1314568","1314569","1314570","1314571","1314572","1314573","1314574","1314575","1314576","1314577","1314578","1314579","1314580","1314581","1314582","1314583","1314584","1314585","1314586","1314587","1314588","1314589","1314590","1314591","1314592","1314593","1314594","1314595","1314596","1314597"],"_thumbnail_id":["1314558"],"houzez_total_property_views":["8"],"houzez_views_by_date":["a:1:{s:10:\"04-28-2026\";i:8;}"],"houzez_recently_viewed":["2026-04-28 19:38:48"],"_elementor_page_assets":["a:0:{}"]},"_links":{"self":[{"href":"https:\/\/www.serra.immo\/ca\/wp-json\/wp\/v2\/properties\/1314557","targetHints":{"allow":["GET"]}}],"collection":[{"href":"https:\/\/www.serra.immo\/ca\/wp-json\/wp\/v2\/properties"}],"about":[{"href":"https:\/\/www.serra.immo\/ca\/wp-json\/wp\/v2\/types\/property"}],"author":[{"embeddable":true,"href":"https:\/\/www.serra.immo\/ca\/wp-json\/wp\/v2\/users\/4"}],"version-history":[{"count":0,"href":"https:\/\/www.serra.immo\/ca\/wp-json\/wp\/v2\/properties\/1314557\/revisions"}],"wp:featuredmedia":[{"embeddable":true,"href":"https:\/\/www.serra.immo\/ca\/wp-json\/wp\/v2\/media\/1314558"}],"wp:attachment":[{"href":"https:\/\/www.serra.immo\/ca\/wp-json\/wp\/v2\/media?parent=1314557"}],"wp:term":[{"taxonomy":"property_type","embeddable":true,"href":"https:\/\/www.serra.immo\/ca\/wp-json\/wp\/v2\/property_type?post=1314557"},{"taxonomy":"property_status","embeddable":true,"href":"https:\/\/www.serra.immo\/ca\/wp-json\/wp\/v2\/property_status?post=1314557"},{"taxonomy":"property_feature","embeddable":true,"href":"https:\/\/www.serra.immo\/ca\/wp-json\/wp\/v2\/property_feature?post=1314557"},{"taxonomy":"property_label","embeddable":true,"href":"https:\/\/www.serra.immo\/ca\/wp-json\/wp\/v2\/property_label?post=1314557"},{"taxonomy":"property_state","embeddable":true,"href":"https:\/\/www.serra.immo\/ca\/wp-json\/wp\/v2\/property_state?post=1314557"},{"taxonomy":"property_city","embeddable":true,"href":"https:\/\/www.serra.immo\/ca\/wp-json\/wp\/v2\/property_city?post=1314557"},{"taxonomy":"property_area","embeddable":true,"href":"https:\/\/www.serra.immo\/ca\/wp-json\/wp\/v2\/property_area?post=1314557"}],"curies":[{"name":"wp","href":"https:\/\/api.w.org\/{rel}","templated":true}]}}

<p>Open Inmo Barcelona aquesta espectacular Casa de Luxe amb Piscina, Ascensor i Vistes al Mar – Bonavista del Vendrell / Calafell Platja<br />
Aquest exclusiu habitatge combina arquitectura moderna, espais amplis i equipament d&#039;alta gamma. Ubicada a la prestigiosa zona de Bonavista - El Vendrell, a pocs minuts de la Platja, ofereix màxima comoditat gràcies al seu ascensor que connecta totes les plantes, eficiència energètica i vistes al mar des de la seva planta superior.<br />
CARACTERÍSTIQUES PRINCIPALS<br />
Ascensor des del garatge fins a la planta superior<br />
Piscina privada<br />
Plaques solars<br />
Sòl radiant<br />
Sauna<br />
Sala de jocs<br />
Xemeneia<br />
Ampli garatge per a 4 cotxes<br />
Jardí perimetral<br />
Materials de primera qualitat<br />
Estructura sense murs de càrrega (gran versatilitat per a futures reformes)<br />
DISTRIBUCIÓ DE L&#039;HABITATGE<br />
Planta Principal<br />
Hall rebedor que distribueix lespai en zona de dia i de nit.<br />
La Zona de dia està composta per:<br />
Gran saló-menjador amb sortida directa al jardí i la piscina.<br />
Cuina independent amb zona d&#039;esmorzar, habitació rebost i habitació bugaderia.<br />
La Zona de nit es distribueix per un passadís amb armaris de paret<br />
Dos dormitoris dobles que comparteixen un bany complet.<br />
Dues suites, cadascuna amb bany propi; una amb vestidor i accés a balcó.<br />
A la Planta Superior trobem una<br />
Impressionants golfes diàfanes, amb la possibilitat d&#039;habilitar fins a tres habitacions addicionals.<br />
Inclou:<br />
Bany complet<br />
Dues sortides exteriors: terrassa solàrium i balcó amb vistes al mar<br />
Planta Inferior<br />
Garatge per a quatre cotxes<br />
Ascensor amb accés directe a totes les plantes<br />
Sala de jocs amb sauna<br />
Sala addicional tipus menjador/celler amb xemeneia i pica<br />
Bany complet<br />
EXTERIORS<br />
L&#039;habitatge està envoltat per un jardí perimetral que garanteix privadesa.<br />
Bany complet exterior, ideal per a ús a zona de piscina.<br />
Porxo amb barbacoa<br />
Al centre, la piscina, ideal per gaudir del clima mediterrani.<br />
QUALITATS I EFICIÈNCIA<br />
Plaques solars<br />
Sòl radiant<br />
Fusteries i materials d&#039;alta gamma<br />
Estructura sense murs de càrrega per a màxima flexibilitat<br />
Vidres mirall amb filtre raïm que permet veure l&#039;exterior sense ser vist.<br />
Tancaments de seguretat a portes i finestres.<br />
Tot això a tan sols 45 minuts conduint de Barcelona ia 35 de Tarragona. Club de Golf a 20 minuts.</p>
