{"id":1314075,"date":"2026-04-27T01:34:43","date_gmt":"2026-04-26T23:34:43","guid":{"rendered":"https:\/\/www.serra.immo\/propiedad\/ref-pis0823-5025-planta-baja-en-venta-en-vilanova-i-la-geltru-el-prat-de-vilanova\/"},"modified":"2026-04-27T01:34:43","modified_gmt":"2026-04-26T23:34:43","slug":"ref-pis0823-5025-planta-baixa-en-venda-a-vilanova-i-la-geltru-el-prat-de-vilanova","status":"publish","type":"property","link":"https:\/\/www.serra.immo\/ca\/propiedad\/ref-pis0823-5025-planta-baja-en-venta-en-vilanova-i-la-geltru-el-prat-de-vilanova\/","title":{"rendered":"Ref. PIS0823\/5025 \u2013 Planta baixa en venda a Vilanova i la Geltr\u00fa \u2013 El Prat de Vilanova"},"content":{"rendered":"<p>Acollidora planta baixa en venda a la zona del Prat de Vilanova, a Vilanova i la Geltr\u00fa, una ubicaci\u00f3 tranquil\u00b7la i ben comunicada.<\/p>\n<p>L\u00b4habitatge disposa d\u00b4un llumin\u00f3s sal\u00f3-menjador amb sortida directa a un agradable balc\u00f3, cuina independent equipada amb pr\u00e0ctica zona de bugaderia, una habitaci\u00f3 \u00e0mplia i un bany complet.<\/p>\n<p>Compte amb terres de parquet que aporten calidesa, persianes el\u00e8ctriques, aire condicionat amb bomba de calor per garantir el confort durant tot l&#039;any i fusteria exterior d&#039;alumini que millora l&#039;a\u00efllament t\u00e8rmic i ac\u00fastic.<\/p>\n<p>La finca ha estat objecte duna rehabilitaci\u00f3, que inclou la renovaci\u00f3 de la fa\u00e7ana i la xarxa el\u00e8ctrica comunit\u00e0ria.<\/p>\n<p>Una excel\u00b7lent oportunitat tant per viure com per invertir en una zona tranquil\u00b7la, amb tots els serveis al teu abast ia tan sols 100 metres del passeig mar\u00edtim.<\/p>\n<p>El preu no inclou impostos (ITP, IVA i AJD), ni les despeses de notari ni les de registre.<\/p>","protected":false},"excerpt":{"rendered":"<p>Acollidora planta baixa en venda a la zona del Prat de Vilanova, a Vilanova i la Geltr\u00fa, una ubicaci\u00f3 tranquil\u00b7la i ben comunicada.<\/p>\n<p>L\u00b4habitatge disposa d\u00b4un llumin\u00f3s sal\u00f3-menjador amb sortida directa a un agradable balc\u00f3, cuina independent equipada amb pr\u00e0ctica zona de bugaderia, una habitaci\u00f3 \u00e0mplia i un bany complet.<\/p>\n<p>Compte amb terres de parquet que aporten calidesa, persianes el\u00e8ctriques, aire condicionat amb bomba de calor per garantir el confort durant tot l&#039;any i fusteria exterior d&#039;alumini que millora l&#039;a\u00efllament t\u00e8rmic i ac\u00fastic.<\/p>\n<p>La finca ha estat objecte duna rehabilitaci\u00f3, que inclou la renovaci\u00f3 de la fa\u00e7ana i la xarxa el\u00e8ctrica comunit\u00e0ria.<\/p>\n<p>Una excel\u00b7lent oportunitat tant per viure com per invertir en una zona tranquil\u00b7la, amb tots els serveis al teu abast ia tan sols 100 metres del passeig mar\u00edtim.<\/p>\n<p>El preu no inclou impostos (ITP, IVA i AJD), ni les despeses de notari ni les de registre.<\/p>","protected":false},"author":4,"featured_media":1314174,"parent":0,"menu_order":0,"template":"","property_type":[835],"property_status":[371],"property_feature":[],"property_label":[],"property_state":[],"property_city":[198],"property_area":[498],"class_list":["post-1314075","property","type-property","status-publish","has-post-thumbnail","hentry","property_type-viviendas","property_status-comprar","property_city-vilanova-i-la-geltru","property_area-el-prat-de-vilanova"],"property_meta":{"fave_currency":["EUR"],"fave_currency_info":[""],"fave_property_price":["148000"],"fave_property_size":["55.00"],"fave_property_size_prefix":["m2"],"fave_property_land":["0"],"fave_property_land_postfix":["m2"],"fave_property_bedrooms":["1"],"fave_property_bathrooms":["1"],"fave_virtual_tour":["0"],"fave_property_map":["1"],"fave_property_id":["PIS0823\/5025"],"fave_property_year":["1973"],"fave_property_zip":["08800"],"fave_featured":["0"],"houzez_featured_listing_date":[""],"fave_agent_display_option":["agent_info"],"fave_prop_homeslider":["no"],"fave_energy_class":["G"],"fave_energy_global_index":["309"],"fave_energy_performance":["F"],"fave_renewable_energy_global_index":["52"],"floor_plans":[""],"fave_multi_units":[""],"additional_features":[""],"fave_agents":["1179704"],"fave_property_agency":["1214635"],"fave_property_map_address":[null],"fave_property_location":["41.20587716,1.68609287"],"houzez_geolocation_lat":["41.20587716"],"houzez_geolocation_long":["1.68609287"],"aicat":["1"],"_wp_page_template":["default"],"fave_property_images":["1314174","1314174","1314175","1314176","1314177","1314178","1314179","1314180","1314181","1314182","1314183","1314184","1314185","1314186","1314187"],"_thumbnail_id":["1314174"],"houzez_total_property_views":["25"],"houzez_views_by_date":["a:4:{s:10:\"04-27-2026\";i:10;s:10:\"04-28-2026\";i:6;s:10:\"04-29-2026\";i:1;s:10:\"04-30-2026\";i:8;}"],"houzez_recently_viewed":["2026-04-30 18:48:51"],"_elementor_page_assets":["a:0:{}"]},"_links":{"self":[{"href":"https:\/\/www.serra.immo\/ca\/wp-json\/wp\/v2\/properties\/1314075","targetHints":{"allow":["GET"]}}],"collection":[{"href":"https:\/\/www.serra.immo\/ca\/wp-json\/wp\/v2\/properties"}],"about":[{"href":"https:\/\/www.serra.immo\/ca\/wp-json\/wp\/v2\/types\/property"}],"author":[{"embeddable":true,"href":"https:\/\/www.serra.immo\/ca\/wp-json\/wp\/v2\/users\/4"}],"version-history":[{"count":0,"href":"https:\/\/www.serra.immo\/ca\/wp-json\/wp\/v2\/properties\/1314075\/revisions"}],"wp:featuredmedia":[{"embeddable":true,"href":"https:\/\/www.serra.immo\/ca\/wp-json\/wp\/v2\/media\/1314174"}],"wp:attachment":[{"href":"https:\/\/www.serra.immo\/ca\/wp-json\/wp\/v2\/media?parent=1314075"}],"wp:term":[{"taxonomy":"property_type","embeddable":true,"href":"https:\/\/www.serra.immo\/ca\/wp-json\/wp\/v2\/property_type?post=1314075"},{"taxonomy":"property_status","embeddable":true,"href":"https:\/\/www.serra.immo\/ca\/wp-json\/wp\/v2\/property_status?post=1314075"},{"taxonomy":"property_feature","embeddable":true,"href":"https:\/\/www.serra.immo\/ca\/wp-json\/wp\/v2\/property_feature?post=1314075"},{"taxonomy":"property_label","embeddable":true,"href":"https:\/\/www.serra.immo\/ca\/wp-json\/wp\/v2\/property_label?post=1314075"},{"taxonomy":"property_state","embeddable":true,"href":"https:\/\/www.serra.immo\/ca\/wp-json\/wp\/v2\/property_state?post=1314075"},{"taxonomy":"property_city","embeddable":true,"href":"https:\/\/www.serra.immo\/ca\/wp-json\/wp\/v2\/property_city?post=1314075"},{"taxonomy":"property_area","embeddable":true,"href":"https:\/\/www.serra.immo\/ca\/wp-json\/wp\/v2\/property_area?post=1314075"}],"curies":[{"name":"wp","href":"https:\/\/api.w.org\/{rel}","templated":true}]}}

Ref. PIS0823/5025 – Planta baixa en venda a Vilanova i la Geltrú – El Prat de Vilanova

<p>Acollidora planta baixa en venda a la zona del Prat de Vilanova, a Vilanova i la Geltrú, una ubicació tranquil·la i ben comunicada.</p>
<p>L´habitatge disposa d´un lluminós saló-menjador amb sortida directa a un agradable balcó, cuina independent equipada amb pràctica zona de bugaderia, una habitació àmplia i un bany complet.</p>
<p>Compte amb terres de parquet que aporten calidesa, persianes elèctriques, aire condicionat amb bomba de calor per garantir el confort durant tot l&#039;any i fusteria exterior d&#039;alumini que millora l&#039;aïllament tèrmic i acústic.</p>
<p>La finca ha estat objecte duna rehabilitació, que inclou la renovació de la façana i la xarxa elèctrica comunitària.</p>
<p>Una excel·lent oportunitat tant per viure com per invertir en una zona tranquil·la, amb tots els serveis al teu abast ia tan sols 100 metres del passeig marítim.</p>
<p>El preu no inclou impostos (ITP, IVA i AJD), ni les despeses de notari ni les de registre.</p>
