{"id":1313463,"date":"2026-04-27T01:35:58","date_gmt":"2026-04-26T23:35:58","guid":{"rendered":"https:\/\/www.serra.immo\/propiedad\/ref-63-cuban-5436-el-cuban-green-alojate-en-el-corazon-de-sitges\/"},"modified":"2026-04-27T01:35:58","modified_gmt":"2026-04-26T23:35:58","slug":"ref-63-cuban-5436-el-cuban-green-allotjat-al-cor-de-sitges","status":"publish","type":"property","link":"https:\/\/www.serra.immo\/ca\/propiedad\/ref-63-cuban-5436-el-cuban-green-alojate-en-el-corazon-de-sitges\/","title":{"rendered":"Ref. 63.Cuban\/5436 \u2013 El CUBAN GREEN Allotja&#039;t al cor de Sitges"},"content":{"rendered":"<p>En entrar-hi, un \u00e9s rebut per un ambient llumin\u00f3s i airejat, gr\u00e0cies a les portes de vidre que condueixen a una terrassa \u00e0mplia i assolellada. El sal\u00f3 est\u00e0 moblat amb un sof\u00e0 llit en tons terra, accentuat amb coixins que afegeixen un toc de color. Davant del sof\u00e0 hi ha un moble modern i minimalista que sost\u00e9 un televisor de pantalla plana, envoltat d&#039;objectes decoratius donant car\u00e0cter a l&#039;espai. Els prestatges i parets estan adornats amb una barreja d&#039;art i records que conviden els hostes a sentir-se com a casa i suggereix una experi\u00e8ncia acollidora i personalitzada a la bonica localitat de Sitges. Aquest espai mant\u00e9 una est\u00e8tica c\u00e0lida i acollidora amb una decoraci\u00f3 coherent i tocs que harmonitzen lespai i promet ser un lloc relaxant i confortable per als viatgers que busquen gaudir de les seves vacances. Al mateix ambient hi ha la zona de menjador amb una petita taules i cadires modernes. Aquest espai (sal\u00f3 i menjador) compta amb aire condicionat ideal per als dies calorosos.<br \/>\nLa terrassa de l&#039;habitatge \u00e9s un espai exterior dissenyat per al gaudi i la relaxaci\u00f3, equipada amb una taula de menjador exterior i cadires modernes, ideal per gaudir de menjars i begudes mentre es respira l&#039;aire fresc; cadires i gandules encoixinades per descansar, llegir o prendre el sol, la pres\u00e8ncia de plantes en testos afegeixen un toc de natura complementant l&#039;atmosfera mediterr\u00e0nia.<br \/>\nIntegrant-se a la zona d&#039;estar hi ha un dormitori adjacent, llumin\u00f3s i minimalista, que proporciona un espai ser\u00e8 per descansar; equipat amb un llit gran que es pot separar en dos individuals, els llums situats sobre les tauletes de nit ofereixen una il\u00b7luminaci\u00f3 c\u00e0lida i acollidora. Exterior a la terrassa privada, la finestra permet l&#039;entrada de llum natural, cosa que augmenta la sensaci\u00f3 d&#039;amplitud. Per als dies calorosos compta amb ventilador de sostre.<br \/>\nLa zona de cuina \u00e9s acollidora i funcional, preparada per a \u00fas diari, ideal per a hostes que volen preparar menjars durant la seva estada. La cuina est\u00e0 equipada amb electrodom\u00e8stics moderns i essencials.<br \/>\nLa cambra de bany \u00e9s moderna, amb decoraci\u00f3 que evoca un ambient de calidesa i relaxant de platja, l&#039;espai est\u00e0 equipat amb dutxa \u00e0mplia amb mampara. La il\u00b7luminaci\u00f3 i la sensaci\u00f3 de calidesa prometen una experi\u00e8ncia confortable per als hostes.<br \/>\nTot l&#039;habitatge \u00e9s pr\u00e0ctic i est\u00e0 dissenyat per oferir als visitants totes les comoditats d&#039;una llar lluny de casa.<br \/>\nA prop de l&#039;habitatge hi ha diversos llocs d&#039;inter\u00e8s, com ara les platges de Sant Sebastia, Fragata i Ribera; museus, cinemes, etc. L&#039;aeroport m\u00e9s proper \u00e9s el de Barcelona-El Prat, ubicat a 26 km del CUBAN GREEN Terrace.<br \/>\nESFCTU<a href=\"tel:00000810700038944800000000000000\">00000810700038944800000000000000<\/a>HUTB-<a href=\"tel:014094-256\">014094-256<\/a><\/p>","protected":false},"excerpt":{"rendered":"<p>En entrar-hi, un \u00e9s rebut per un ambient llumin\u00f3s i airejat, gr\u00e0cies a les portes de vidre que condueixen a una terrassa \u00e0mplia i assolellada. El sal\u00f3 est\u00e0 moblat amb un sof\u00e0 llit en tons terra, accentuat amb coixins que afegeixen un toc de color. Davant del sof\u00e0 hi ha un moble modern i minimalista que sost\u00e9 un televisor de pantalla plana, envoltat d&#039;objectes decoratius donant car\u00e0cter a l&#039;espai. Els prestatges i parets estan adornats amb una barreja d&#039;art i records que conviden els hostes a sentir-se com a casa i suggereix una experi\u00e8ncia acollidora i personalitzada a la bonica localitat de Sitges. Aquest espai mant\u00e9 una est\u00e8tica c\u00e0lida i acollidora amb una decoraci\u00f3 coherent i tocs que harmonitzen lespai i promet ser un lloc relaxant i confortable per als viatgers que busquen gaudir de les seves vacances. Al mateix ambient hi ha la zona de menjador amb una petita taules i cadires modernes. Aquest espai (sal\u00f3 i menjador) compta amb aire condicionat ideal per als dies calorosos.<br \/>\nLa terrassa de l&#039;habitatge \u00e9s un espai exterior dissenyat per al gaudi i la relaxaci\u00f3, equipada amb una taula de menjador exterior i cadires modernes, ideal per gaudir de menjars i begudes mentre es respira l&#039;aire fresc; cadires i gandules encoixinades per descansar, llegir o prendre el sol, la pres\u00e8ncia de plantes en testos afegeixen un toc de natura complementant l&#039;atmosfera mediterr\u00e0nia.<br \/>\nIntegrant-se a la zona d&#039;estar hi ha un dormitori adjacent, llumin\u00f3s i minimalista, que proporciona un espai ser\u00e8 per descansar; equipat amb un llit gran que es pot separar en dos individuals, els llums situats sobre les tauletes de nit ofereixen una il\u00b7luminaci\u00f3 c\u00e0lida i acollidora. Exterior a la terrassa privada, la finestra permet l&#039;entrada de llum natural, cosa que augmenta la sensaci\u00f3 d&#039;amplitud. Per als dies calorosos compta amb ventilador de sostre.<br \/>\nLa zona de cuina \u00e9s acollidora i funcional, preparada per a \u00fas diari, ideal per a hostes que volen preparar menjars durant la seva estada. La cuina est\u00e0 equipada amb electrodom\u00e8stics moderns i essencials.<br \/>\nLa cambra de bany \u00e9s moderna, amb decoraci\u00f3 que evoca un ambient de calidesa i relaxant de platja, l&#039;espai est\u00e0 equipat amb dutxa \u00e0mplia amb mampara. La il\u00b7luminaci\u00f3 i la sensaci\u00f3 de calidesa prometen una experi\u00e8ncia confortable per als hostes.<br \/>\nTot l&#039;habitatge \u00e9s pr\u00e0ctic i est\u00e0 dissenyat per oferir als visitants totes les comoditats d&#039;una llar lluny de casa.<br \/>\nA prop de l&#039;habitatge hi ha diversos llocs d&#039;inter\u00e8s, com ara les platges de Sant Sebastia, Fragata i Ribera; museus, cinemes, etc. L&#039;aeroport m\u00e9s proper \u00e9s el de Barcelona-El Prat, ubicat a 26 km del CUBAN GREEN Terrace.<br \/>\nESFCTU00000810700038944800000000000000HUTB-014094-256<\/p>","protected":false},"author":4,"featured_media":1313464,"parent":0,"menu_order":0,"template":"","property_type":[835],"property_status":[848],"property_feature":[382],"property_label":[],"property_state":[],"property_city":[202],"property_area":[199],"class_list":["post-1313463","property","type-property","status-publish","has-post-thumbnail","hentry","property_type-viviendas","property_status-alquiler-turistico","property_feature-oeste","property_city-sitges","property_area-centre"],"property_meta":{"fave_currency":["EUR"],"fave_currency_info":[""],"fave_property_price":["85"],"fave_property_size":["29.11"],"fave_property_size_prefix":["m2"],"fave_property_land":["0"],"fave_property_land_postfix":["m2"],"fave_property_bedrooms":["1"],"fave_property_bathrooms":["1"],"fave_virtual_tour":["0"],"fave_property_map":["1"],"fave_property_id":["63.Cuban\/5436"],"fave_property_year":["1972"],"fave_property_zip":["08870"],"fave_featured":["0"],"houzez_featured_listing_date":[""],"fave_agent_display_option":["agent_info"],"fave_prop_homeslider":["no"],"fave_energy_class":["E"],"fave_energy_global_index":["202"],"fave_energy_performance":["E"],"fave_renewable_energy_global_index":["38"],"floor_plans":[""],"fave_multi_units":[""],"additional_features":[""],"fave_agents":["1179704"],"fave_property_agency":["1214635"],"fave_property_map_address":[null],"fave_property_location":["41.23747721,1.80984479"],"houzez_geolocation_lat":["41.23747721"],"houzez_geolocation_long":["1.80984479"],"aicat":["1"],"_wp_page_template":["default"],"fave_property_images":["1313464","1313464","1313465","1313466","1313467","1313468","1313469","1313470","1313471","1313472","1313473","1313474","1313475","1313476","1313477","1313478","1313479","1313480","1313481","1313482","1313483","1313484"],"_thumbnail_id":["1313464"],"houzez_total_property_views":["7"],"houzez_views_by_date":["a:2:{s:10:\"04-27-2026\";i:6;s:10:\"04-28-2026\";i:1;}"],"houzez_recently_viewed":["2026-04-29 01:56:56"],"_elementor_page_assets":["a:0:{}"]},"_links":{"self":[{"href":"https:\/\/www.serra.immo\/ca\/wp-json\/wp\/v2\/properties\/1313463","targetHints":{"allow":["GET"]}}],"collection":[{"href":"https:\/\/www.serra.immo\/ca\/wp-json\/wp\/v2\/properties"}],"about":[{"href":"https:\/\/www.serra.immo\/ca\/wp-json\/wp\/v2\/types\/property"}],"author":[{"embeddable":true,"href":"https:\/\/www.serra.immo\/ca\/wp-json\/wp\/v2\/users\/4"}],"version-history":[{"count":0,"href":"https:\/\/www.serra.immo\/ca\/wp-json\/wp\/v2\/properties\/1313463\/revisions"}],"wp:featuredmedia":[{"embeddable":true,"href":"https:\/\/www.serra.immo\/ca\/wp-json\/wp\/v2\/media\/1313464"}],"wp:attachment":[{"href":"https:\/\/www.serra.immo\/ca\/wp-json\/wp\/v2\/media?parent=1313463"}],"wp:term":[{"taxonomy":"property_type","embeddable":true,"href":"https:\/\/www.serra.immo\/ca\/wp-json\/wp\/v2\/property_type?post=1313463"},{"taxonomy":"property_status","embeddable":true,"href":"https:\/\/www.serra.immo\/ca\/wp-json\/wp\/v2\/property_status?post=1313463"},{"taxonomy":"property_feature","embeddable":true,"href":"https:\/\/www.serra.immo\/ca\/wp-json\/wp\/v2\/property_feature?post=1313463"},{"taxonomy":"property_label","embeddable":true,"href":"https:\/\/www.serra.immo\/ca\/wp-json\/wp\/v2\/property_label?post=1313463"},{"taxonomy":"property_state","embeddable":true,"href":"https:\/\/www.serra.immo\/ca\/wp-json\/wp\/v2\/property_state?post=1313463"},{"taxonomy":"property_city","embeddable":true,"href":"https:\/\/www.serra.immo\/ca\/wp-json\/wp\/v2\/property_city?post=1313463"},{"taxonomy":"property_area","embeddable":true,"href":"https:\/\/www.serra.immo\/ca\/wp-json\/wp\/v2\/property_area?post=1313463"}],"curies":[{"name":"wp","href":"https:\/\/api.w.org\/{rel}","templated":true}]}}

<p>En entrar-hi, un és rebut per un ambient lluminós i airejat, gràcies a les portes de vidre que condueixen a una terrassa àmplia i assolellada. El saló està moblat amb un sofà llit en tons terra, accentuat amb coixins que afegeixen un toc de color. Davant del sofà hi ha un moble modern i minimalista que sosté un televisor de pantalla plana, envoltat d&#039;objectes decoratius donant caràcter a l&#039;espai. Els prestatges i parets estan adornats amb una barreja d&#039;art i records que conviden els hostes a sentir-se com a casa i suggereix una experiència acollidora i personalitzada a la bonica localitat de Sitges. Aquest espai manté una estètica càlida i acollidora amb una decoració coherent i tocs que harmonitzen lespai i promet ser un lloc relaxant i confortable per als viatgers que busquen gaudir de les seves vacances. Al mateix ambient hi ha la zona de menjador amb una petita taules i cadires modernes. Aquest espai (saló i menjador) compta amb aire condicionat ideal per als dies calorosos.<br />
La terrassa de l&#039;habitatge és un espai exterior dissenyat per al gaudi i la relaxació, equipada amb una taula de menjador exterior i cadires modernes, ideal per gaudir de menjars i begudes mentre es respira l&#039;aire fresc; cadires i gandules encoixinades per descansar, llegir o prendre el sol, la presència de plantes en testos afegeixen un toc de natura complementant l&#039;atmosfera mediterrània.<br />
Integrant-se a la zona d&#039;estar hi ha un dormitori adjacent, lluminós i minimalista, que proporciona un espai serè per descansar; equipat amb un llit gran que es pot separar en dos individuals, els llums situats sobre les tauletes de nit ofereixen una il·luminació càlida i acollidora. Exterior a la terrassa privada, la finestra permet l&#039;entrada de llum natural, cosa que augmenta la sensació d&#039;amplitud. Per als dies calorosos compta amb ventilador de sostre.<br />
La zona de cuina és acollidora i funcional, preparada per a ús diari, ideal per a hostes que volen preparar menjars durant la seva estada. La cuina està equipada amb electrodomèstics moderns i essencials.<br />
La cambra de bany és moderna, amb decoració que evoca un ambient de calidesa i relaxant de platja, l&#039;espai està equipat amb dutxa àmplia amb mampara. La il·luminació i la sensació de calidesa prometen una experiència confortable per als hostes.<br />
Tot l&#039;habitatge és pràctic i està dissenyat per oferir als visitants totes les comoditats d&#039;una llar lluny de casa.<br />
A prop de l&#039;habitatge hi ha diversos llocs d&#039;interès, com ara les platges de Sant Sebastia, Fragata i Ribera; museus, cinemes, etc. L&#039;aeroport més proper és el de Barcelona-El Prat, ubicat a 26 km del CUBAN GREEN Terrace.<br />
ESFCTU<a href="tel:00000810700038944800000000000000">00000810700038944800000000000000</a>HUTB-<a href="tel:014094-256">014094-256</a></p>

<p>En entrar-hi, un és rebut per un ambient lluminós i airejat, gràcies a les portes de vidre que condueixen a una terrassa àmplia i assolellada. El saló està moblat amb un sofà llit en tons terra, accentuat amb coixins que afegeixen un toc de color. Davant del sofà hi ha un moble modern i minimalista que sosté un televisor de pantalla plana, envoltat d&#039;objectes decoratius donant caràcter a l&#039;espai. Els prestatges i parets estan adornats amb una barreja d&#039;art i records que conviden els hostes a sentir-se com a casa i suggereix una experiència acollidora i personalitzada a la bonica localitat de Sitges. Aquest espai manté una estètica càlida i acollidora amb una decoració coherent i tocs que harmonitzen lespai i promet ser un lloc relaxant i confortable per als viatgers que busquen gaudir de les seves vacances. Al mateix ambient hi ha la zona de menjador amb una petita taules i cadires modernes. Aquest espai (saló i menjador) compta amb aire condicionat ideal per als dies calorosos.<br />
La terrassa de l&#039;habitatge és un espai exterior dissenyat per al gaudi i la relaxació, equipada amb una taula de menjador exterior i cadires modernes, ideal per gaudir de menjars i begudes mentre es respira l&#039;aire fresc; cadires i gandules encoixinades per descansar, llegir o prendre el sol, la presència de plantes en testos afegeixen un toc de natura complementant l&#039;atmosfera mediterrània.<br />
Integrant-se a la zona d&#039;estar hi ha un dormitori adjacent, lluminós i minimalista, que proporciona un espai serè per descansar; equipat amb un llit gran que es pot separar en dos individuals, els llums situats sobre les tauletes de nit ofereixen una il·luminació càlida i acollidora. Exterior a la terrassa privada, la finestra permet l&#039;entrada de llum natural, cosa que augmenta la sensació d&#039;amplitud. Per als dies calorosos compta amb ventilador de sostre.<br />
La zona de cuina és acollidora i funcional, preparada per a ús diari, ideal per a hostes que volen preparar menjars durant la seva estada. La cuina està equipada amb electrodomèstics moderns i essencials.<br />
La cambra de bany és moderna, amb decoració que evoca un ambient de calidesa i relaxant de platja, l&#039;espai està equipat amb dutxa àmplia amb mampara. La il·luminació i la sensació de calidesa prometen una experiència confortable per als hostes.<br />
Tot l&#039;habitatge és pràctic i està dissenyat per oferir als visitants totes les comoditats d&#039;una llar lluny de casa.<br />
A prop de l&#039;habitatge hi ha diversos llocs d&#039;interès, com ara les platges de Sant Sebastia, Fragata i Ribera; museus, cinemes, etc. L&#039;aeroport més proper és el de Barcelona-El Prat, ubicat a 26 km del CUBAN GREEN Terrace.<br />
ESFCTU00000810700038944800000000000000HUTB-014094-256</p>
