{"id":1310914,"date":"2026-08-11T13:33:41","date_gmt":"2026-08-11T11:33:41","guid":{"rendered":"https:\/\/www.serra.immo\/propiedad\/ref-30-111p411-1649-piso-en-el-paseo-del-carme-con-vistas-al-puerto-de-vilanova\/"},"modified":"2026-08-11T13:33:41","modified_gmt":"2026-08-11T11:33:41","slug":"ref-30-111p411-1649-pis-al-passeig-del-carme-amb-vistes-al-port-de-vilanova","status":"publish","type":"property","link":"https:\/\/www.serra.immo\/ca\/propiedad\/ref-30-111p411-1649-piso-en-el-paseo-del-carme-con-vistas-al-puerto-de-vilanova\/","title":{"rendered":"Ref. 30-111P411\/1649 \u2013 Pis al Passeig del Carme amb vistes al port de Vilanova."},"content":{"rendered":"<p>[formatar_descripcio(Piso reformado de 3 habitaciones situado en el mismo Paseo del Carme de Vilanova. Con vistas al puerto de la ciudad.<br \/>\nEs un primer piso sin ascensor. Dispone de aire acondicionado y calefacci\u00f3n por conductos, un sal\u00f3n comedor muy amplio y agradable ya que est\u00e1 orientado al mar, 3 habitaciones y 1 ba\u00f1o completo. Dispone tambi\u00e9n de un peque\u00f1o patio interior donde est\u00e1 ubicado el calentador el\u00e9ctrico. La cocina est\u00e1 totalmente integrada al comedor.<br \/>\nEl precio incluye una plaza de parking que est\u00e1 situada en la Rambla de la Pau; a 5 minutos a pie desde este piso.<br \/>\nLa vivienda est\u00e1 ubicada en el barrio mar\u00edtimo de la ciudad, cerca de escuelas y del centro m\u00e9dico del barrio de Mar. La Rambla de la Pau est\u00e1 situada a 2 minutos de la vivienda.<\/p>\n<p>Superficie construida de la vivienda: 120m2 \/\/ superficie \u00fatil interior seg\u00fan c\u00e9dula de habitabilidad: 94,25m2<br \/>\nInmueble libre de arrendatarios y ocupantes.<br \/>\nAgent immobiliari inscrit al Registre AICAT n\u00fam. 2082<\/p>\n<p>Gastos de Notario, Impuesto de transmisiones patrimoniales y Registro de la Propiedad, no incluidos en el precio del anuncio.<br \/>\nGastos de agencia inmobiliaria a cargo del vendedor.)]<\/p>\n","protected":false},"excerpt":{"rendered":"<p>Pis reformat de 3 habitacions situat al mateix Passeig del Carme de Vilanova. Amb vistes al port de la ciutat.<br \/>\n\u00c9s un primer pis sense ascensor. Disposa d\u00b4aire condicionat i calefacci\u00f3 per conductes, un sal\u00f3 menjador molt ampli i agradable ja que est\u00e0 orientat al mar, 3 habitacions i 1 bany complet. Disposa tamb\u00e9 d\u00b4un petit pati interior on est\u00e0 ubicat l\u00b4escalfador el\u00e8ctric. La cuina est\u00e0 totalment integrada al menjador.<br \/>\nEl preu inclou una pla\u00e7a de p\u00e0rquing que est\u00e0 situada a la Rambla de la Pau; a 5 minuts a peu des daquest pis.<br \/>\nL&#039;habitatge est\u00e0 ubicat al barri mar\u00edtim de la ciutat, a prop d&#039;escoles i del centre m\u00e8dic del barri de Mar. La Rambla de la Pau est\u00e0 situada a 2 minuts de l&#039;habitatge.<\/p>\n<p>Superf\u00edcie constru\u00efda de l&#039;habitatge: 120m2 \/\/ superf\u00edcie \u00fatil interior segons la c\u00e8dula d&#039;habitabilitat: 94,25m2<br \/>\nImmoble lliure d\u00b4arrendataris i ocupants.<br \/>\nAgent immobiliari inscrit al Registre AICAT n\u00fam. 2082<\/p>\n<p>Despeses de notari, impost de transmissions patrimonials i registre de la propietat, no incloses en el preu de l&#039;anunci.<br \/>\nDespeses d\u201fag\u00e8ncia immobili\u00e0ria a c\u00e0rrec del venedor.<\/p>","protected":false},"author":4,"featured_media":1310915,"parent":0,"menu_order":0,"template":"","property_type":[835],"property_status":[371],"property_feature":[1019,1015,1014,1018,1021,442],"property_label":[],"property_state":[],"property_city":[198],"property_area":[507],"class_list":["post-1310914","property","type-property","status-publish","has-post-thumbnail","hentry","property_type-viviendas","property_status-comprar","property_feature-aicat_airex","property_feature-aicat_ascensor_","property_feature-aicat_calefaccionx","property_feature-aicat_terraza_","property_feature-aicat_trastero_","property_feature-norte-sur","property_city-vilanova-i-la-geltru","property_area-passeig-del-carme"],"property_meta":{"fave_currency":["EUR"],"fave_currency_info":[""],"fave_property_price":["[preuFinal(390000,0)]"],"fave_property_sec_price":["[preuLloguerNomesSiAmbdos(390000,0)]"],"fave_property_size":["95.00"],"fave_property_size_prefix":["m2"],"fave_property_land":["0"],"fave_property_land_postfix":["m2"],"fave_property_bedrooms":["3"],"fave_property_bathrooms":["[array_sum(array(0,1))]"],"fave_property_garage":["[garaje(X)]"],"fave_virtual_tour":["0"],"fave_property_map":["1"],"fave_property_id":["30-111P411\/1649"],"fave_property_year":["1980"],"fave_property_zip":["08800"],"fave_featured":["0"],"houzez_featured_listing_date":[""],"fave_agent_display_option":["agent_info"],"fave_prop_homeslider":["no"],"fave_video_url":["[netejar_url_youtube()]"],"fave_energy_class":["F"],"fave_energy_global_index":["199"],"fave_energy_performance":["G"],"fave_renewable_energy_global_index":["51"],"floor_plans":[""],"fave_multi_units":[""],"additional_features":[""],"fave_agents":["1179704"],"fave_property_agency":["1214635"],"fave_property_map_address":[null],"fave_property_location":["41.215746211528,1.7282877358062"],"houzez_geolocation_lat":["41.215746211528"],"houzez_geolocation_long":["1.7282877358062"],"aicat":["1"],"_wp_page_template":["default"],"fave_property_images":["1310915","1310915","1310916","1310917","1310918","1310919","1310920","1310921","1310922","1310923","1310924","1310925","1310926","1310927","1310928","1310929","1310930","1310931"],"_thumbnail_id":["1310915"],"houzez_total_property_views":["64"],"houzez_views_by_date":["a:23:{s:10:\"08-11-2026\";i:3;s:10:\"08-12-2026\";i:1;s:10:\"08-13-2026\";i:4;s:10:\"08-14-2026\";i:3;s:10:\"08-15-2026\";i:2;s:10:\"08-16-2026\";i:3;s:10:\"08-17-2026\";i:1;s:10:\"08-18-2026\";i:3;s:10:\"08-19-2026\";i:1;s:10:\"08-20-2026\";i:7;s:10:\"08-21-2026\";i:3;s:10:\"08-22-2026\";i:3;s:10:\"08-23-2026\";i:3;s:10:\"08-25-2026\";i:6;s:10:\"08-26-2026\";i:2;s:10:\"08-27-2026\";i:2;s:10:\"08-28-2026\";i:2;s:10:\"08-30-2026\";i:1;s:10:\"08-31-2026\";i:3;s:10:\"09-02-2026\";i:2;s:10:\"09-03-2026\";i:3;s:10:\"09-04-2026\";i:3;s:10:\"09-05-2026\";i:3;}"],"houzez_recently_viewed":["2026-09-05 14:54:17"],"_elementor_page_assets":["a:0:{}"]},"_links":{"self":[{"href":"https:\/\/www.serra.immo\/ca\/wp-json\/wp\/v2\/properties\/1310914","targetHints":{"allow":["GET"]}}],"collection":[{"href":"https:\/\/www.serra.immo\/ca\/wp-json\/wp\/v2\/properties"}],"about":[{"href":"https:\/\/www.serra.immo\/ca\/wp-json\/wp\/v2\/types\/property"}],"author":[{"embeddable":true,"href":"https:\/\/www.serra.immo\/ca\/wp-json\/wp\/v2\/users\/4"}],"version-history":[{"count":0,"href":"https:\/\/www.serra.immo\/ca\/wp-json\/wp\/v2\/properties\/1310914\/revisions"}],"wp:featuredmedia":[{"embeddable":true,"href":"https:\/\/www.serra.immo\/ca\/wp-json\/wp\/v2\/media\/1310915"}],"wp:attachment":[{"href":"https:\/\/www.serra.immo\/ca\/wp-json\/wp\/v2\/media?parent=1310914"}],"wp:term":[{"taxonomy":"property_type","embeddable":true,"href":"https:\/\/www.serra.immo\/ca\/wp-json\/wp\/v2\/property_type?post=1310914"},{"taxonomy":"property_status","embeddable":true,"href":"https:\/\/www.serra.immo\/ca\/wp-json\/wp\/v2\/property_status?post=1310914"},{"taxonomy":"property_feature","embeddable":true,"href":"https:\/\/www.serra.immo\/ca\/wp-json\/wp\/v2\/property_feature?post=1310914"},{"taxonomy":"property_label","embeddable":true,"href":"https:\/\/www.serra.immo\/ca\/wp-json\/wp\/v2\/property_label?post=1310914"},{"taxonomy":"property_state","embeddable":true,"href":"https:\/\/www.serra.immo\/ca\/wp-json\/wp\/v2\/property_state?post=1310914"},{"taxonomy":"property_city","embeddable":true,"href":"https:\/\/www.serra.immo\/ca\/wp-json\/wp\/v2\/property_city?post=1310914"},{"taxonomy":"property_area","embeddable":true,"href":"https:\/\/www.serra.immo\/ca\/wp-json\/wp\/v2\/property_area?post=1310914"}],"curies":[{"name":"wp","href":"https:\/\/api.w.org\/{rel}","templated":true}]}}

<p>[formatar_descripcio(Piso reformado de 3 habitaciones situado en el mismo Paseo del Carme de Vilanova. Con vistas al puerto de la ciudad.<br />
Es un primer piso sin ascensor. Dispone de aire acondicionado y calefacción por conductos, un salón comedor muy amplio y agradable ya que está orientado al mar, 3 habitaciones y 1 baño completo. Dispone también de un pequeño patio interior donde está ubicado el calentador eléctrico. La cocina está totalmente integrada al comedor.<br />
El precio incluye una plaza de parking que está situada en la Rambla de la Pau; a 5 minutos a pie desde este piso.<br />
La vivienda está ubicada en el barrio marítimo de la ciudad, cerca de escuelas y del centro médico del barrio de Mar. La Rambla de la Pau está situada a 2 minutos de la vivienda.</p>
<p>Superficie construida de la vivienda: 120m2 // superficie útil interior según cédula de habitabilidad: 94,25m2<br />
Inmueble libre de arrendatarios y ocupantes.<br />
Agent immobiliari inscrit al Registre AICAT núm. 2082</p>
<p>Gastos de Notario, Impuesto de transmisiones patrimoniales y Registro de la Propiedad, no incluidos en el precio del anuncio.<br />
Gastos de agencia inmobiliaria a cargo del vendedor.)]</p>

<p>Pis reformat de 3 habitacions situat al mateix Passeig del Carme de Vilanova. Amb vistes al port de la ciutat.<br />
És un primer pis sense ascensor. Disposa d´aire condicionat i calefacció per conductes, un saló menjador molt ampli i agradable ja que està orientat al mar, 3 habitacions i 1 bany complet. Disposa també d´un petit pati interior on està ubicat l´escalfador elèctric. La cuina està totalment integrada al menjador.<br />
El preu inclou una plaça de pàrquing que està situada a la Rambla de la Pau; a 5 minuts a peu des daquest pis.<br />
L&#039;habitatge està ubicat al barri marítim de la ciutat, a prop d&#039;escoles i del centre mèdic del barri de Mar. La Rambla de la Pau està situada a 2 minuts de l&#039;habitatge.</p>
<p>Superfície construïda de l&#039;habitatge: 120m2 // superfície útil interior segons la cèdula d&#039;habitabilitat: 94,25m2<br />
Immoble lliure d´arrendataris i ocupants.<br />
Agent immobiliari inscrit al Registre AICAT núm. 2082</p>
<p>Despeses de notari, impost de transmissions patrimonials i registre de la propietat, no incloses en el preu de l&#039;anunci.<br />
Despeses d‟agència immobiliària a càrrec del venedor.</p>
