{"id":1307339,"date":"2026-04-28T13:32:40","date_gmt":"2026-04-28T11:32:40","guid":{"rendered":"https:\/\/www.serra.immo\/propiedad\/ref-12-vsit2528-1087-essencia-sitges\/"},"modified":"2026-04-28T13:32:40","modified_gmt":"2026-04-28T11:32:40","slug":"ref-12-vsit2528-1087-essencia-sitges","status":"publish","type":"property","link":"https:\/\/www.serra.immo\/ca\/propiedad\/ref-12-vsit2528-1087-essencia-sitges\/","title":{"rendered":"Ref. 12-VSIT2528\/1087 \u2013 ESS\u00c8NCIA SITGES"},"content":{"rendered":"<p>Ess\u00e8ncia Sitges \u00e9s l&#039;opci\u00f3 ideal per als que busquen viure l&#039;ess\u00e8ncia aut\u00e8ntica de Sitges: a un pas de l&#039;emblem\u00e0tica platja de Sant Sebasti\u00e0, a tocar del cor del poble i envoltats de tots els serveis, comer\u00e7os i comunicacions. Una ubicaci\u00f3 privilegiada pensada per gaudir cada dia de l&#039;estil de vida mediterrani sense utilitzar vehicle.<\/p>\n<p>Aquesta promoci\u00f3 exclusiva ha estat concebuda per als qui valoren la tranquil\u00b7litat d&#039;una comunitat petita, moderna i familiar, on el disseny, l&#039;efici\u00e8ncia i el confort s&#039;uneixen per crear llars de qualitat superior. Cada detall ha estat acuradament estudiat per oferir un espai c\u00f2mode, llumin\u00f3s i funcional a qualsevol \u00e8poca de l&#039;any.<\/p>\n<p>L&#039;edifici est\u00e0 compost per nom\u00e9s 6 habitatges, amb tipologies de 1, 2 i 3 habitacions, ideals tant per a resid\u00e8ncia habitual com per a segona resid\u00e8ncia. Algunes unitats tenen \u00e0mplies terrasses privades perfectes per gaudir del sol i del clima de Sitges, i d&#039;altres tenen vistes al mar que converteixen cada dia en una experi\u00e8ncia \u00fanica.<\/p>\n<p>Aquest pis ubicat a la primera planta es distribueix en un espai de sal\u00f3 menjador de 20,19m2, amb cuina independent de 6,82m2, amb sortida els dos espais a balc\u00f3, i una \u00e0mplia habitaci\u00f3 doble en suite i amb vestidor.<br \/>\nTot exterior i llumin\u00f3s.<\/p>\n<p>Un projecte pensat per als que volen viure Sitges amb tranquil\u00b7litat, qualitat i proximitat. Benvinguts a Ess\u00e8ncia Sitges.<\/p>\n<p>Data prevista entrega claus maig 2027.<\/p>","protected":false},"excerpt":{"rendered":"<p>Ess\u00e8ncia Sitges \u00e9s l&#039;opci\u00f3 ideal per als que busquen viure l&#039;ess\u00e8ncia aut\u00e8ntica de Sitges: a un pas de l&#039;emblem\u00e0tica platja de Sant Sebasti\u00e0, a tocar del cor del poble i envoltats de tots els serveis, comer\u00e7os i comunicacions. Una ubicaci\u00f3 privilegiada pensada per gaudir cada dia de l&#039;estil de vida mediterrani sense utilitzar vehicle.<\/p>\n<p>Aquesta promoci\u00f3 exclusiva ha estat concebuda per als qui valoren la tranquil\u00b7litat d&#039;una comunitat petita, moderna i familiar, on el disseny, l&#039;efici\u00e8ncia i el confort s&#039;uneixen per crear llars de qualitat superior. Cada detall ha estat acuradament estudiat per oferir un espai c\u00f2mode, llumin\u00f3s i funcional a qualsevol \u00e8poca de l&#039;any.<\/p>\n<p>L&#039;edifici est\u00e0 compost per nom\u00e9s 6 habitatges, amb tipologies de 1, 2 i 3 habitacions, ideals tant per a resid\u00e8ncia habitual com per a segona resid\u00e8ncia. Algunes unitats tenen \u00e0mplies terrasses privades perfectes per gaudir del sol i del clima de Sitges, i d&#039;altres tenen vistes al mar que converteixen cada dia en una experi\u00e8ncia \u00fanica.<\/p>\n<p>Aquest pis ubicat a la primera planta es distribueix en un espai de sal\u00f3 menjador de 20,19m2, amb cuina independent de 6,82m2, amb sortida els dos espais a balc\u00f3, i una \u00e0mplia habitaci\u00f3 doble en suite i amb vestidor.<br \/>\nTot exterior i llumin\u00f3s.<\/p>\n<p>Un projecte pensat per als que volen viure Sitges amb tranquil\u00b7litat, qualitat i proximitat. Benvinguts a Ess\u00e8ncia Sitges.<\/p>\n<p>Data prevista entrega claus maig 2027.<\/p>","protected":false},"author":4,"featured_media":1307340,"parent":0,"menu_order":0,"template":"","property_type":[835],"property_status":[371],"property_feature":[376,375,395],"property_label":[],"property_state":[],"property_city":[202],"property_area":[779],"class_list":["post-1307339","property","type-property","status-publish","has-post-thumbnail","hentry","property_type-viviendas","property_status-comprar","property_feature-ascensor","property_feature-calefaccion","property_feature-norte","property_city-sitges","property_area-cases-noves"],"property_meta":{"fave_currency":["EUR"],"fave_currency_info":[""],"fave_property_price":["320000"],"fave_property_size":["45.43"],"fave_property_size_prefix":["m2"],"fave_property_land":["0"],"fave_property_land_postfix":["m2"],"fave_property_bedrooms":["1"],"fave_property_bathrooms":["1"],"fave_virtual_tour":["0"],"fave_property_map":["1"],"fave_property_id":["12-VSIT2528\/1087"],"fave_property_year":["2025"],"fave_property_zip":["08870"],"fave_featured":["0"],"houzez_featured_listing_date":[""],"fave_agent_display_option":["agent_info"],"fave_prop_homeslider":["no"],"fave_energy_class":["A"],"fave_energy_global_index":["23"],"fave_energy_performance":["A"],"fave_renewable_energy_global_index":["4"],"floor_plans":[""],"fave_multi_units":[""],"additional_features":[""],"fave_agents":["1179704"],"fave_property_agency":["1214635"],"fave_property_map_address":[null],"fave_property_location":["41.2384439636537,1.81494572952097"],"houzez_geolocation_lat":["41.2384439636537"],"houzez_geolocation_long":["1.81494572952097"],"aicat":["1"],"_wp_page_template":["default"],"fave_property_images":["1307340","1307340","1307341","1307342","1307343","1307344","1307345"],"_thumbnail_id":["1307340"],"houzez_total_property_views":["4"],"houzez_views_by_date":["a:1:{s:10:\"04-28-2026\";i:4;}"],"houzez_recently_viewed":["2026-04-29 00:20:18"],"_elementor_page_assets":["a:0:{}"]},"_links":{"self":[{"href":"https:\/\/www.serra.immo\/ca\/wp-json\/wp\/v2\/properties\/1307339","targetHints":{"allow":["GET"]}}],"collection":[{"href":"https:\/\/www.serra.immo\/ca\/wp-json\/wp\/v2\/properties"}],"about":[{"href":"https:\/\/www.serra.immo\/ca\/wp-json\/wp\/v2\/types\/property"}],"author":[{"embeddable":true,"href":"https:\/\/www.serra.immo\/ca\/wp-json\/wp\/v2\/users\/4"}],"version-history":[{"count":0,"href":"https:\/\/www.serra.immo\/ca\/wp-json\/wp\/v2\/properties\/1307339\/revisions"}],"wp:featuredmedia":[{"embeddable":true,"href":"https:\/\/www.serra.immo\/ca\/wp-json\/wp\/v2\/media\/1307340"}],"wp:attachment":[{"href":"https:\/\/www.serra.immo\/ca\/wp-json\/wp\/v2\/media?parent=1307339"}],"wp:term":[{"taxonomy":"property_type","embeddable":true,"href":"https:\/\/www.serra.immo\/ca\/wp-json\/wp\/v2\/property_type?post=1307339"},{"taxonomy":"property_status","embeddable":true,"href":"https:\/\/www.serra.immo\/ca\/wp-json\/wp\/v2\/property_status?post=1307339"},{"taxonomy":"property_feature","embeddable":true,"href":"https:\/\/www.serra.immo\/ca\/wp-json\/wp\/v2\/property_feature?post=1307339"},{"taxonomy":"property_label","embeddable":true,"href":"https:\/\/www.serra.immo\/ca\/wp-json\/wp\/v2\/property_label?post=1307339"},{"taxonomy":"property_state","embeddable":true,"href":"https:\/\/www.serra.immo\/ca\/wp-json\/wp\/v2\/property_state?post=1307339"},{"taxonomy":"property_city","embeddable":true,"href":"https:\/\/www.serra.immo\/ca\/wp-json\/wp\/v2\/property_city?post=1307339"},{"taxonomy":"property_area","embeddable":true,"href":"https:\/\/www.serra.immo\/ca\/wp-json\/wp\/v2\/property_area?post=1307339"}],"curies":[{"name":"wp","href":"https:\/\/api.w.org\/{rel}","templated":true}]}}

Ref. 12-VSIT2528/1087 – ESSÈNCIA SITGES

<p>Essència Sitges és l&#039;opció ideal per als que busquen viure l&#039;essència autèntica de Sitges: a un pas de l&#039;emblemàtica platja de Sant Sebastià, a tocar del cor del poble i envoltats de tots els serveis, comerços i comunicacions. Una ubicació privilegiada pensada per gaudir cada dia de l&#039;estil de vida mediterrani sense utilitzar vehicle.</p>
<p>Aquesta promoció exclusiva ha estat concebuda per als qui valoren la tranquil·litat d&#039;una comunitat petita, moderna i familiar, on el disseny, l&#039;eficiència i el confort s&#039;uneixen per crear llars de qualitat superior. Cada detall ha estat acuradament estudiat per oferir un espai còmode, lluminós i funcional a qualsevol època de l&#039;any.</p>
<p>L&#039;edifici està compost per només 6 habitatges, amb tipologies de 1, 2 i 3 habitacions, ideals tant per a residència habitual com per a segona residència. Algunes unitats tenen àmplies terrasses privades perfectes per gaudir del sol i del clima de Sitges, i d&#039;altres tenen vistes al mar que converteixen cada dia en una experiència única.</p>
<p>Aquest pis ubicat a la primera planta es distribueix en un espai de saló menjador de 20,19m2, amb cuina independent de 6,82m2, amb sortida els dos espais a balcó, i una àmplia habitació doble en suite i amb vestidor.<br />
Tot exterior i lluminós.</p>
<p>Un projecte pensat per als que volen viure Sitges amb tranquil·litat, qualitat i proximitat. Benvinguts a Essència Sitges.</p>
<p>Data prevista entrega claus maig 2027.</p>
