{"id":1305394,"date":"2026-04-24T01:31:41","date_gmt":"2026-04-23T23:31:41","guid":{"rendered":"https:\/\/www.serra.immo\/propiedad\/ref-14-5247-1213-fantastica-casa-adosada-en-sant-pere-de-ribes\/"},"modified":"2026-04-24T01:31:41","modified_gmt":"2026-04-23T23:31:41","slug":"ref-14-5247-1213-fantastica-casa-adossada-a-sant-pere-de-ribes","status":"publish","type":"property","link":"https:\/\/www.serra.immo\/ca\/propiedad\/ref-14-5247-1213-fantastica-casa-adosada-en-sant-pere-de-ribes\/","title":{"rendered":"Ref. 14-5247\/1213 \u2013 FANT\u00c0STICA CASA ADOSSADA A SANT PERE DE RIBES"},"content":{"rendered":"<p>Fant\u00e0stica casa adossada a Sant Pere de Ribes.<\/p>\n<p>Situada en una zona c\u00e8ntrica, aquesta casa adossada de 196 m\u00b2, orientada a sud, \u00e9s una excel\u00b7lent oportunitat per a aquells que busquen una llar c\u00f2moda i moderna, a punt per entrar a viure; amb una zona comunit\u00e0ria amb jard\u00ed i piscina.<\/p>\n<p>La seva distribuci\u00f3 \u00e9s perfecta per adaptar-se a les necessitats d&#039;una fam\u00edlia, amb espais amplis i lluminosos a totes les estances. A la planta principal trobem un ampli sal\u00f3 menjador amb acc\u00e9s directe a una terrassa privada que ofereix vistes panor\u00e0miques excepcionals. La cuina office \u00e9s espaiosa i funcional, perfecta per gaudir dels \u00e0pats del dia a dia.<\/p>\n<p>La propietat disposa de 5 dormitoris, 3 situats a la planta segona, un tipus suite i un a la planta principal. A m\u00e9s, compta amb 2 banys complets (1 suite amb banyera i 1 amb dutxa) i un lavabo de cortesia, tots amb acabats de qualitat.<\/p>\n<p>A la planta baixa, hi ha un gran dormitori o sala multiusos, un espai perfecte per adaptar-lo a les necessitats personals, amb sortida a trav\u00e9s d&#039;una preciosa vidriera a una \u00e0mplia i bonica terrassa, amb sortida directa a la zona comuna.<\/p>\n<p>El garatge t\u00e9 espai per a dos vehicles, a m\u00e9s compta amb una zona de bugaderia i emmagatzematge, brindant comoditat i espai addicional.<\/p>\n<p>La casa \u00e9s totalment exterior, cosa que garanteix una gran lluminositat a totes les estances durant tot el dia. El terra de gres i parquet ofereix una combinaci\u00f3 perfecta d&#039;eleg\u00e0ncia i funcionalitat. La fusteria \u00e9s dalumini, els armaris encastats i les portes de fusta.<\/p>\n<p>Vine a visitar casa teva ideal sense comprom\u00eds.<\/p>","protected":false},"excerpt":{"rendered":"<p>Fant\u00e0stica casa adossada a Sant Pere de Ribes.<\/p>\n<p>Situada en una zona c\u00e8ntrica, aquesta casa adossada de 196 m\u00b2, orientada a sud, \u00e9s una excel\u00b7lent oportunitat per a aquells que busquen una llar c\u00f2moda i moderna, a punt per entrar a viure; amb una zona comunit\u00e0ria amb jard\u00ed i piscina.<\/p>\n<p>La seva distribuci\u00f3 \u00e9s perfecta per adaptar-se a les necessitats d&#039;una fam\u00edlia, amb espais amplis i lluminosos a totes les estances. A la planta principal trobem un ampli sal\u00f3 menjador amb acc\u00e9s directe a una terrassa privada que ofereix vistes panor\u00e0miques excepcionals. La cuina office \u00e9s espaiosa i funcional, perfecta per gaudir dels \u00e0pats del dia a dia.<\/p>\n<p>La propietat disposa de 5 dormitoris, 3 situats a la planta segona, un tipus suite i un a la planta principal. A m\u00e9s, compta amb 2 banys complets (1 suite amb banyera i 1 amb dutxa) i un lavabo de cortesia, tots amb acabats de qualitat.<\/p>\n<p>A la planta baixa, hi ha un gran dormitori o sala multiusos, un espai perfecte per adaptar-lo a les necessitats personals, amb sortida a trav\u00e9s d&#039;una preciosa vidriera a una \u00e0mplia i bonica terrassa, amb sortida directa a la zona comuna.<\/p>\n<p>El garatge t\u00e9 espai per a dos vehicles, a m\u00e9s compta amb una zona de bugaderia i emmagatzematge, brindant comoditat i espai addicional.<\/p>\n<p>La casa \u00e9s totalment exterior, cosa que garanteix una gran lluminositat a totes les estances durant tot el dia. El terra de gres i parquet ofereix una combinaci\u00f3 perfecta d&#039;eleg\u00e0ncia i funcionalitat. La fusteria \u00e9s dalumini, els armaris encastats i les portes de fusta.<\/p>\n<p>Vine a visitar casa teva ideal sense comprom\u00eds.<\/p>","protected":false},"author":4,"featured_media":1314237,"parent":0,"menu_order":0,"template":"","property_type":[835],"property_status":[371],"property_feature":[375,383,377],"property_label":[],"property_state":[],"property_city":[210],"property_area":[199],"class_list":["post-1305394","property","type-property","status-publish","has-post-thumbnail","hentry","property_type-viviendas","property_status-comprar","property_feature-calefaccion","property_feature-sur","property_feature-terraza","property_city-sant-pere-de-ribes","property_area-centre"],"property_meta":{"fave_currency":["EUR"],"fave_currency_info":[""],"fave_property_price":["545000"],"fave_property_size":["190.00"],"fave_property_size_prefix":["m2"],"fave_property_land":["0"],"fave_property_land_postfix":["m2"],"fave_property_bedrooms":["5"],"fave_property_bathrooms":["3"],"fave_property_garage":["1"],"fave_virtual_tour":["0"],"fave_property_map":["1"],"fave_property_id":["14-5247\/1213"],"fave_property_year":["1995"],"fave_property_zip":["08810"],"fave_featured":["0"],"houzez_featured_listing_date":[""],"fave_agent_display_option":["agent_info"],"fave_prop_homeslider":["no"],"floor_plans":[""],"fave_multi_units":[""],"additional_features":[""],"fave_agents":["1179704"],"fave_property_agency":["1214635"],"fave_property_map_address":[null],"fave_property_location":["41.262575356,1.780002752"],"houzez_geolocation_lat":["41.262575356"],"houzez_geolocation_long":["1.780002752"],"aicat":["1"],"_wp_page_template":["default"],"fave_property_images":["1314237","1314237","1314238","1314239","1314240","1314241","1314242","1314243","1314244","1314245","1314246","1314247","1314248","1314249","1314250","1314251","1314252","1314253","1314254","1314255","1314256","1314257","1314258","1314259","1314260","1314261","1314262","1314263","1314264","1314265","1314266","1314267","1314268","1314269","1314270","1314271","1314272","1314273","1314274","1314275"],"_thumbnail_id":["1314237"],"houzez_total_property_views":["17"],"houzez_views_by_date":["a:3:{s:10:\"04-24-2026\";i:9;s:10:\"04-25-2026\";i:4;s:10:\"04-26-2026\";i:4;}"],"houzez_recently_viewed":["2026-04-26 15:41:52"],"_elementor_page_assets":["a:0:{}"],"rank_math_internal_links_processed":["1"]},"_links":{"self":[{"href":"https:\/\/www.serra.immo\/ca\/wp-json\/wp\/v2\/properties\/1305394","targetHints":{"allow":["GET"]}}],"collection":[{"href":"https:\/\/www.serra.immo\/ca\/wp-json\/wp\/v2\/properties"}],"about":[{"href":"https:\/\/www.serra.immo\/ca\/wp-json\/wp\/v2\/types\/property"}],"author":[{"embeddable":true,"href":"https:\/\/www.serra.immo\/ca\/wp-json\/wp\/v2\/users\/4"}],"version-history":[{"count":0,"href":"https:\/\/www.serra.immo\/ca\/wp-json\/wp\/v2\/properties\/1305394\/revisions"}],"wp:featuredmedia":[{"embeddable":true,"href":"https:\/\/www.serra.immo\/ca\/wp-json\/wp\/v2\/media\/1314237"}],"wp:attachment":[{"href":"https:\/\/www.serra.immo\/ca\/wp-json\/wp\/v2\/media?parent=1305394"}],"wp:term":[{"taxonomy":"property_type","embeddable":true,"href":"https:\/\/www.serra.immo\/ca\/wp-json\/wp\/v2\/property_type?post=1305394"},{"taxonomy":"property_status","embeddable":true,"href":"https:\/\/www.serra.immo\/ca\/wp-json\/wp\/v2\/property_status?post=1305394"},{"taxonomy":"property_feature","embeddable":true,"href":"https:\/\/www.serra.immo\/ca\/wp-json\/wp\/v2\/property_feature?post=1305394"},{"taxonomy":"property_label","embeddable":true,"href":"https:\/\/www.serra.immo\/ca\/wp-json\/wp\/v2\/property_label?post=1305394"},{"taxonomy":"property_state","embeddable":true,"href":"https:\/\/www.serra.immo\/ca\/wp-json\/wp\/v2\/property_state?post=1305394"},{"taxonomy":"property_city","embeddable":true,"href":"https:\/\/www.serra.immo\/ca\/wp-json\/wp\/v2\/property_city?post=1305394"},{"taxonomy":"property_area","embeddable":true,"href":"https:\/\/www.serra.immo\/ca\/wp-json\/wp\/v2\/property_area?post=1305394"}],"curies":[{"name":"wp","href":"https:\/\/api.w.org\/{rel}","templated":true}]}}

Ref. 14-5247/1213 – FANTÀSTICA CASA ADOSSADA A SANT PERE DE RIBES

<p>Fantàstica casa adossada a Sant Pere de Ribes.</p>
<p>Situada en una zona cèntrica, aquesta casa adossada de 196 m², orientada a sud, és una excel·lent oportunitat per a aquells que busquen una llar còmoda i moderna, a punt per entrar a viure; amb una zona comunitària amb jardí i piscina.</p>
<p>La seva distribució és perfecta per adaptar-se a les necessitats d&#039;una família, amb espais amplis i lluminosos a totes les estances. A la planta principal trobem un ampli saló menjador amb accés directe a una terrassa privada que ofereix vistes panoràmiques excepcionals. La cuina office és espaiosa i funcional, perfecta per gaudir dels àpats del dia a dia.</p>
<p>La propietat disposa de 5 dormitoris, 3 situats a la planta segona, un tipus suite i un a la planta principal. A més, compta amb 2 banys complets (1 suite amb banyera i 1 amb dutxa) i un lavabo de cortesia, tots amb acabats de qualitat.</p>
<p>A la planta baixa, hi ha un gran dormitori o sala multiusos, un espai perfecte per adaptar-lo a les necessitats personals, amb sortida a través d&#039;una preciosa vidriera a una àmplia i bonica terrassa, amb sortida directa a la zona comuna.</p>
<p>El garatge té espai per a dos vehicles, a més compta amb una zona de bugaderia i emmagatzematge, brindant comoditat i espai addicional.</p>
<p>La casa és totalment exterior, cosa que garanteix una gran lluminositat a totes les estances durant tot el dia. El terra de gres i parquet ofereix una combinació perfecta d&#039;elegància i funcionalitat. La fusteria és dalumini, els armaris encastats i les portes de fusta.</p>
<p>Vine a visitar casa teva ideal sense compromís.</p>
