{"id":1305070,"date":"2026-04-29T13:34:14","date_gmt":"2026-04-29T11:34:14","guid":{"rendered":"https:\/\/www.serra.immo\/propiedad\/ref-03-22537-1098-local-en-venta-en-el-centro-de-vilanova\/"},"modified":"2026-04-29T13:34:14","modified_gmt":"2026-04-29T11:34:14","slug":"ref-03-22537-1098-local-en-venda-al-centre-de-vilanova","status":"publish","type":"property","link":"https:\/\/www.serra.immo\/ca\/propiedad\/ref-03-22537-1098-local-en-venta-en-el-centro-de-vilanova\/","title":{"rendered":"Ref. 03-22537\/1098 \u2013 Local en venda al centre de Vilanova"},"content":{"rendered":"<p>Aquest local us ofereix una superf\u00edcie constru\u00efda de 100 m\u00b2, 66 m\u00b2 \u00fatils perfectament di\u00e0fans amb 3m d&#039;al\u00e7ada per adaptar-se a qualsevol concepte de negoci, des de botiga, oficina o estudi professional i 20m\u00b2 exteriors de pati a la part posterior.<br \/>\nLa fa\u00e7ana fa 4,73m i disposa d&#039;una gran porta met\u00e0l\u00b7lica amb gual i bona accessibilitat per a c\u00e0rrega i desc\u00e0rrega.<br \/>\nEn aquest moment l&#039;\u00fas \u00e9s de magatzem per\u00f2 la seva situaci\u00f3 i les seves caracter\u00edstiques permeten una gran visibilitat i pres\u00e8ncia al carrer, ideal tamb\u00e9 per muntar un negoci.<br \/>\nEl local ja compta amb s\u00f2l instal\u00b7lat i les instal\u00b7lacions b\u00e0siques de llum llestes, cosa que minimitza el temps i el cost d&#039;adequaci\u00f3.<br \/>\nEl preu no inclou impostos (ITP, IVA i AJD), ni les despeses de notari ni les de registre.<\/p>","protected":false},"excerpt":{"rendered":"<p>Aquest local us ofereix una superf\u00edcie constru\u00efda de 100 m\u00b2, 66 m\u00b2 \u00fatils perfectament di\u00e0fans amb 3m d&#039;al\u00e7ada per adaptar-se a qualsevol concepte de negoci, des de botiga, oficina o estudi professional i 20m\u00b2 exteriors de pati a la part posterior.<br \/>\nLa fa\u00e7ana fa 4,73m i disposa d&#039;una gran porta met\u00e0l\u00b7lica amb gual i bona accessibilitat per a c\u00e0rrega i desc\u00e0rrega.<br \/>\nEn aquest moment l&#039;\u00fas \u00e9s de magatzem per\u00f2 la seva situaci\u00f3 i les seves caracter\u00edstiques permeten una gran visibilitat i pres\u00e8ncia al carrer, ideal tamb\u00e9 per muntar un negoci.<br \/>\nEl local ja compta amb s\u00f2l instal\u00b7lat i les instal\u00b7lacions b\u00e0siques de llum llestes, cosa que minimitza el temps i el cost d&#039;adequaci\u00f3.<br \/>\nEl preu no inclou impostos (ITP, IVA i AJD), ni les despeses de notari ni les de registre.<\/p>","protected":false},"author":4,"featured_media":1312353,"parent":0,"menu_order":0,"template":"","property_type":[841],"property_status":[371],"property_feature":[],"property_label":[],"property_state":[],"property_city":[198],"property_area":[199],"class_list":["post-1305070","property","type-property","status-publish","has-post-thumbnail","hentry","property_type-locales-comerciales","property_status-comprar","property_city-vilanova-i-la-geltru","property_area-centre"],"property_meta":{"fave_currency":["EUR"],"fave_currency_info":[""],"fave_property_price":["132587"],"fave_property_size":["66.00"],"fave_property_size_prefix":["m2"],"fave_property_land":["0"],"fave_property_land_postfix":["m2"],"fave_property_bedrooms":["0"],"fave_property_bathrooms":["0"],"fave_virtual_tour":["0"],"fave_property_map":["1"],"fave_property_id":["03-22537\/1098"],"fave_property_year":["1971"],"fave_property_zip":["08800"],"fave_featured":["0"],"houzez_featured_listing_date":[""],"fave_agent_display_option":["agent_info"],"fave_prop_homeslider":["no"],"fave_energy_class":["C"],"fave_energy_global_index":["160"],"fave_energy_performance":["C"],"fave_renewable_energy_global_index":["32"],"floor_plans":[""],"fave_multi_units":[""],"additional_features":[""],"fave_agents":["1179704"],"fave_property_agency":["1214635"],"fave_property_map_address":[null],"fave_property_location":["41.22129589,1.725870273"],"houzez_geolocation_lat":["41.22129589"],"houzez_geolocation_long":["1.725870273"],"aicat":["1"],"_wp_page_template":["default"],"fave_property_images":["1312353","1312353","1312354","1312355","1312356","1312357","1312358","1312359","1312360","1312361","1312362","1312363","1312364","1312365","1312366","1312367","1312368","1312369","1312370","1312371"],"_thumbnail_id":["1312353"],"houzez_total_property_views":["2"],"houzez_views_by_date":["a:1:{s:10:\"04-29-2026\";i:2;}"],"houzez_recently_viewed":["2026-04-29 15:58:16"],"_elementor_page_assets":["a:0:{}"]},"_links":{"self":[{"href":"https:\/\/www.serra.immo\/ca\/wp-json\/wp\/v2\/properties\/1305070","targetHints":{"allow":["GET"]}}],"collection":[{"href":"https:\/\/www.serra.immo\/ca\/wp-json\/wp\/v2\/properties"}],"about":[{"href":"https:\/\/www.serra.immo\/ca\/wp-json\/wp\/v2\/types\/property"}],"author":[{"embeddable":true,"href":"https:\/\/www.serra.immo\/ca\/wp-json\/wp\/v2\/users\/4"}],"version-history":[{"count":0,"href":"https:\/\/www.serra.immo\/ca\/wp-json\/wp\/v2\/properties\/1305070\/revisions"}],"wp:featuredmedia":[{"embeddable":true,"href":"https:\/\/www.serra.immo\/ca\/wp-json\/wp\/v2\/media\/1312353"}],"wp:attachment":[{"href":"https:\/\/www.serra.immo\/ca\/wp-json\/wp\/v2\/media?parent=1305070"}],"wp:term":[{"taxonomy":"property_type","embeddable":true,"href":"https:\/\/www.serra.immo\/ca\/wp-json\/wp\/v2\/property_type?post=1305070"},{"taxonomy":"property_status","embeddable":true,"href":"https:\/\/www.serra.immo\/ca\/wp-json\/wp\/v2\/property_status?post=1305070"},{"taxonomy":"property_feature","embeddable":true,"href":"https:\/\/www.serra.immo\/ca\/wp-json\/wp\/v2\/property_feature?post=1305070"},{"taxonomy":"property_label","embeddable":true,"href":"https:\/\/www.serra.immo\/ca\/wp-json\/wp\/v2\/property_label?post=1305070"},{"taxonomy":"property_state","embeddable":true,"href":"https:\/\/www.serra.immo\/ca\/wp-json\/wp\/v2\/property_state?post=1305070"},{"taxonomy":"property_city","embeddable":true,"href":"https:\/\/www.serra.immo\/ca\/wp-json\/wp\/v2\/property_city?post=1305070"},{"taxonomy":"property_area","embeddable":true,"href":"https:\/\/www.serra.immo\/ca\/wp-json\/wp\/v2\/property_area?post=1305070"}],"curies":[{"name":"wp","href":"https:\/\/api.w.org\/{rel}","templated":true}]}}

<p>Aquest local us ofereix una superfície construïda de 100 m², 66 m² útils perfectament diàfans amb 3m d&#039;alçada per adaptar-se a qualsevol concepte de negoci, des de botiga, oficina o estudi professional i 20m² exteriors de pati a la part posterior.<br />
La façana fa 4,73m i disposa d&#039;una gran porta metàl·lica amb gual i bona accessibilitat per a càrrega i descàrrega.<br />
En aquest moment l&#039;ús és de magatzem però la seva situació i les seves característiques permeten una gran visibilitat i presència al carrer, ideal també per muntar un negoci.<br />
El local ja compta amb sòl instal·lat i les instal·lacions bàsiques de llum llestes, cosa que minimitza el temps i el cost d&#039;adequació.<br />
El preu no inclou impostos (ITP, IVA i AJD), ni les despeses de notari ni les de registre.</p>
