{"id":1305014,"date":"2026-04-30T13:35:12","date_gmt":"2026-04-30T11:35:12","guid":{"rendered":"https:\/\/www.serra.immo\/propiedad\/ref-03-5337-1098-piso-en-venta-la-combinacion-perfecta-de-amplitud-confort-y-ubicacion-prime\/"},"modified":"2026-04-30T13:35:13","modified_gmt":"2026-04-30T11:35:13","slug":"ref-03-5337-1098-pis-en-venda-la-combinacio-perfecta-damplitud-confort-i-ubicacio-primera","status":"publish","type":"property","link":"https:\/\/www.serra.immo\/ca\/propiedad\/ref-03-5337-1098-piso-en-venta-la-combinacion-perfecta-de-amplitud-confort-y-ubicacion-prime\/","title":{"rendered":"Ref. 03-5337\/1098 \u2013 Pis en venda. La combinaci\u00f3 perfecta d&#039;amplitud, confort i ubicaci\u00f3 prime!"},"content":{"rendered":"<p>Aquest espectacular pis de 116 m\u00b2 en una quarta planta amb ascensor destaca per la distribuci\u00f3 ideal de quatre dormitoris i la terrassa amb envejable orientaci\u00f3.<br \/>\nL&#039;habitatge compta amb detalls importants a tenir en compte: un bonic rebedor, sal\u00f3 menjador amb terrassa i tendal, cuina office amb galeria annexa, dos banys, diversos armaris encastats, radiadors de calefacci\u00f3 el\u00e8ctrica, terres de parquet i persianes el\u00e8ctriques al menjador i habitaci\u00f3 de matrimoni.<br \/>\nL&#039;edifici est\u00e0 molt ben conservat i la comunitat \u00e9s impecable, factors que asseguren una estada i un manteniment \u00f2ptim.<br \/>\nLa ubicaci\u00f3 \u00e9s un altre dels seus grans atractius: es troba a Av. Cubelles, nom\u00e9s a 5 minuts caminant de la Rambla Principal i del Mercat Municipal, a 10 minuts de les platges. a 15 minuts de l&#039;estaci\u00f3 de Renfe i nom\u00e9s a 2 minuts de la parada de l&#039;autob\u00fas en direcci\u00f3 a Barcelona. El barri ofereix tot tipus de serveis: escola bressol, escola bressol i Institut d&#039;ESO\/batxillerat a dues passes i centre d&#039;assist\u00e8ncia m\u00e8dica entre d&#039;altres. Per als que desitgen viure a l&#039;entorn vibrant del centre de la ciutat per\u00f2 en una zona equilibrada, amb acc\u00e9s immediat a serveis, comer\u00e7os i ben comunicat de transport.<\/p>\n<p>Vilanova i la Geltr\u00fa \u00e9s una ciutat amb molta vida de gaireb\u00e9 70.000 habitants. La seva fa\u00e7ana mar\u00edtima \u00e9s coneguda per la qualitat de les platges de fina sorra, pel seu port n\u00e0utic i tamb\u00e9 pel seu actiu port pesquer. Est\u00e0 molt ben comunicada, nom\u00e9s a 20 minuts de l&#039;aeroport ia 30 minuts de Barcelona, cosa que la converteix en una opci\u00f3 atractiva per als que busquen la tranquil\u00b7litat de la costa sense renunciar a la proximitat amb la capital.<br \/>\nEl preu no inclou impostos (ITP, IVA i AJD), ni les despeses de notari ni les de registre.<\/p>\n<p>Contacti&#039;ns per a m\u00e9s informaci\u00f3!<\/p>\n<p>C\u00e8dula habitabilitat: CHB<a href=\"tel:04039517001\">04039517001<\/a><br \/>\nCertificat Energ\u00e8tic: Refer\u00e8ncia HL3HZXMGL Consum d&#039;energia E 136 Kwh\/m\u00b2 any Emissions E 28 Kg CO2\/m\u00b2 any<\/p>","protected":false},"excerpt":{"rendered":"<p>Aquest espectacular pis de 116 m\u00b2 en una quarta planta amb ascensor destaca per la distribuci\u00f3 ideal de quatre dormitoris i la terrassa amb envejable orientaci\u00f3.<br \/>\nL&#039;habitatge compta amb detalls importants a tenir en compte: un bonic rebedor, sal\u00f3 menjador amb terrassa i tendal, cuina office amb galeria annexa, dos banys, diversos armaris encastats, radiadors de calefacci\u00f3 el\u00e8ctrica, terres de parquet i persianes el\u00e8ctriques al menjador i habitaci\u00f3 de matrimoni.<br \/>\nL&#039;edifici est\u00e0 molt ben conservat i la comunitat \u00e9s impecable, factors que asseguren una estada i un manteniment \u00f2ptim.<br \/>\nLa ubicaci\u00f3 \u00e9s un altre dels seus grans atractius: es troba a Av. Cubelles, nom\u00e9s a 5 minuts caminant de la Rambla Principal i del Mercat Municipal, a 10 minuts de les platges. a 15 minuts de l&#039;estaci\u00f3 de Renfe i nom\u00e9s a 2 minuts de la parada de l&#039;autob\u00fas en direcci\u00f3 a Barcelona. El barri ofereix tot tipus de serveis: escola bressol, escola bressol i Institut d&#039;ESO\/batxillerat a dues passes i centre d&#039;assist\u00e8ncia m\u00e8dica entre d&#039;altres. Per als que desitgen viure a l&#039;entorn vibrant del centre de la ciutat per\u00f2 en una zona equilibrada, amb acc\u00e9s immediat a serveis, comer\u00e7os i ben comunicat de transport.<\/p>\n<p>Vilanova i la Geltr\u00fa \u00e9s una ciutat amb molta vida de gaireb\u00e9 70.000 habitants. La seva fa\u00e7ana mar\u00edtima \u00e9s coneguda per la qualitat de les platges de fina sorra, pel seu port n\u00e0utic i tamb\u00e9 pel seu actiu port pesquer. Est\u00e0 molt ben comunicada, nom\u00e9s a 20 minuts de l&#039;aeroport ia 30 minuts de Barcelona, cosa que la converteix en una opci\u00f3 atractiva per als que busquen la tranquil\u00b7litat de la costa sense renunciar a la proximitat amb la capital.<br \/>\nEl preu no inclou impostos (ITP, IVA i AJD), ni les despeses de notari ni les de registre.<\/p>\n<p>Contacti&#039;ns per a m\u00e9s informaci\u00f3!<\/p>\n<p>C\u00e9dula habitabilitat: CHB04039517001<br \/>\nCertificat Energ\u00e8tic: Refer\u00e8ncia HL3HZXMGL Consum d&#039;energia E 136 Kwh\/m\u00b2 any Emissions E 28 Kg CO2\/m\u00b2 any<\/p>","protected":false},"author":4,"featured_media":1312548,"parent":0,"menu_order":0,"template":"","property_type":[835],"property_status":[371],"property_feature":[376,375,377],"property_label":[],"property_state":[],"property_city":[198],"property_area":[199],"class_list":["post-1305014","property","type-property","status-publish","has-post-thumbnail","hentry","property_type-viviendas","property_status-comprar","property_feature-ascensor","property_feature-calefaccion","property_feature-terraza","property_city-vilanova-i-la-geltru","property_area-centre"],"property_meta":{"fave_currency":["EUR"],"fave_currency_info":[""],"fave_property_price":["329740"],"fave_property_size":["89.00"],"fave_property_size_prefix":["m2"],"fave_property_land":["0"],"fave_property_land_postfix":["m2"],"fave_property_bedrooms":["4"],"fave_property_bathrooms":["2"],"fave_virtual_tour":["0"],"fave_property_map":["1"],"fave_property_id":["03-5337\/1098"],"fave_property_year":["1974"],"fave_property_zip":["08800"],"fave_featured":["0"],"houzez_featured_listing_date":[""],"fave_agent_display_option":["agent_info"],"fave_prop_homeslider":["no"],"fave_energy_class":["E"],"fave_energy_global_index":["136"],"fave_energy_performance":["E"],"fave_renewable_energy_global_index":["28"],"floor_plans":[""],"fave_multi_units":[""],"additional_features":[""],"fave_agents":["1179704"],"fave_property_agency":["1214635"],"fave_property_map_address":[null],"fave_property_location":["41.220912058429,1.7223959192026"],"houzez_geolocation_lat":["41.220912058429"],"houzez_geolocation_long":["1.7223959192026"],"aicat":["1"],"_wp_page_template":["default"],"fave_property_images":["1312548","1312548","1312549","1312550","1312551","1312552","1312553","1312554","1312555","1312556","1312557","1312558","1312559","1312560","1312561","1312562","1312563","1312564","1312565","1312566","1312567","1312568","1312569","1312570","1312571","1312572","1312573","1312574","1312575"],"_thumbnail_id":["1312548"],"houzez_total_property_views":["1"],"houzez_views_by_date":["a:1:{s:10:\"04-30-2026\";i:1;}"],"houzez_recently_viewed":["2026-04-30 14:15:39"],"_elementor_page_assets":["a:0:{}"]},"_links":{"self":[{"href":"https:\/\/www.serra.immo\/ca\/wp-json\/wp\/v2\/properties\/1305014","targetHints":{"allow":["GET"]}}],"collection":[{"href":"https:\/\/www.serra.immo\/ca\/wp-json\/wp\/v2\/properties"}],"about":[{"href":"https:\/\/www.serra.immo\/ca\/wp-json\/wp\/v2\/types\/property"}],"author":[{"embeddable":true,"href":"https:\/\/www.serra.immo\/ca\/wp-json\/wp\/v2\/users\/4"}],"version-history":[{"count":0,"href":"https:\/\/www.serra.immo\/ca\/wp-json\/wp\/v2\/properties\/1305014\/revisions"}],"wp:featuredmedia":[{"embeddable":true,"href":"https:\/\/www.serra.immo\/ca\/wp-json\/wp\/v2\/media\/1312548"}],"wp:attachment":[{"href":"https:\/\/www.serra.immo\/ca\/wp-json\/wp\/v2\/media?parent=1305014"}],"wp:term":[{"taxonomy":"property_type","embeddable":true,"href":"https:\/\/www.serra.immo\/ca\/wp-json\/wp\/v2\/property_type?post=1305014"},{"taxonomy":"property_status","embeddable":true,"href":"https:\/\/www.serra.immo\/ca\/wp-json\/wp\/v2\/property_status?post=1305014"},{"taxonomy":"property_feature","embeddable":true,"href":"https:\/\/www.serra.immo\/ca\/wp-json\/wp\/v2\/property_feature?post=1305014"},{"taxonomy":"property_label","embeddable":true,"href":"https:\/\/www.serra.immo\/ca\/wp-json\/wp\/v2\/property_label?post=1305014"},{"taxonomy":"property_state","embeddable":true,"href":"https:\/\/www.serra.immo\/ca\/wp-json\/wp\/v2\/property_state?post=1305014"},{"taxonomy":"property_city","embeddable":true,"href":"https:\/\/www.serra.immo\/ca\/wp-json\/wp\/v2\/property_city?post=1305014"},{"taxonomy":"property_area","embeddable":true,"href":"https:\/\/www.serra.immo\/ca\/wp-json\/wp\/v2\/property_area?post=1305014"}],"curies":[{"name":"wp","href":"https:\/\/api.w.org\/{rel}","templated":true}]}}

Ref. 03-5337/1098 – Pis en venda. La combinació perfecta d&#039;amplitud, confort i ubicació prime!

<p>Aquest espectacular pis de 116 m² en una quarta planta amb ascensor destaca per la distribució ideal de quatre dormitoris i la terrassa amb envejable orientació.<br />
L&#039;habitatge compta amb detalls importants a tenir en compte: un bonic rebedor, saló menjador amb terrassa i tendal, cuina office amb galeria annexa, dos banys, diversos armaris encastats, radiadors de calefacció elèctrica, terres de parquet i persianes elèctriques al menjador i habitació de matrimoni.<br />
L&#039;edifici està molt ben conservat i la comunitat és impecable, factors que asseguren una estada i un manteniment òptim.<br />
La ubicació és un altre dels seus grans atractius: es troba a Av. Cubelles, només a 5 minuts caminant de la Rambla Principal i del Mercat Municipal, a 10 minuts de les platges. a 15 minuts de l&#039;estació de Renfe i només a 2 minuts de la parada de l&#039;autobús en direcció a Barcelona. El barri ofereix tot tipus de serveis: escola bressol, escola bressol i Institut d&#039;ESO/batxillerat a dues passes i centre d&#039;assistència mèdica entre d&#039;altres. Per als que desitgen viure a l&#039;entorn vibrant del centre de la ciutat però en una zona equilibrada, amb accés immediat a serveis, comerços i ben comunicat de transport.</p>
<p>Vilanova i la Geltrú és una ciutat amb molta vida de gairebé 70.000 habitants. La seva façana marítima és coneguda per la qualitat de les platges de fina sorra, pel seu port nàutic i també pel seu actiu port pesquer. Està molt ben comunicada, només a 20 minuts de l&#039;aeroport ia 30 minuts de Barcelona, cosa que la converteix en una opció atractiva per als que busquen la tranquil·litat de la costa sense renunciar a la proximitat amb la capital.<br />
El preu no inclou impostos (ITP, IVA i AJD), ni les despeses de notari ni les de registre.</p>
<p>Contacti&#039;ns per a més informació!</p>
<p>Cèdula habitabilitat: CHB<a href="tel:04039517001">04039517001</a><br />
Certificat Energètic: Referència HL3HZXMGL Consum d&#039;energia E 136 Kwh/m² any Emissions E 28 Kg CO2/m² any</p>

<p>Aquest espectacular pis de 116 m² en una quarta planta amb ascensor destaca per la distribució ideal de quatre dormitoris i la terrassa amb envejable orientació.<br />
L&#039;habitatge compta amb detalls importants a tenir en compte: un bonic rebedor, saló menjador amb terrassa i tendal, cuina office amb galeria annexa, dos banys, diversos armaris encastats, radiadors de calefacció elèctrica, terres de parquet i persianes elèctriques al menjador i habitació de matrimoni.<br />
L&#039;edifici està molt ben conservat i la comunitat és impecable, factors que asseguren una estada i un manteniment òptim.<br />
La ubicació és un altre dels seus grans atractius: es troba a Av. Cubelles, només a 5 minuts caminant de la Rambla Principal i del Mercat Municipal, a 10 minuts de les platges. a 15 minuts de l&#039;estació de Renfe i només a 2 minuts de la parada de l&#039;autobús en direcció a Barcelona. El barri ofereix tot tipus de serveis: escola bressol, escola bressol i Institut d&#039;ESO/batxillerat a dues passes i centre d&#039;assistència mèdica entre d&#039;altres. Per als que desitgen viure a l&#039;entorn vibrant del centre de la ciutat però en una zona equilibrada, amb accés immediat a serveis, comerços i ben comunicat de transport.</p>
<p>Vilanova i la Geltrú és una ciutat amb molta vida de gairebé 70.000 habitants. La seva façana marítima és coneguda per la qualitat de les platges de fina sorra, pel seu port nàutic i també pel seu actiu port pesquer. Està molt ben comunicada, només a 20 minuts de l&#039;aeroport ia 30 minuts de Barcelona, cosa que la converteix en una opció atractiva per als que busquen la tranquil·litat de la costa sense renunciar a la proximitat amb la capital.<br />
El preu no inclou impostos (ITP, IVA i AJD), ni les despeses de notari ni les de registre.</p>
<p>Contacti&#039;ns per a més informació!</p>
<p>Cédula habitabilitat: CHB04039517001<br />
Certificat Energètic: Referència HL3HZXMGL Consum d&#039;energia E 136 Kwh/m² any Emissions E 28 Kg CO2/m² any</p>
