{"id":1304679,"date":"2026-04-29T13:31:54","date_gmt":"2026-04-29T11:31:54","guid":{"rendered":"https:\/\/www.serra.immo\/propiedad\/ref-12-toli63-1087-terreno-a-dos-calles-con-vistas-y-buena-orientacion-en-mas-mestre\/"},"modified":"2026-04-29T13:31:54","modified_gmt":"2026-04-29T11:31:54","slug":"ref-12-toli63-1087-terreny-a-dos-carrers-amb-vistes-i-bona-orientacio-a-mes-mestre","status":"publish","type":"property","link":"https:\/\/www.serra.immo\/ca\/propiedad\/ref-12-toli63-1087-terreno-a-dos-calles-con-vistas-y-buena-orientacion-en-mas-mestre\/","title":{"rendered":"Ref. 12-TOLI63\/1087 \u2013 TERRENY A DOS CARRERS AMB VISTES I BONA ORIENTACI\u00d3 A M\u00c9S MESTRE"},"content":{"rendered":"<p>Bonic terreny urb\u00e0 de 985 metres quadrats amb acc\u00e9s des de dos carrers de la urbanitzaci\u00f3. T\u00e9 forma rectangular amb 25 metres de fa\u00e7ana a cadascun dels carrers i 39 metres de profunditat. T\u00e9 pendent cap al sud-oest, cosa que assegura un bon assolellament i vistes clares.<\/p>\n<p>Hi ha la possibilitat de comprar tamb\u00e9 el terreny contigu fins arribar a m\u00e9s de 1.900 metres quadrats de terreny urb\u00e0.<\/p>\n<p>\u00c9s a 10 minuts amb cotxe de la platja de Sitges, a 5 de Sant Pere de Ribes ia 10 de Vilafranca del Pened\u00e8s.<\/p>\n<p>La normativa urban\u00edstica aplicable \u00e9s la corresponent a la clau R6, subzona R6b i permet construir un habitatge unifamiliar a\u00efllat.<br \/>\nAl\u00e7ada m\u00e0xima permesa: Planta Baixa + Planta Primera + Baix Coberta (m\u00e0x. 7,5m).<br \/>\nDist\u00e0ncia de separaci\u00f3 a partions: 3 metres als laterals i 5 metres a vial.<br \/>\nOcupaci\u00f3 m\u00e0xima del 30%.<br \/>\nEdificabilitat m\u00e0xima del 0,45 m\u00b2st\/m\u00b2s\u00f2l.<\/p>\n<p>Des de Grup Living us oferim un servei integral per acompanyar-vos en tot el proc\u00e9s de la construcci\u00f3 del vostre habitatge, des de la compra del terreny, l&#039;obtenci\u00f3 dels permisos d&#039;obra, contractaci\u00f3 i coordinaci\u00f3 dels serveis d&#039;arquitectura i construcci\u00f3. Tamb\u00e9 us podem ajudar amb l&#039;obtenci\u00f3 del finan\u00e7ament per a l&#039;autopromoci\u00f3.<\/p>\n<p>Per a m\u00e9s informaci\u00f3 no dubtis a contactar-nos.<\/p>","protected":false},"excerpt":{"rendered":"<p>Bonic terreny urb\u00e0 de 985 metres quadrats amb acc\u00e9s des de dos carrers de la urbanitzaci\u00f3. T\u00e9 forma rectangular amb 25 metres de fa\u00e7ana a cadascun dels carrers i 39 metres de profunditat. T\u00e9 pendent cap al sud-oest, cosa que assegura un bon assolellament i vistes clares.<\/p>\n<p>Hi ha la possibilitat de comprar tamb\u00e9 el terreny contigu fins arribar a m\u00e9s de 1.900 metres quadrats de terreny urb\u00e0.<\/p>\n<p>\u00c9s a 10 minuts amb cotxe de la platja de Sitges, a 5 de Sant Pere de Ribes ia 10 de Vilafranca del Pened\u00e8s.<\/p>\n<p>La normativa urban\u00edstica aplicable \u00e9s la corresponent a la clau R6, subzona R6b i permet construir un habitatge unifamiliar a\u00efllat.<br \/>\nAl\u00e7ada m\u00e0xima permesa: Planta Baixa + Planta Primera + Baix Coberta (m\u00e0x. 7,5m).<br \/>\nDist\u00e0ncia de separaci\u00f3 a partions: 3 metres als laterals i 5 metres a vial.<br \/>\nOcupaci\u00f3 m\u00e0xima del 30%.<br \/>\nEdificabilitat m\u00e0xima del 0,45 m\u00b2st\/m\u00b2s\u00f2l.<\/p>\n<p>Des de Grup Living us oferim un servei integral per acompanyar-vos en tot el proc\u00e9s de la construcci\u00f3 del vostre habitatge, des de la compra del terreny, l&#039;obtenci\u00f3 dels permisos d&#039;obra, contractaci\u00f3 i coordinaci\u00f3 dels serveis d&#039;arquitectura i construcci\u00f3. Tamb\u00e9 us podem ajudar amb l&#039;obtenci\u00f3 del finan\u00e7ament per a l&#039;autopromoci\u00f3.<\/p>\n<p>Per a m\u00e9s informaci\u00f3 no dubtis a contactar-nos.<\/p>","protected":false},"author":4,"featured_media":1313177,"parent":0,"menu_order":0,"template":"","property_type":[836],"property_status":[371],"property_feature":[380],"property_label":[],"property_state":[],"property_city":[392],"property_area":[418],"class_list":["post-1304679","property","type-property","status-publish","has-post-thumbnail","hentry","property_type-terrenos","property_status-comprar","property_feature-suroeste","property_city-olivella","property_area-mas-mestre"],"property_meta":{"fave_currency":["EUR"],"fave_currency_info":[""],"fave_property_price":["67000"],"fave_property_size":["0.00"],"fave_property_size_prefix":["m2"],"fave_property_land":["984.85"],"fave_property_land_postfix":["m2"],"fave_property_bedrooms":["0"],"fave_property_bathrooms":["0"],"fave_virtual_tour":["0"],"fave_property_map":["1"],"fave_property_id":["12-TOLI63\/1087"],"fave_property_zip":["08818"],"fave_featured":["0"],"houzez_featured_listing_date":[""],"fave_agent_display_option":["agent_info"],"fave_prop_homeslider":["no"],"floor_plans":[""],"fave_multi_units":[""],"additional_features":[""],"fave_agents":["1179704"],"fave_property_agency":["1214635"],"fave_property_map_address":[null],"fave_property_location":["41.285109306,1.76138966"],"houzez_geolocation_lat":["41.285109306"],"houzez_geolocation_long":["1.76138966"],"aicat":["1"],"_wp_page_template":["default"],"fave_property_images":["1313177","1313177","1313178","1313179","1313180","1313181","1313182","1313183","1313184","1313185","1313186","1313187","1313188","1313189","1313190","1313191","1313192"],"_thumbnail_id":["1313177"],"houzez_total_property_views":["2"],"houzez_views_by_date":["a:1:{s:10:\"04-29-2026\";i:2;}"],"houzez_recently_viewed":["2026-04-30 00:27:26"],"_elementor_page_assets":["a:0:{}"]},"_links":{"self":[{"href":"https:\/\/www.serra.immo\/ca\/wp-json\/wp\/v2\/properties\/1304679","targetHints":{"allow":["GET"]}}],"collection":[{"href":"https:\/\/www.serra.immo\/ca\/wp-json\/wp\/v2\/properties"}],"about":[{"href":"https:\/\/www.serra.immo\/ca\/wp-json\/wp\/v2\/types\/property"}],"author":[{"embeddable":true,"href":"https:\/\/www.serra.immo\/ca\/wp-json\/wp\/v2\/users\/4"}],"version-history":[{"count":0,"href":"https:\/\/www.serra.immo\/ca\/wp-json\/wp\/v2\/properties\/1304679\/revisions"}],"wp:featuredmedia":[{"embeddable":true,"href":"https:\/\/www.serra.immo\/ca\/wp-json\/wp\/v2\/media\/1313177"}],"wp:attachment":[{"href":"https:\/\/www.serra.immo\/ca\/wp-json\/wp\/v2\/media?parent=1304679"}],"wp:term":[{"taxonomy":"property_type","embeddable":true,"href":"https:\/\/www.serra.immo\/ca\/wp-json\/wp\/v2\/property_type?post=1304679"},{"taxonomy":"property_status","embeddable":true,"href":"https:\/\/www.serra.immo\/ca\/wp-json\/wp\/v2\/property_status?post=1304679"},{"taxonomy":"property_feature","embeddable":true,"href":"https:\/\/www.serra.immo\/ca\/wp-json\/wp\/v2\/property_feature?post=1304679"},{"taxonomy":"property_label","embeddable":true,"href":"https:\/\/www.serra.immo\/ca\/wp-json\/wp\/v2\/property_label?post=1304679"},{"taxonomy":"property_state","embeddable":true,"href":"https:\/\/www.serra.immo\/ca\/wp-json\/wp\/v2\/property_state?post=1304679"},{"taxonomy":"property_city","embeddable":true,"href":"https:\/\/www.serra.immo\/ca\/wp-json\/wp\/v2\/property_city?post=1304679"},{"taxonomy":"property_area","embeddable":true,"href":"https:\/\/www.serra.immo\/ca\/wp-json\/wp\/v2\/property_area?post=1304679"}],"curies":[{"name":"wp","href":"https:\/\/api.w.org\/{rel}","templated":true}]}}

Ref. 12-TOLI63/1087 – TERRENY A DOS CARRERS AMB VISTES I BONA ORIENTACIÓ A MÉS MESTRE

<p>Bonic terreny urbà de 985 metres quadrats amb accés des de dos carrers de la urbanització. Té forma rectangular amb 25 metres de façana a cadascun dels carrers i 39 metres de profunditat. Té pendent cap al sud-oest, cosa que assegura un bon assolellament i vistes clares.</p>
<p>Hi ha la possibilitat de comprar també el terreny contigu fins arribar a més de 1.900 metres quadrats de terreny urbà.</p>
<p>És a 10 minuts amb cotxe de la platja de Sitges, a 5 de Sant Pere de Ribes ia 10 de Vilafranca del Penedès.</p>
<p>La normativa urbanística aplicable és la corresponent a la clau R6, subzona R6b i permet construir un habitatge unifamiliar aïllat.<br />
Alçada màxima permesa: Planta Baixa + Planta Primera + Baix Coberta (màx. 7,5m).<br />
Distància de separació a partions: 3 metres als laterals i 5 metres a vial.<br />
Ocupació màxima del 30%.<br />
Edificabilitat màxima del 0,45 m²st/m²sòl.</p>
<p>Des de Grup Living us oferim un servei integral per acompanyar-vos en tot el procés de la construcció del vostre habitatge, des de la compra del terreny, l&#039;obtenció dels permisos d&#039;obra, contractació i coordinació dels serveis d&#039;arquitectura i construcció. També us podem ajudar amb l&#039;obtenció del finançament per a l&#039;autopromoció.</p>
<p>Per a més informació no dubtis a contactar-nos.</p>
