{"id":1304287,"date":"2026-04-30T13:41:48","date_gmt":"2026-04-30T11:41:48","guid":{"rendered":"https:\/\/www.serra.immo\/propiedad\/ref-61-pv327-5142-piso-reformado-primera-linea-de-mar-vilanova-i-la-geltru\/"},"modified":"2026-04-30T13:41:48","modified_gmt":"2026-04-30T11:41:48","slug":"ref-61-pv327-5142-pis-reformat-primera-linia-de-mar-vilanova-i-la-geltru","status":"publish","type":"property","link":"https:\/\/www.serra.immo\/ca\/propiedad\/ref-61-pv327-5142-piso-reformado-primera-linea-de-mar-vilanova-i-la-geltru\/","title":{"rendered":"Ref. 61-PV327\/5142 \u2013 Pis Reformat Primera L\u00ednia de Mar, Vilanova i la Geltr\u00fa"},"content":{"rendered":"<p>Pis reformat amb encant a primera l\u00ednia de mar \u2013 Vilanova i la Geltr\u00fa<\/p>\n<p>Al cobejat Barri del Mar, just davant del Port de Vilanova ia primera l\u00ednia del Passeig Mar\u00edtim, es troba aquest llumin\u00f3s habitatge reformat de 115 m\u00b2 constru\u00efts, en finca amb ascensor i acc\u00e9s adaptat.<\/p>\n<p>La seva ubicaci\u00f3 \u00e9s immillorable: envoltada de restaurants, supermercats, el club n\u00e0utic, ia 10 minuts a peu de l&#039;estaci\u00f3 de tren. Ideal per als que valoren l&#039;estil de vida mediterrani sense renunciar a la comoditat de tenir tots els serveis a prop.<\/p>\n<p>El pis compta amb 4 habitacions (dues dobles amb armaris de paret), una d&#039;elles amb bany en suite. A m\u00e9s, disposa d\u00b4un altre bany complet addicional. La cuina s&#039;integra obertament al sal\u00f3, creant un espai ampli i molt llumin\u00f3s. Des de la cuina s&#039;accedeix a un pr\u00e0ctic pati interior, perfecte per a emmagatzematge, bicicletes o estendre.<\/p>\n<p>L\u00b4orientaci\u00f3 sud del sal\u00f3 i el dormitori principal garanteix sol durant tot el dia. El balc\u00f3-terrassa \u00e9s ideal per esmorzar a l&#039;aire lliure o simplement relaxar-vos amb vistes obertes.<\/p>\n<p>Disposa d&#039;aire condicionat fred\/calor, finestres de doble vidre i la instal\u00b7laci\u00f3 de gas llesta per activar-se si es vol (actualment cuina i termo funcionen amb electricitat).<\/p>\n<p>Una oportunitat \u00fanica per viure a una de les millors zones de Vilanova, amb el mar als teus peus.<\/p>","protected":false},"excerpt":{"rendered":"<p>Pis reformat amb encant a primera l\u00ednia de mar \u2013 Vilanova i la Geltr\u00fa<\/p>\n<p>Al cobejat Barri del Mar, just davant del Port de Vilanova ia primera l\u00ednia del Passeig Mar\u00edtim, es troba aquest llumin\u00f3s habitatge reformat de 115 m\u00b2 constru\u00efts, en finca amb ascensor i acc\u00e9s adaptat.<\/p>\n<p>La seva ubicaci\u00f3 \u00e9s immillorable: envoltada de restaurants, supermercats, el club n\u00e0utic, ia 10 minuts a peu de l&#039;estaci\u00f3 de tren. Ideal per als que valoren l&#039;estil de vida mediterrani sense renunciar a la comoditat de tenir tots els serveis a prop.<\/p>\n<p>El pis compta amb 4 habitacions (dues dobles amb armaris de paret), una d&#039;elles amb bany en suite. A m\u00e9s, disposa d\u00b4un altre bany complet addicional. La cuina s&#039;integra obertament al sal\u00f3, creant un espai ampli i molt llumin\u00f3s. Des de la cuina s&#039;accedeix a un pr\u00e0ctic pati interior, perfecte per a emmagatzematge, bicicletes o estendre.<\/p>\n<p>L\u00b4orientaci\u00f3 sud del sal\u00f3 i el dormitori principal garanteix sol durant tot el dia. El balc\u00f3-terrassa \u00e9s ideal per esmorzar a l&#039;aire lliure o simplement relaxar-vos amb vistes obertes.<\/p>\n<p>Disposa d&#039;aire condicionat fred\/calor, finestres de doble vidre i la instal\u00b7laci\u00f3 de gas llesta per activar-se si es vol (actualment cuina i termo funcionen amb electricitat).<\/p>\n<p>Una oportunitat \u00fanica per viure a una de les millors zones de Vilanova, amb el mar als teus peus.<\/p>","protected":false},"author":4,"featured_media":1306539,"parent":0,"menu_order":0,"template":"","property_type":[835],"property_status":[371],"property_feature":[376,377],"property_label":[],"property_state":[],"property_city":[198],"property_area":[324],"class_list":["post-1304287","property","type-property","status-publish","has-post-thumbnail","hentry","property_type-viviendas","property_status-comprar","property_feature-ascensor","property_feature-terraza","property_city-vilanova-i-la-geltru","property_area-barri-de-mar"],"property_meta":{"fave_currency":["EUR"],"fave_currency_info":[""],"fave_property_price":["340000"],"fave_property_size":["0.00"],"fave_property_size_prefix":["m2"],"fave_property_land":["0"],"fave_property_land_postfix":["m2"],"fave_property_bedrooms":["4"],"fave_property_bathrooms":["2"],"fave_virtual_tour":["0"],"fave_property_map":["1"],"fave_property_id":["61-PV327\/5142"],"fave_property_year":["1973"],"fave_property_zip":["08800"],"fave_featured":["0"],"houzez_featured_listing_date":[""],"fave_agent_display_option":["agent_info"],"fave_prop_homeslider":["no"],"fave_energy_class":["E"],"fave_energy_global_index":["126"],"fave_energy_performance":["E"],"fave_renewable_energy_global_index":["26"],"floor_plans":[""],"fave_multi_units":[""],"additional_features":[""],"fave_agents":["1179704"],"fave_property_agency":["1214635"],"fave_property_map_address":[null],"fave_property_location":["41.217119156462,1.7342393551281"],"houzez_geolocation_lat":["41.217119156462"],"houzez_geolocation_long":["1.7342393551281"],"aicat":["1"],"_wp_page_template":["default"],"fave_property_images":["1306539","1306539","1306541","1306543","1306545","1306547","1306549","1306551","1306553","1306556","1306558","1306559","1306560","1306562","1306565","1306567","1306569","1306571","1306573","1306574","1306577","1306579","1306581","1306583","1306585","1306587","1306589","1306591","1306593","1306595"],"_thumbnail_id":["1306539"],"houzez_total_property_views":["3"],"houzez_views_by_date":["a:1:{s:10:\"04-30-2026\";i:3;}"],"houzez_recently_viewed":["2026-04-30 23:27:16"],"_elementor_page_assets":["a:0:{}"]},"_links":{"self":[{"href":"https:\/\/www.serra.immo\/ca\/wp-json\/wp\/v2\/properties\/1304287","targetHints":{"allow":["GET"]}}],"collection":[{"href":"https:\/\/www.serra.immo\/ca\/wp-json\/wp\/v2\/properties"}],"about":[{"href":"https:\/\/www.serra.immo\/ca\/wp-json\/wp\/v2\/types\/property"}],"author":[{"embeddable":true,"href":"https:\/\/www.serra.immo\/ca\/wp-json\/wp\/v2\/users\/4"}],"version-history":[{"count":0,"href":"https:\/\/www.serra.immo\/ca\/wp-json\/wp\/v2\/properties\/1304287\/revisions"}],"wp:featuredmedia":[{"embeddable":true,"href":"https:\/\/www.serra.immo\/ca\/wp-json\/wp\/v2\/media\/1306539"}],"wp:attachment":[{"href":"https:\/\/www.serra.immo\/ca\/wp-json\/wp\/v2\/media?parent=1304287"}],"wp:term":[{"taxonomy":"property_type","embeddable":true,"href":"https:\/\/www.serra.immo\/ca\/wp-json\/wp\/v2\/property_type?post=1304287"},{"taxonomy":"property_status","embeddable":true,"href":"https:\/\/www.serra.immo\/ca\/wp-json\/wp\/v2\/property_status?post=1304287"},{"taxonomy":"property_feature","embeddable":true,"href":"https:\/\/www.serra.immo\/ca\/wp-json\/wp\/v2\/property_feature?post=1304287"},{"taxonomy":"property_label","embeddable":true,"href":"https:\/\/www.serra.immo\/ca\/wp-json\/wp\/v2\/property_label?post=1304287"},{"taxonomy":"property_state","embeddable":true,"href":"https:\/\/www.serra.immo\/ca\/wp-json\/wp\/v2\/property_state?post=1304287"},{"taxonomy":"property_city","embeddable":true,"href":"https:\/\/www.serra.immo\/ca\/wp-json\/wp\/v2\/property_city?post=1304287"},{"taxonomy":"property_area","embeddable":true,"href":"https:\/\/www.serra.immo\/ca\/wp-json\/wp\/v2\/property_area?post=1304287"}],"curies":[{"name":"wp","href":"https:\/\/api.w.org\/{rel}","templated":true}]}}

Ref. 61-PV327/5142 – Pis Reformat Primera Línia de Mar, Vilanova i la Geltrú

<p>Pis reformat amb encant a primera línia de mar – Vilanova i la Geltrú</p>
<p>Al cobejat Barri del Mar, just davant del Port de Vilanova ia primera línia del Passeig Marítim, es troba aquest lluminós habitatge reformat de 115 m² construïts, en finca amb ascensor i accés adaptat.</p>
<p>La seva ubicació és immillorable: envoltada de restaurants, supermercats, el club nàutic, ia 10 minuts a peu de l&#039;estació de tren. Ideal per als que valoren l&#039;estil de vida mediterrani sense renunciar a la comoditat de tenir tots els serveis a prop.</p>
<p>El pis compta amb 4 habitacions (dues dobles amb armaris de paret), una d&#039;elles amb bany en suite. A més, disposa d´un altre bany complet addicional. La cuina s&#039;integra obertament al saló, creant un espai ampli i molt lluminós. Des de la cuina s&#039;accedeix a un pràctic pati interior, perfecte per a emmagatzematge, bicicletes o estendre.</p>
<p>L´orientació sud del saló i el dormitori principal garanteix sol durant tot el dia. El balcó-terrassa és ideal per esmorzar a l&#039;aire lliure o simplement relaxar-vos amb vistes obertes.</p>
<p>Disposa d&#039;aire condicionat fred/calor, finestres de doble vidre i la instal·lació de gas llesta per activar-se si es vol (actualment cuina i termo funcionen amb electricitat).</p>
<p>Una oportunitat única per viure a una de les millors zones de Vilanova, amb el mar als teus peus.</p>
