{"id":1303897,"date":"2026-05-01T13:31:59","date_gmt":"2026-05-01T11:31:59","guid":{"rendered":"https:\/\/www.serra.immo\/propiedad\/ref-03-22465-1098-local-comercial-en-venta-al-lado-de-rambla-de-la-pau\/"},"modified":"2026-05-01T13:31:59","modified_gmt":"2026-05-01T11:31:59","slug":"ref-03-22465-1098-local-comercial-en-venda-al-costat-de-rambla-de-la-pau","status":"publish","type":"property","link":"https:\/\/www.serra.immo\/ca\/propiedad\/ref-03-22465-1098-local-comercial-en-venta-al-lado-de-rambla-de-la-pau\/","title":{"rendered":"Ref. 03-22465\/1098 \u2013 Local comercial en venda al costat de Rambla de la Pau"},"content":{"rendered":"<p>Gran local en venda, format per dos locals registrals, amb un metratge total de 185 m\u00b2 \u00fatils. Situat a la planta baixa d\u00b4un edifici d\u00b4habitatges, amb porta directa al carrer i amb segona porta a la comunitat, amb bicaci\u00f3 al costat de la Rambla de la Pau de Vilanova.<br \/>\nT\u00e9 instal\u00b7lacions fetes, amb els subministraments daigua i llum preparats.<br \/>\nLa fa\u00e7ana fa gaireb\u00e9 3m, amb porta al carrer d&#039;1,20m, porta interior d&#039;alumini i persiana met\u00e0l\u00b7lica corredissa amb tancaments plegables de tisora.<br \/>\nEl preu no inclou impostos (ITP, IVA i AJD), ni les despeses de notari ni les de registre.<\/p>","protected":false},"excerpt":{"rendered":"<p>Gran local en venda, format per dos locals registrals, amb un metratge total de 185 m\u00b2 \u00fatils. Situat a la planta baixa d\u00b4un edifici d\u00b4habitatges, amb porta directa al carrer i amb segona porta a la comunitat, amb bicaci\u00f3 al costat de la Rambla de la Pau de Vilanova.<br \/>\nT\u00e9 instal\u00b7lacions fetes, amb els subministraments daigua i llum preparats.<br \/>\nLa fa\u00e7ana fa gaireb\u00e9 3m, amb porta al carrer d&#039;1,20m, porta interior d&#039;alumini i persiana met\u00e0l\u00b7lica corredissa amb tancaments plegables de tisora.<br \/>\nEl preu no inclou impostos (ITP, IVA i AJD), ni les despeses de notari ni les de registre.<\/p>","protected":false},"author":4,"featured_media":1311373,"parent":0,"menu_order":0,"template":"","property_type":[841],"property_status":[371],"property_feature":[],"property_label":[],"property_state":[],"property_city":[198],"property_area":[199],"class_list":["post-1303897","property","type-property","status-publish","has-post-thumbnail","hentry","property_type-locales-comerciales","property_status-comprar","property_city-vilanova-i-la-geltru","property_area-centre"],"property_meta":{"fave_currency":["EUR"],"fave_currency_info":[""],"fave_property_price":["130000"],"fave_property_size":["185.00"],"fave_property_size_prefix":["m2"],"fave_property_land":["0"],"fave_property_land_postfix":["m2"],"fave_property_bedrooms":["0"],"fave_property_bathrooms":["1"],"fave_virtual_tour":["0"],"fave_property_map":["1"],"fave_property_id":["03-22465\/1098"],"fave_property_year":["1973"],"fave_property_zip":["08800"],"fave_featured":["0"],"houzez_featured_listing_date":[""],"fave_agent_display_option":["agent_info"],"fave_prop_homeslider":["no"],"fave_energy_class":["B"],"fave_energy_global_index":["73"],"fave_energy_performance":["C"],"fave_renewable_energy_global_index":["14"],"floor_plans":[""],"fave_multi_units":[""],"additional_features":[""],"fave_agents":["1179704"],"fave_property_agency":["1214635"],"fave_property_map_address":[null],"fave_property_location":["41.22036666,1.72656198"],"houzez_geolocation_lat":["41.22036666"],"houzez_geolocation_long":["1.72656198"],"aicat":["1"],"_wp_page_template":["default"],"fave_property_images":["1311373","1311373","1311374","1311375","1311376","1311377","1311378","1311379","1311380","1311381","1311382","1311383","1311384"],"_thumbnail_id":["1311373"],"houzez_total_property_views":["1"],"houzez_views_by_date":["a:1:{s:10:\"05-01-2026\";i:1;}"],"houzez_recently_viewed":["2026-05-01 15:28:25"],"_elementor_page_assets":["a:0:{}"]},"_links":{"self":[{"href":"https:\/\/www.serra.immo\/ca\/wp-json\/wp\/v2\/properties\/1303897","targetHints":{"allow":["GET"]}}],"collection":[{"href":"https:\/\/www.serra.immo\/ca\/wp-json\/wp\/v2\/properties"}],"about":[{"href":"https:\/\/www.serra.immo\/ca\/wp-json\/wp\/v2\/types\/property"}],"author":[{"embeddable":true,"href":"https:\/\/www.serra.immo\/ca\/wp-json\/wp\/v2\/users\/4"}],"version-history":[{"count":0,"href":"https:\/\/www.serra.immo\/ca\/wp-json\/wp\/v2\/properties\/1303897\/revisions"}],"wp:featuredmedia":[{"embeddable":true,"href":"https:\/\/www.serra.immo\/ca\/wp-json\/wp\/v2\/media\/1311373"}],"wp:attachment":[{"href":"https:\/\/www.serra.immo\/ca\/wp-json\/wp\/v2\/media?parent=1303897"}],"wp:term":[{"taxonomy":"property_type","embeddable":true,"href":"https:\/\/www.serra.immo\/ca\/wp-json\/wp\/v2\/property_type?post=1303897"},{"taxonomy":"property_status","embeddable":true,"href":"https:\/\/www.serra.immo\/ca\/wp-json\/wp\/v2\/property_status?post=1303897"},{"taxonomy":"property_feature","embeddable":true,"href":"https:\/\/www.serra.immo\/ca\/wp-json\/wp\/v2\/property_feature?post=1303897"},{"taxonomy":"property_label","embeddable":true,"href":"https:\/\/www.serra.immo\/ca\/wp-json\/wp\/v2\/property_label?post=1303897"},{"taxonomy":"property_state","embeddable":true,"href":"https:\/\/www.serra.immo\/ca\/wp-json\/wp\/v2\/property_state?post=1303897"},{"taxonomy":"property_city","embeddable":true,"href":"https:\/\/www.serra.immo\/ca\/wp-json\/wp\/v2\/property_city?post=1303897"},{"taxonomy":"property_area","embeddable":true,"href":"https:\/\/www.serra.immo\/ca\/wp-json\/wp\/v2\/property_area?post=1303897"}],"curies":[{"name":"wp","href":"https:\/\/api.w.org\/{rel}","templated":true}]}}

<p>Gran local en venda, format per dos locals registrals, amb un metratge total de 185 m² útils. Situat a la planta baixa d´un edifici d´habitatges, amb porta directa al carrer i amb segona porta a la comunitat, amb bicació al costat de la Rambla de la Pau de Vilanova.<br />
Té instal·lacions fetes, amb els subministraments daigua i llum preparats.<br />
La façana fa gairebé 3m, amb porta al carrer d&#039;1,20m, porta interior d&#039;alumini i persiana metàl·lica corredissa amb tancaments plegables de tisora.<br />
El preu no inclou impostos (ITP, IVA i AJD), ni les despeses de notari ni les de registre.</p>
