{"id":1303791,"date":"2026-04-23T03:03:04","date_gmt":"2026-04-23T01:03:04","guid":{"rendered":"https:\/\/www.serra.immo\/propiedad\/ref-6457-vilafranca-del-penedes-local-comercial-en-pleno-rendimiento\/"},"modified":"2026-04-23T03:03:04","modified_gmt":"2026-04-23T01:03:04","slug":"ref-6457-vilafranca-del-penedes-local-comercial-en-ple-rendiment","status":"publish","type":"property","link":"https:\/\/www.serra.immo\/ca\/propiedad\/ref-6457-vilafranca-del-penedes-local-comercial-en-pleno-rendimiento\/","title":{"rendered":"Ref. 6457 \u2013 VILAFRANCA DEL PENEDES- Local comercial en ple rendiment"},"content":{"rendered":"<p>Ampli local comercial. Actualment en funcionament com a carnisseria, amb una llic\u00e8ncia activa que li permet continuar amb aquesta activitat o b\u00e9 transformar-se en un altre tipus de negoci segons les necessitats del nou llogater. Aquest espai, perfectament condicionat per al sector alimentari, ofereix una estructura funcional que es pot adaptar a diversos usos comercials.<\/p>\n<p>Caracter\u00edstiques:<\/p>\n<p>Ubicaci\u00f3: El local est\u00e0 situat a una zona estrat\u00e8gica i amb clientela fidelitzada.<\/p>\n<p>Superf\u00edcie: Amb una mida generosa, el local ofereix un gran espai de treball, emmagatzematge i exposici\u00f3. T\u00e9 una distribuci\u00f3 flexible, permetent adaptacions per a diferents tipus de negocis.<\/p>\n<p>Interior: El local est\u00e0 completament equipat per operar com a carnisseria, amb instal\u00b7lacions frigor\u00edfiques d&#039;alta qualitat, espai de magatzem per a productes en estoc, vitrines refrigerades, zones de tall i emmagatzematge, a m\u00e9s d&#039;un espai per a l&#039;atenci\u00f3 al p\u00fablic. <\/p>\n<p>Llic\u00e8ncia activa: El local compta amb la llic\u00e8ncia d&#039;activitat com a carnisseria, cosa que facilita el seu \u00fas immediat per a aquest rubro, per\u00f2 tamb\u00e9 ofereix la possibilitat de canviar de gir sense m\u00e9s complicacions a causa de la seva grand\u00e0ria i versatilitat.<\/p>\n<p>Possibilitats: Gr\u00e0cies a la seva amplitud, el local t\u00e9 moltes possibilitats de reconversi\u00f3, i \u00e9s adequat per a una gran varietat d&#039;activitats comercials. La disposici\u00f3 de lespai permet crear diferents ambients segons les necessitats del nou negoci.<\/p>","protected":false},"excerpt":{"rendered":"<p>Amplio local comercial. Actualmente en funcionamiento como carnicer\u00eda, con una licencia activa que le permite continuar con esta actividad o bien transformarse en otro tipo de negocio seg\u00fan las necesidades del nuevo inquilino. Este espacio, perfectamente acondicionado para el sector alimentario, ofrece una estructura funcional que puede adaptarse a diversos usos comerciales. Caracter\u00edsticas: Ubicaci\u00f3n: El [&hellip;]<\/p>\n","protected":false},"author":5,"featured_media":1303792,"parent":0,"menu_order":0,"template":"","property_type":[841],"property_status":[204],"property_feature":[],"property_label":[350],"property_state":[],"property_city":[192],"property_area":[844],"class_list":["post-1303791","property","type-property","status-publish","has-post-thumbnail","hentry","property_type-locales-comerciales","property_status-alquilar","property_label-buen-estado","property_city-vilafranca-del-penedes","property_area-l-espirall"],"property_meta":{"fave_currency":["EUR"],"fave_currency_info":[""],"fave_property_price":["1000"],"fave_property_size":["200.00"],"fave_property_size_prefix":["m2"],"fave_property_land":["0"],"fave_property_land_postfix":["m2"],"fave_property_bedrooms":["0"],"fave_property_bathrooms":["0"],"fave_property_map":["1"],"fave_property_id":["6457"],"fave_property_year":["0"],"fave_property_zip":["08720"],"fave_featured":["1"],"houzez_featured_listing_date":["2026-04-23 03:03:04"],"fave_agent_display_option":["agent_info"],"fave_prop_homeslider":["no"],"fave_energy_class":["F"],"fave_energy_global_index":["117"],"fave_energy_performance":["E"],"fave_renewable_energy_global_index":["23"],"floor_plans":[""],"fave_multi_units":[""],"additional_features":[""],"fave_agents":["1176231"],"fave_property_agency":["1214647"],"fave_property_map_address":[null],"fave_property_location":["41.353266553,1.702729672"],"houzez_geolocation_lat":["41.353266553"],"houzez_geolocation_long":["1.702729672"],"propietat_serra":["1"],"_wp_page_template":["default"],"fave_property_images":["1303792","1303793","1303794","1303795","1303796","1303797","1303798","1303799","1303800","1303801","1303802","1303803","1303804","1303805","1303806","1303807","1303808","1303809","1303810","1303811","1303812"],"_thumbnail_id":["1303792"],"rank_math_internal_links_processed":["1"],"houzez_total_property_views":["33"],"houzez_views_by_date":["a:8:{s:10:\"04-23-2026\";i:5;s:10:\"04-24-2026\";i:2;s:10:\"04-26-2026\";i:2;s:10:\"04-27-2026\";i:6;s:10:\"04-28-2026\";i:1;s:10:\"04-29-2026\";i:8;s:10:\"04-30-2026\";i:3;s:10:\"05-02-2026\";i:6;}"],"houzez_recently_viewed":["2026-05-02 14:57:53"],"_elementor_page_assets":["a:0:{}"]},"_links":{"self":[{"href":"https:\/\/www.serra.immo\/ca\/wp-json\/wp\/v2\/properties\/1303791","targetHints":{"allow":["GET"]}}],"collection":[{"href":"https:\/\/www.serra.immo\/ca\/wp-json\/wp\/v2\/properties"}],"about":[{"href":"https:\/\/www.serra.immo\/ca\/wp-json\/wp\/v2\/types\/property"}],"author":[{"embeddable":true,"href":"https:\/\/www.serra.immo\/ca\/wp-json\/wp\/v2\/users\/5"}],"version-history":[{"count":1,"href":"https:\/\/www.serra.immo\/ca\/wp-json\/wp\/v2\/properties\/1303791\/revisions"}],"predecessor-version":[{"id":1305200,"href":"https:\/\/www.serra.immo\/ca\/wp-json\/wp\/v2\/properties\/1303791\/revisions\/1305200"}],"wp:featuredmedia":[{"embeddable":true,"href":"https:\/\/www.serra.immo\/ca\/wp-json\/wp\/v2\/media\/1303792"}],"wp:attachment":[{"href":"https:\/\/www.serra.immo\/ca\/wp-json\/wp\/v2\/media?parent=1303791"}],"wp:term":[{"taxonomy":"property_type","embeddable":true,"href":"https:\/\/www.serra.immo\/ca\/wp-json\/wp\/v2\/property_type?post=1303791"},{"taxonomy":"property_status","embeddable":true,"href":"https:\/\/www.serra.immo\/ca\/wp-json\/wp\/v2\/property_status?post=1303791"},{"taxonomy":"property_feature","embeddable":true,"href":"https:\/\/www.serra.immo\/ca\/wp-json\/wp\/v2\/property_feature?post=1303791"},{"taxonomy":"property_label","embeddable":true,"href":"https:\/\/www.serra.immo\/ca\/wp-json\/wp\/v2\/property_label?post=1303791"},{"taxonomy":"property_state","embeddable":true,"href":"https:\/\/www.serra.immo\/ca\/wp-json\/wp\/v2\/property_state?post=1303791"},{"taxonomy":"property_city","embeddable":true,"href":"https:\/\/www.serra.immo\/ca\/wp-json\/wp\/v2\/property_city?post=1303791"},{"taxonomy":"property_area","embeddable":true,"href":"https:\/\/www.serra.immo\/ca\/wp-json\/wp\/v2\/property_area?post=1303791"}],"curies":[{"name":"wp","href":"https:\/\/api.w.org\/{rel}","templated":true}]}}

<p>Ampli local comercial. Actualment en funcionament com a carnisseria, amb una llicència activa que li permet continuar amb aquesta activitat o bé transformar-se en un altre tipus de negoci segons les necessitats del nou llogater. Aquest espai, perfectament condicionat per al sector alimentari, ofereix una estructura funcional que es pot adaptar a diversos usos comercials.</p>
<p>Característiques:</p>
<p>Ubicació: El local està situat a una zona estratègica i amb clientela fidelitzada.</p>
<p>Superfície: Amb una mida generosa, el local ofereix un gran espai de treball, emmagatzematge i exposició. Té una distribució flexible, permetent adaptacions per a diferents tipus de negocis.</p>
<p>Interior: El local està completament equipat per operar com a carnisseria, amb instal·lacions frigorífiques d&#039;alta qualitat, espai de magatzem per a productes en estoc, vitrines refrigerades, zones de tall i emmagatzematge, a més d&#039;un espai per a l&#039;atenció al públic. </p>
<p>Llicència activa: El local compta amb la llicència d&#039;activitat com a carnisseria, cosa que facilita el seu ús immediat per a aquest rubro, però també ofereix la possibilitat de canviar de gir sense més complicacions a causa de la seva grandària i versatilitat.</p>
<p>Possibilitats: Gràcies a la seva amplitud, el local té moltes possibilitats de reconversió, i és adequat per a una gran varietat d&#039;activitats comercials. La disposició de lespai permet crear diferents ambients segons les necessitats del nou negoci.</p>

<p>Amplio local comercial. Actualmente en funcionamiento como carnicería, con una licencia activa que le permite continuar con esta actividad o bien transformarse en otro tipo de negocio según las necesidades del nuevo inquilino. Este espacio, perfectamente acondicionado para el sector alimentario, ofrece una estructura funcional que puede adaptarse a diversos usos comerciales. Características: Ubicación: El [&hellip;]</p>
