{"id":1302469,"date":"2026-04-28T13:43:35","date_gmt":"2026-04-28T11:43:35","guid":{"rendered":"https:\/\/www.serra.immo\/propiedad\/ref-54-22v537-5538-oportunidad-unica-en-el-corazon-de-vilanova-i-la-geltru\/"},"modified":"2026-04-28T13:43:35","modified_gmt":"2026-04-28T11:43:35","slug":"ref-54-22v537-5538-oportunitat-unica-al-cor-de-vilanova-i-la-geltru","status":"publish","type":"property","link":"https:\/\/www.serra.immo\/ca\/propiedad\/ref-54-22v537-5538-oportunidad-unica-en-el-corazon-de-vilanova-i-la-geltru\/","title":{"rendered":"Ref. 54-22V537\/5538 \u2013 Oportunitat \u00fanica al cor de Vilanova i la Geltr\u00fa!!!!!"},"content":{"rendered":"<p>Descobreix aquest meravell\u00f3s pis reformat ubicat al centre de Vilanova i la Geltr\u00fa, una joia que combina comoditat i estil. Amb els seus amplis 101 m\u00b2 constru\u00efts i el disseny, tot exterior i orientat al sud, gaudir\u00e0s de llum natural durant tot el dia. La propietat compta amb dues habitacions dobles (abans tres) perfectes per descansar i treballar des de casa, a m\u00e9s d&#039;una habitaci\u00f3 senzilla ideal com a despatx o cambra infantil. El bany complet es complementa amb un lavabo addicional per a m\u00e9s conveni\u00e8ncia.<\/p>\n<p>Imagina relaxar-te mentre contemples des del balc\u00f3 vistes clares a l&#039;eixample i al mar, a m\u00e9s de l&#039;entorn urb\u00e0. Com a extra comptar\u00e0s amb un ampli traster incl\u00f2s ideal per maximitzar els teus espais; perfecte si necessites emmagatzemar cotxe, bicicletes o altres objectes personals.<\/p>\n<p>La ubicaci\u00f3 \u00e9s immillorable: tindr\u00e0s acc\u00e9s immediat a col\u00b7legis propers, hospitals i l\u00ednies d&#039;autobusos importants i trens que connecten r\u00e0pidament amb tu altres localitats catalanes sense complicacions. A poca dist\u00e0ncia a peu trobar\u00e0s zones infantils ideals on els teus petits podran jugar lliurement sota la supervisi\u00f3 constant gr\u00e0cies a l&#039;ambient familiar del barri.<\/p>\n<p>No perdis aquesta oportunitat \u00fanica; vine a descobrir la teva nova llar avui mateix!<\/p>","protected":false},"excerpt":{"rendered":"<p>Descobreix aquest meravell\u00f3s pis reformat ubicat al centre de Vilanova i la Geltr\u00fa, una joia que combina comoditat i estil. Amb els seus amplis 101 m\u00b2 constru\u00efts i el disseny, tot exterior i orientat al sud, gaudir\u00e0s de llum natural durant tot el dia. La propietat compta amb dues habitacions dobles (abans tres) perfectes per descansar i treballar des de casa, a m\u00e9s d&#039;una habitaci\u00f3 senzilla ideal com a despatx o cambra infantil. El bany complet es complementa amb un lavabo addicional per a m\u00e9s conveni\u00e8ncia.<\/p>\n<p>Imagina relaxar-te mentre contemples des del balc\u00f3 vistes clares a l&#039;eixample i al mar, a m\u00e9s de l&#039;entorn urb\u00e0. Com a extra comptar\u00e0s amb un ampli traster incl\u00f2s ideal per maximitzar els teus espais; perfecte si necessites emmagatzemar cotxe, bicicletes o altres objectes personals.<\/p>\n<p>La ubicaci\u00f3 \u00e9s immillorable: tindr\u00e0s acc\u00e9s immediat a col\u00b7legis propers, hospitals i l\u00ednies d&#039;autobusos importants i trens que connecten r\u00e0pidament amb tu altres localitats catalanes sense complicacions. A poca dist\u00e0ncia a peu trobar\u00e0s zones infantils ideals on els teus petits podran jugar lliurement sota la supervisi\u00f3 constant gr\u00e0cies a l&#039;ambient familiar del barri.<\/p>\n<p>No perdis aquesta oportunitat \u00fanica; vine a descobrir la teva nova llar avui mateix!<\/p>","protected":false},"author":4,"featured_media":1322749,"parent":0,"menu_order":0,"template":"","property_type":[835],"property_status":[371],"property_feature":[375,383,377,378],"property_label":[],"property_state":[],"property_city":[198],"property_area":[324],"class_list":["post-1302469","property","type-property","status-publish","has-post-thumbnail","hentry","property_type-viviendas","property_status-comprar","property_feature-calefaccion","property_feature-sur","property_feature-terraza","property_feature-trastero","property_city-vilanova-i-la-geltru","property_area-barri-de-mar"],"property_meta":{"fave_currency":["EUR"],"fave_currency_info":[""],"fave_property_price":["236900"],"fave_property_size":["92.00"],"fave_property_size_prefix":["m2"],"fave_property_land":["0"],"fave_property_land_postfix":["m2"],"fave_property_bedrooms":["3"],"fave_property_bathrooms":["2"],"fave_property_garage":["1"],"fave_virtual_tour":["0"],"fave_property_map":["1"],"fave_property_id":["54-22V537\/5538"],"fave_property_year":["1982"],"fave_property_zip":["08800"],"fave_featured":["0"],"houzez_featured_listing_date":[""],"fave_agent_display_option":["agent_info"],"fave_prop_homeslider":["no"],"fave_energy_class":["E"],"fave_energy_global_index":["208"],"fave_energy_performance":["E"],"fave_renewable_energy_global_index":["43"],"floor_plans":[""],"fave_multi_units":[""],"additional_features":[""],"fave_agents":["1179704"],"fave_property_agency":["1214635"],"fave_property_map_address":[null],"fave_property_location":["41.218212467833,1.7237434311071"],"houzez_geolocation_lat":["41.218212467833"],"houzez_geolocation_long":["1.7237434311071"],"aicat":["1"],"_wp_page_template":["default"],"fave_property_images":["1322749","1322749","1322750","1322751","1322752","1322753","1322754","1322755","1322756","1322757","1322758","1322759","1322760","1322761","1322762","1322763","1322764","1322765","1322766","1322767","1322768","1322769","1322770","1322771","1322772","1322773","1322774","1322775","1322776","1322777","1322778","1322779","1322780","1322781","1322782","1322783","1322784","1322785"],"_thumbnail_id":["1322749"],"houzez_total_property_views":["9"],"houzez_views_by_date":["a:1:{s:10:\"04-28-2026\";i:9;}"],"houzez_recently_viewed":["2026-04-28 20:53:37"],"_elementor_page_assets":["a:0:{}"],"wp-smush-lcp-data-9fd4a687e989a2b38bf99167d2808942":["a:6:{s:8:\"selector\";s:24:\".property-featured-image\";s:14:\"selector_xpath\";s:70:\"\/html\/body\/main\/div[1]\/div[1]\/div\/div[1]\/div\/div\/div[2]\/div\/div[1]\/img\";s:11:\"selector_id\";s:0:\"\";s:14:\"selector_class\";s:48:\"property-featured-image w-100 h-100 left-0 top-0\";s:9:\"image_url\";s:68:\"https:\/\/www.serra.immo\/wp-content\/smush-webp\/2026\/04\/19-1-1.jpg.webp\";s:7:\"version\";i:0;}"]},"_links":{"self":[{"href":"https:\/\/www.serra.immo\/ca\/wp-json\/wp\/v2\/properties\/1302469","targetHints":{"allow":["GET"]}}],"collection":[{"href":"https:\/\/www.serra.immo\/ca\/wp-json\/wp\/v2\/properties"}],"about":[{"href":"https:\/\/www.serra.immo\/ca\/wp-json\/wp\/v2\/types\/property"}],"author":[{"embeddable":true,"href":"https:\/\/www.serra.immo\/ca\/wp-json\/wp\/v2\/users\/4"}],"version-history":[{"count":0,"href":"https:\/\/www.serra.immo\/ca\/wp-json\/wp\/v2\/properties\/1302469\/revisions"}],"wp:featuredmedia":[{"embeddable":true,"href":"https:\/\/www.serra.immo\/ca\/wp-json\/wp\/v2\/media\/1322749"}],"wp:attachment":[{"href":"https:\/\/www.serra.immo\/ca\/wp-json\/wp\/v2\/media?parent=1302469"}],"wp:term":[{"taxonomy":"property_type","embeddable":true,"href":"https:\/\/www.serra.immo\/ca\/wp-json\/wp\/v2\/property_type?post=1302469"},{"taxonomy":"property_status","embeddable":true,"href":"https:\/\/www.serra.immo\/ca\/wp-json\/wp\/v2\/property_status?post=1302469"},{"taxonomy":"property_feature","embeddable":true,"href":"https:\/\/www.serra.immo\/ca\/wp-json\/wp\/v2\/property_feature?post=1302469"},{"taxonomy":"property_label","embeddable":true,"href":"https:\/\/www.serra.immo\/ca\/wp-json\/wp\/v2\/property_label?post=1302469"},{"taxonomy":"property_state","embeddable":true,"href":"https:\/\/www.serra.immo\/ca\/wp-json\/wp\/v2\/property_state?post=1302469"},{"taxonomy":"property_city","embeddable":true,"href":"https:\/\/www.serra.immo\/ca\/wp-json\/wp\/v2\/property_city?post=1302469"},{"taxonomy":"property_area","embeddable":true,"href":"https:\/\/www.serra.immo\/ca\/wp-json\/wp\/v2\/property_area?post=1302469"}],"curies":[{"name":"wp","href":"https:\/\/api.w.org\/{rel}","templated":true}]}}

Ref. 54-22V537/5538 – Oportunitat única al cor de Vilanova i la Geltrú!!!!!

<p>Descobreix aquest meravellós pis reformat ubicat al centre de Vilanova i la Geltrú, una joia que combina comoditat i estil. Amb els seus amplis 101 m² construïts i el disseny, tot exterior i orientat al sud, gaudiràs de llum natural durant tot el dia. La propietat compta amb dues habitacions dobles (abans tres) perfectes per descansar i treballar des de casa, a més d&#039;una habitació senzilla ideal com a despatx o cambra infantil. El bany complet es complementa amb un lavabo addicional per a més conveniència.</p>
<p>Imagina relaxar-te mentre contemples des del balcó vistes clares a l&#039;eixample i al mar, a més de l&#039;entorn urbà. Com a extra comptaràs amb un ampli traster inclòs ideal per maximitzar els teus espais; perfecte si necessites emmagatzemar cotxe, bicicletes o altres objectes personals.</p>
<p>La ubicació és immillorable: tindràs accés immediat a col·legis propers, hospitals i línies d&#039;autobusos importants i trens que connecten ràpidament amb tu altres localitats catalanes sense complicacions. A poca distància a peu trobaràs zones infantils ideals on els teus petits podran jugar lliurement sota la supervisió constant gràcies a l&#039;ambient familiar del barri.</p>
<p>No perdis aquesta oportunitat única; vine a descobrir la teva nova llar avui mateix!</p>
