{"id":1301892,"date":"2026-05-01T13:32:04","date_gmt":"2026-05-01T11:32:04","guid":{"rendered":"https:\/\/www.serra.immo\/propiedad\/ref-03-22533-1098-oportunidad-local-en-venta-ideal-inversores\/"},"modified":"2026-05-01T13:32:05","modified_gmt":"2026-05-01T11:32:05","slug":"ref-03-22533-1098-oportunitat-local-en-venda-ideal-inversors","status":"publish","type":"property","link":"https:\/\/www.serra.immo\/ca\/propiedad\/ref-03-22533-1098-oportunidad-local-en-venta-ideal-inversores\/","title":{"rendered":"Ref. 03-22533\/1098 \u2013 Oportunitat local en venda. Ideal inversors"},"content":{"rendered":"<p>Local comercial en venda situat al mateix centre de vianants de Vilanova i la Geltr\u00fa, entre C\/Caputxins i Rbla Principal.<br \/>\nLa seva superf\u00edcie \u00e9s de 65m\u00b2 i t\u00e9 instal\u00b7lacions a punt, lavabo i petit aparador.<br \/>\nBusques una inversi\u00f3 immobili\u00e0ria s\u00f2lida que ofereixi un retorn immediat i sense complicacions? Es ven llogat i la renda actual garanteix una rendibilitat excepcional de 8,73%.<br \/>\nGran oportunitat per als que amb petita inversi\u00f3 volen un resultat econ\u00f2mic immediat. Per a m\u00e9s detalls contacteu amb nosaltres. <\/p>\n<p>Ideal per a inversors que busquen seguretat i alt rendiment!<\/p>\n<p>El preu no inclou impostos (ITP, IVA i AJD), ni les despeses de notari ni les de registre.<\/p>","protected":false},"excerpt":{"rendered":"<p>Local comercial en venda situat al mateix centre de vianants de Vilanova i la Geltr\u00fa, entre C\/Caputxins i Rbla Principal.<br \/>\nLa seva superf\u00edcie \u00e9s de 65m\u00b2 i t\u00e9 instal\u00b7lacions a punt, lavabo i petit aparador.<br \/>\nBusques una inversi\u00f3 immobili\u00e0ria s\u00f2lida que ofereixi un retorn immediat i sense complicacions? Es ven llogat i la renda actual garanteix una rendibilitat excepcional de 8,73%.<br \/>\nGran oportunitat per als que amb petita inversi\u00f3 volen un resultat econ\u00f2mic immediat. Per a m\u00e9s detalls contacteu amb nosaltres. <\/p>\n<p>Ideal per a inversors que busquen seguretat i alt rendiment!<\/p>\n<p>El preu no inclou impostos (ITP, IVA i AJD), ni les despeses de notari ni les de registre.<\/p>","protected":false},"author":4,"featured_media":1301893,"parent":0,"menu_order":0,"template":"","property_type":[841],"property_status":[371],"property_feature":[],"property_label":[],"property_state":[],"property_city":[198],"property_area":[199],"class_list":["post-1301892","property","type-property","status-publish","has-post-thumbnail","hentry","property_type-locales-comerciales","property_status-comprar","property_city-vilanova-i-la-geltru","property_area-centre"],"property_meta":{"fave_currency":["EUR"],"fave_currency_info":[""],"fave_property_price":["78974"],"fave_property_size":["64.97"],"fave_property_size_prefix":["m2"],"fave_property_land":["0"],"fave_property_land_postfix":["m2"],"fave_property_bedrooms":["0"],"fave_property_bathrooms":["0"],"fave_virtual_tour":["0"],"fave_property_map":["1"],"fave_property_id":["03-22533\/1098"],"fave_property_year":["2003"],"fave_property_zip":["08800"],"fave_featured":["0"],"houzez_featured_listing_date":[""],"fave_agent_display_option":["agent_info"],"fave_prop_homeslider":["no"],"fave_energy_class":["C"],"fave_energy_global_index":["114"],"fave_energy_performance":["C"],"fave_renewable_energy_global_index":["19"],"floor_plans":[""],"fave_multi_units":[""],"additional_features":[""],"fave_agents":["1179704"],"fave_property_agency":["1214635"],"fave_property_map_address":[null],"fave_property_location":["41.22524326,1.72543908"],"houzez_geolocation_lat":["41.22524326"],"houzez_geolocation_long":["1.72543908"],"aicat":["1"],"_wp_page_template":["default"],"fave_property_images":["1301893","1301893","1301894","1301895","1301896","1301897","1301898","1301899","1301900","1301901","1301902","1301903","1301904","1301905"],"_thumbnail_id":["1301893"],"houzez_total_property_views":["1"],"houzez_views_by_date":["a:1:{s:10:\"05-01-2026\";i:1;}"],"houzez_recently_viewed":["2026-05-01 15:28:29"],"_elementor_page_assets":["a:0:{}"]},"_links":{"self":[{"href":"https:\/\/www.serra.immo\/ca\/wp-json\/wp\/v2\/properties\/1301892","targetHints":{"allow":["GET"]}}],"collection":[{"href":"https:\/\/www.serra.immo\/ca\/wp-json\/wp\/v2\/properties"}],"about":[{"href":"https:\/\/www.serra.immo\/ca\/wp-json\/wp\/v2\/types\/property"}],"author":[{"embeddable":true,"href":"https:\/\/www.serra.immo\/ca\/wp-json\/wp\/v2\/users\/4"}],"version-history":[{"count":0,"href":"https:\/\/www.serra.immo\/ca\/wp-json\/wp\/v2\/properties\/1301892\/revisions"}],"wp:featuredmedia":[{"embeddable":true,"href":"https:\/\/www.serra.immo\/ca\/wp-json\/wp\/v2\/media\/1301893"}],"wp:attachment":[{"href":"https:\/\/www.serra.immo\/ca\/wp-json\/wp\/v2\/media?parent=1301892"}],"wp:term":[{"taxonomy":"property_type","embeddable":true,"href":"https:\/\/www.serra.immo\/ca\/wp-json\/wp\/v2\/property_type?post=1301892"},{"taxonomy":"property_status","embeddable":true,"href":"https:\/\/www.serra.immo\/ca\/wp-json\/wp\/v2\/property_status?post=1301892"},{"taxonomy":"property_feature","embeddable":true,"href":"https:\/\/www.serra.immo\/ca\/wp-json\/wp\/v2\/property_feature?post=1301892"},{"taxonomy":"property_label","embeddable":true,"href":"https:\/\/www.serra.immo\/ca\/wp-json\/wp\/v2\/property_label?post=1301892"},{"taxonomy":"property_state","embeddable":true,"href":"https:\/\/www.serra.immo\/ca\/wp-json\/wp\/v2\/property_state?post=1301892"},{"taxonomy":"property_city","embeddable":true,"href":"https:\/\/www.serra.immo\/ca\/wp-json\/wp\/v2\/property_city?post=1301892"},{"taxonomy":"property_area","embeddable":true,"href":"https:\/\/www.serra.immo\/ca\/wp-json\/wp\/v2\/property_area?post=1301892"}],"curies":[{"name":"wp","href":"https:\/\/api.w.org\/{rel}","templated":true}]}}

<p>Local comercial en venda situat al mateix centre de vianants de Vilanova i la Geltrú, entre C/Caputxins i Rbla Principal.<br />
La seva superfície és de 65m² i té instal·lacions a punt, lavabo i petit aparador.<br />
Busques una inversió immobiliària sòlida que ofereixi un retorn immediat i sense complicacions? Es ven llogat i la renda actual garanteix una rendibilitat excepcional de 8,73%.<br />
Gran oportunitat per als que amb petita inversió volen un resultat econòmic immediat. Per a més detalls contacteu amb nosaltres. </p>
<p>Ideal per a inversors que busquen seguretat i alt rendiment!</p>
<p>El preu no inclou impostos (ITP, IVA i AJD), ni les despeses de notari ni les de registre.</p>
