{"id":1301776,"date":"2026-04-30T13:37:01","date_gmt":"2026-04-30T11:37:01","guid":{"rendered":"https:\/\/www.serra.immo\/propiedad\/ref-cv372-1259-exclusivo-chalet-en-venta-en-la-zona-del-tennis\/"},"modified":"2026-04-30T13:37:01","modified_gmt":"2026-04-30T11:37:01","slug":"ref-cv372-1259-exclusiu-xalet-en-venda-a-la-zona-del-tenis","status":"publish","type":"property","link":"https:\/\/www.serra.immo\/ca\/propiedad\/ref-cv372-1259-exclusivo-chalet-en-venta-en-la-zona-del-tennis\/","title":{"rendered":"Ref. CV372\/1259 \u2013 Exclusiu xalet en venda a la zona del Tennis"},"content":{"rendered":"<p>En una de les zones m\u00e9s prestigioses de Vilanova i la Geltr\u00fa, on la tranquil\u00b7litat i l&#039;eleg\u00e0ncia es fonen amb l&#039;aut\u00e8ntic estil mediterrani, hi ha aquest habitatge excepcional amb m\u00e9s de 1.400 m\u00b2 de parcel\u00b7la.<\/p>\n<p>Una casa impecable, recentment reformada amb materials d&#039;alt\u00edssima qualitat, on cada detall ha estat pensat amb cura. Disposa de sis habitacions, cinc banys i un bany addicional al costat de la zona de piscina, ideal per gaudir de l&#039;exterior amb total comoditat.<\/p>\n<p>La cuina oberta, moderna i lluminosa, compta amb una imponent mitja illa central que es converteix en el cor de la casa: un espai perfecte per cuinar, compartir i gaudir.<\/p>\n<p>A l&#039;exterior, la propietat ofereix una piscina privada envoltada de jardins, una zona de barbacoa, un hort cuidat amb cura, i un celler que convida als millors moments entre amics o en fam\u00edlia.<\/p>\n<p>Cada moble que la compon ha estat seleccionat amb gust exquisit: peces de disseny procedents de diferents parts del m\u00f3n, elegants, \u00faniques i perfectament integrades en l&#039;ambient.<br \/>\nLa casa es ven completament moblada, amb mobiliari de gamma alta que reflecteix una personalitat sofisticada i cosmopolita.<\/p>\n<p>Compte a m\u00e9s amb garatge privat i un entorn que garanteix privadesa, confort i distinci\u00f3.<\/p>\n<p>Una propietat exclusiva per als que busquen una vida plena, envoltada de bellesa i harmonia<\/p>","protected":false},"excerpt":{"rendered":"<p>En una de les zones m\u00e9s prestigioses de Vilanova i la Geltr\u00fa, on la tranquil\u00b7litat i l&#039;eleg\u00e0ncia es fonen amb l&#039;aut\u00e8ntic estil mediterrani, hi ha aquest habitatge excepcional amb m\u00e9s de 1.400 m\u00b2 de parcel\u00b7la.<\/p>\n<p>Una casa impecable, recentment reformada amb materials d&#039;alt\u00edssima qualitat, on cada detall ha estat pensat amb cura. Disposa de sis habitacions, cinc banys i un bany addicional al costat de la zona de piscina, ideal per gaudir de l&#039;exterior amb total comoditat.<\/p>\n<p>La cuina oberta, moderna i lluminosa, compta amb una imponent mitja illa central que es converteix en el cor de la casa: un espai perfecte per cuinar, compartir i gaudir.<\/p>\n<p>A l&#039;exterior, la propietat ofereix una piscina privada envoltada de jardins, una zona de barbacoa, un hort cuidat amb cura, i un celler que convida als millors moments entre amics o en fam\u00edlia.<\/p>\n<p>Cada moble que la compon ha estat seleccionat amb gust exquisit: peces de disseny procedents de diferents parts del m\u00f3n, elegants, \u00faniques i perfectament integrades en l&#039;ambient.<br \/>\nLa casa es ven completament moblada, amb mobiliari de gamma alta que reflecteix una personalitat sofisticada i cosmopolita.<\/p>\n<p>Compte a m\u00e9s amb garatge privat i un entorn que garanteix privadesa, confort i distinci\u00f3.<\/p>\n<p>Una propietat exclusiva per als que busquen una vida plena, envoltada de bellesa i harmonia<\/p>","protected":false},"author":4,"featured_media":1302300,"parent":0,"menu_order":0,"template":"","property_type":[835],"property_status":[371],"property_feature":[],"property_label":[],"property_state":[],"property_city":[198],"property_area":[470],"class_list":["post-1301776","property","type-property","status-publish","has-post-thumbnail","hentry","property_type-viviendas","property_status-comprar","property_city-vilanova-i-la-geltru","property_area-tennis"],"property_meta":{"fave_currency":["EUR"],"fave_currency_info":[""],"fave_property_price":["1700000"],"fave_property_size":["650.00"],"fave_property_size_prefix":["m2"],"fave_property_land":["0"],"fave_property_land_postfix":["m2"],"fave_property_bedrooms":["6"],"fave_property_bathrooms":["5"],"fave_property_garage":["1"],"fave_virtual_tour":["0"],"fave_property_map":["1"],"fave_property_id":["CV372\/1259"],"fave_property_year":["1991"],"fave_property_zip":["08800"],"fave_featured":["0"],"houzez_featured_listing_date":[""],"fave_agent_display_option":["agent_info"],"fave_prop_homeslider":["no"],"fave_energy_class":["E"],"fave_energy_global_index":["0"],"fave_energy_performance":["E"],"fave_renewable_energy_global_index":["1234.99"],"floor_plans":[""],"fave_multi_units":[""],"additional_features":[""],"fave_agents":["1179704"],"fave_property_agency":["1214635"],"fave_property_map_address":[null],"fave_property_location":["41.215062361,1.701346266"],"houzez_geolocation_lat":["41.215062361"],"houzez_geolocation_long":["1.701346266"],"aicat":["1"],"_wp_page_template":["default"],"fave_property_images":["1302300","1302300","1302301","1302302","1302303","1302304","1302305","1302306","1302307","1302308","1302309","1302310","1302311","1302312","1302313","1302314","1302315","1302316","1302317","1302318","1302319","1302320","1302321","1302322","1302323","1302324","1302325","1302326","1302327","1302328","1302329","1302330","1302331","1302332","1302333","1302334","1302335","1302336","1302337","1302338","1302339"],"_thumbnail_id":["1302300"],"houzez_total_property_views":["2"],"houzez_views_by_date":["a:1:{s:10:\"04-30-2026\";i:2;}"],"houzez_recently_viewed":["2026-04-30 13:44:14"],"_elementor_page_assets":["a:0:{}"]},"_links":{"self":[{"href":"https:\/\/www.serra.immo\/ca\/wp-json\/wp\/v2\/properties\/1301776","targetHints":{"allow":["GET"]}}],"collection":[{"href":"https:\/\/www.serra.immo\/ca\/wp-json\/wp\/v2\/properties"}],"about":[{"href":"https:\/\/www.serra.immo\/ca\/wp-json\/wp\/v2\/types\/property"}],"author":[{"embeddable":true,"href":"https:\/\/www.serra.immo\/ca\/wp-json\/wp\/v2\/users\/4"}],"version-history":[{"count":0,"href":"https:\/\/www.serra.immo\/ca\/wp-json\/wp\/v2\/properties\/1301776\/revisions"}],"wp:featuredmedia":[{"embeddable":true,"href":"https:\/\/www.serra.immo\/ca\/wp-json\/wp\/v2\/media\/1302300"}],"wp:attachment":[{"href":"https:\/\/www.serra.immo\/ca\/wp-json\/wp\/v2\/media?parent=1301776"}],"wp:term":[{"taxonomy":"property_type","embeddable":true,"href":"https:\/\/www.serra.immo\/ca\/wp-json\/wp\/v2\/property_type?post=1301776"},{"taxonomy":"property_status","embeddable":true,"href":"https:\/\/www.serra.immo\/ca\/wp-json\/wp\/v2\/property_status?post=1301776"},{"taxonomy":"property_feature","embeddable":true,"href":"https:\/\/www.serra.immo\/ca\/wp-json\/wp\/v2\/property_feature?post=1301776"},{"taxonomy":"property_label","embeddable":true,"href":"https:\/\/www.serra.immo\/ca\/wp-json\/wp\/v2\/property_label?post=1301776"},{"taxonomy":"property_state","embeddable":true,"href":"https:\/\/www.serra.immo\/ca\/wp-json\/wp\/v2\/property_state?post=1301776"},{"taxonomy":"property_city","embeddable":true,"href":"https:\/\/www.serra.immo\/ca\/wp-json\/wp\/v2\/property_city?post=1301776"},{"taxonomy":"property_area","embeddable":true,"href":"https:\/\/www.serra.immo\/ca\/wp-json\/wp\/v2\/property_area?post=1301776"}],"curies":[{"name":"wp","href":"https:\/\/api.w.org\/{rel}","templated":true}]}}

<p>En una de les zones més prestigioses de Vilanova i la Geltrú, on la tranquil·litat i l&#039;elegància es fonen amb l&#039;autèntic estil mediterrani, hi ha aquest habitatge excepcional amb més de 1.400 m² de parcel·la.</p>
<p>Una casa impecable, recentment reformada amb materials d&#039;altíssima qualitat, on cada detall ha estat pensat amb cura. Disposa de sis habitacions, cinc banys i un bany addicional al costat de la zona de piscina, ideal per gaudir de l&#039;exterior amb total comoditat.</p>
<p>La cuina oberta, moderna i lluminosa, compta amb una imponent mitja illa central que es converteix en el cor de la casa: un espai perfecte per cuinar, compartir i gaudir.</p>
<p>A l&#039;exterior, la propietat ofereix una piscina privada envoltada de jardins, una zona de barbacoa, un hort cuidat amb cura, i un celler que convida als millors moments entre amics o en família.</p>
<p>Cada moble que la compon ha estat seleccionat amb gust exquisit: peces de disseny procedents de diferents parts del món, elegants, úniques i perfectament integrades en l&#039;ambient.<br />
La casa es ven completament moblada, amb mobiliari de gamma alta que reflecteix una personalitat sofisticada i cosmopolita.</p>
<p>Compte a més amb garatge privat i un entorn que garanteix privadesa, confort i distinció.</p>
<p>Una propietat exclusiva per als que busquen una vida plena, envoltada de bellesa i harmonia</p>
