{"id":1301585,"date":"2026-05-01T13:32:20","date_gmt":"2026-05-01T11:32:20","guid":{"rendered":"https:\/\/www.serra.immo\/propiedad\/ref-03-22532-1098-gran-oportunidad-restaurante-totalmente-montado-en-traspaso\/"},"modified":"2026-05-01T13:32:20","modified_gmt":"2026-05-01T11:32:20","slug":"ref-03-22532-1098-gran-oportunitat-restaurant-totalment-muntat-en-traspas","status":"publish","type":"property","link":"https:\/\/www.serra.immo\/ca\/propiedad\/ref-03-22532-1098-gran-oportunidad-restaurante-totalmente-montado-en-traspaso\/","title":{"rendered":"Ref. 03-22532\/1098 \u2013 GRAN OPORTUNITAT! RESTAURANT TOTALMENT MUNTAT EN TRASP\u00c0S"},"content":{"rendered":"<p>Busques l&#039;espai perfecte per iniciar el teu projecte de restauraci\u00f3? Aqu\u00ed tens una oportunitat \u00fanica que no podr\u00e0s deixar passar!<br \/>\nEs traspassa per no poder atendre Bar Restaurant a molt bona ubicaci\u00f3 i llic\u00e8ncia vigent de bar restaurant.<br \/>\nLocal cantoner a finca amb encant, amb una superf\u00edcie \u00fatil de 84m\u00b2 i fa\u00e7ana de 12m. Situat a la pla\u00e7a Pau Casals, zona petaonal de pas del nucli antic, molt a prop de la Rambla Principal, del carrer Caputxins i pla\u00e7a de les Cols.<br \/>\nAforament interior per a 22 comensals, i amb possibilitat de posar terrassa a la P\u00e7a Pau Casals. Totalment muntat amb maquin\u00e0ria i utensilis per comen\u00e7ar a treballar dem\u00e0 mateix. Sortida de fums i aire condicionat.  <\/p>\n<p>Consulteu m\u00e9s condicions a les nostres oficines.<\/p>","protected":false},"excerpt":{"rendered":"<p>Busques l&#039;espai perfecte per iniciar el teu projecte de restauraci\u00f3? Aqu\u00ed tens una oportunitat \u00fanica que no podr\u00e0s deixar passar!<br \/>\nEs traspassa per no poder atendre Bar Restaurant a molt bona ubicaci\u00f3 i llic\u00e8ncia vigent de bar restaurant.<br \/>\nLocal cantoner a finca amb encant, amb una superf\u00edcie \u00fatil de 84m\u00b2 i fa\u00e7ana de 12m. Situat a la pla\u00e7a Pau Casals, zona petaonal de pas del nucli antic, molt a prop de la Rambla Principal, del carrer Caputxins i pla\u00e7a de les Cols.<br \/>\nAforament interior per a 22 comensals, i amb possibilitat de posar terrassa a la P\u00e7a Pau Casals. Totalment muntat amb maquin\u00e0ria i utensilis per comen\u00e7ar a treballar dem\u00e0 mateix. Sortida de fums i aire condicionat.  <\/p>\n<p>Consulteu m\u00e9s condicions a les nostres oficines.<\/p>","protected":false},"author":4,"featured_media":1301586,"parent":0,"menu_order":0,"template":"","property_type":[841],"property_status":[371],"property_feature":[],"property_label":[],"property_state":[],"property_city":[198],"property_area":[199],"class_list":["post-1301585","property","type-property","status-publish","has-post-thumbnail","hentry","property_type-locales-comerciales","property_status-comprar","property_city-vilanova-i-la-geltru","property_area-centre"],"property_meta":{"fave_currency":["EUR"],"fave_currency_info":[""],"fave_property_price":["1688"],"fave_property_size":["84.23"],"fave_property_size_prefix":["m2"],"fave_property_land":["0"],"fave_property_land_postfix":["m2"],"fave_property_bedrooms":["0"],"fave_property_bathrooms":["1"],"fave_virtual_tour":["0"],"fave_property_map":["1"],"fave_property_id":["03-22532\/1098"],"fave_property_year":["2005"],"fave_property_zip":["08800"],"fave_featured":["0"],"houzez_featured_listing_date":[""],"fave_agent_display_option":["agent_info"],"fave_prop_homeslider":["no"],"fave_energy_class":["C"],"fave_energy_global_index":["145"],"fave_energy_performance":["B"],"fave_renewable_energy_global_index":["25"],"floor_plans":[""],"fave_multi_units":[""],"additional_features":[""],"fave_agents":["1179704"],"fave_property_agency":["1214635"],"fave_property_map_address":[null],"fave_property_location":["41.227333353404,1.7246917211933"],"houzez_geolocation_lat":["41.227333353404"],"houzez_geolocation_long":["1.7246917211933"],"aicat":["1"],"_wp_page_template":["default"],"fave_property_images":["1301586","1301586","1301587","1301588","1301589","1301590","1301591","1301592","1301593","1301594","1301595","1301596","1301597","1301598","1301599","1301600","1301601","1301602","1301603","1301604","1301605","1301606","1301607","1301608"],"_thumbnail_id":["1301586"],"houzez_total_property_views":["2"],"houzez_views_by_date":["a:1:{s:10:\"05-01-2026\";i:2;}"],"houzez_recently_viewed":["2026-05-01 15:24:05"],"_elementor_page_assets":["a:0:{}"]},"_links":{"self":[{"href":"https:\/\/www.serra.immo\/ca\/wp-json\/wp\/v2\/properties\/1301585","targetHints":{"allow":["GET"]}}],"collection":[{"href":"https:\/\/www.serra.immo\/ca\/wp-json\/wp\/v2\/properties"}],"about":[{"href":"https:\/\/www.serra.immo\/ca\/wp-json\/wp\/v2\/types\/property"}],"author":[{"embeddable":true,"href":"https:\/\/www.serra.immo\/ca\/wp-json\/wp\/v2\/users\/4"}],"version-history":[{"count":0,"href":"https:\/\/www.serra.immo\/ca\/wp-json\/wp\/v2\/properties\/1301585\/revisions"}],"wp:featuredmedia":[{"embeddable":true,"href":"https:\/\/www.serra.immo\/ca\/wp-json\/wp\/v2\/media\/1301586"}],"wp:attachment":[{"href":"https:\/\/www.serra.immo\/ca\/wp-json\/wp\/v2\/media?parent=1301585"}],"wp:term":[{"taxonomy":"property_type","embeddable":true,"href":"https:\/\/www.serra.immo\/ca\/wp-json\/wp\/v2\/property_type?post=1301585"},{"taxonomy":"property_status","embeddable":true,"href":"https:\/\/www.serra.immo\/ca\/wp-json\/wp\/v2\/property_status?post=1301585"},{"taxonomy":"property_feature","embeddable":true,"href":"https:\/\/www.serra.immo\/ca\/wp-json\/wp\/v2\/property_feature?post=1301585"},{"taxonomy":"property_label","embeddable":true,"href":"https:\/\/www.serra.immo\/ca\/wp-json\/wp\/v2\/property_label?post=1301585"},{"taxonomy":"property_state","embeddable":true,"href":"https:\/\/www.serra.immo\/ca\/wp-json\/wp\/v2\/property_state?post=1301585"},{"taxonomy":"property_city","embeddable":true,"href":"https:\/\/www.serra.immo\/ca\/wp-json\/wp\/v2\/property_city?post=1301585"},{"taxonomy":"property_area","embeddable":true,"href":"https:\/\/www.serra.immo\/ca\/wp-json\/wp\/v2\/property_area?post=1301585"}],"curies":[{"name":"wp","href":"https:\/\/api.w.org\/{rel}","templated":true}]}}

Ref. 03-22532/1098 – GRAN OPORTUNITAT! RESTAURANT TOTALMENT MUNTAT EN TRASPÀS

<p>Busques l&#039;espai perfecte per iniciar el teu projecte de restauració? Aquí tens una oportunitat única que no podràs deixar passar!<br />
Es traspassa per no poder atendre Bar Restaurant a molt bona ubicació i llicència vigent de bar restaurant.<br />
Local cantoner a finca amb encant, amb una superfície útil de 84m² i façana de 12m. Situat a la plaça Pau Casals, zona petaonal de pas del nucli antic, molt a prop de la Rambla Principal, del carrer Caputxins i plaça de les Cols.<br />
Aforament interior per a 22 comensals, i amb possibilitat de posar terrassa a la Pça Pau Casals. Totalment muntat amb maquinària i utensilis per començar a treballar demà mateix. Sortida de fums i aire condicionat.  </p>
<p>Consulteu més condicions a les nostres oficines.</p>
