{"id":1300995,"date":"2026-04-28T13:36:55","date_gmt":"2026-04-28T11:36:55","guid":{"rendered":"https:\/\/www.serra.immo\/propiedad\/ref-27-roc3056-1553-sin-palabras-bueno-si-ven-a-verlo\/"},"modified":"2026-04-28T13:36:56","modified_gmt":"2026-04-28T11:36:56","slug":"ref-27-roc3056-1553-sense-paraules-bo-si-vine-a-veurel","status":"publish","type":"property","link":"https:\/\/www.serra.immo\/ca\/propiedad\/ref-27-roc3056-1553-sin-palabras-bueno-si-ven-a-verlo\/","title":{"rendered":"Ref. 27-ROC3056\/1553 \u2013 Sense paraules\u2026b\u00e9 S\u00ed: vine a veure&#039;l!!!!"},"content":{"rendered":"<p>Descobreix aquest excepcional d\u00faplex a la tranquil\u00b7la localitat de les Roquetes, Sant Pere de Ribes. Ubicat a l&#039;Avda Mas den Serra, aquesta propietat es presenta com una oportunitat \u00fanica per a aquells que busquen una llar moderna i c\u00f2mode. Amb una superf\u00edcie constru\u00efda de 65 m2 i \u00fatil de 60 m2, cada rac\u00f3 ha estat dissenyat amb atenci\u00f3 al detall. La distribuci\u00f3 inclou una \u00e0mplia habitaci\u00f3 doble i una altra senzilla, a m\u00e9s d&#039;un bany complet i lavabo addicional per a m\u00e9s comoditat. Entre els seus atractius extres destaca el p\u00e0rquing privat incl\u00f2s al preu; aix\u00ed com la seva espectacular terrassa de 20m\u00b2 ideal per gaudir de moments inoblidables fent barbacoes o simplement relaxant-se a l&#039;aire lliure. L&#039;edifici compta tamb\u00e9 amb ascensor el que facilita encara m\u00e9s l&#039;acc\u00e9s a la teva nova llar. Seminou i impecable estat: millor que nou! A m\u00e9s, ve moblat llest per entrar a viure sense preocupacions.<br \/>\nPvp: 240.000.-\u20ac (despeses d&#039;impostos, not\u00e0ria i registre no estan incloses en el preu)<br \/>\nAl preu s&#039;inclou tot el mobiliari excepte coses personals\u2026.<br \/>\nSi voleu un pis nou per\u00f2 sense haver d&#039;esperar-vos, aquesta \u00e9s la seva oportunitat\u2026.<br \/>\nNFORMACI\u00d3 ADDICIONAL: En compliment de les obligacions d&#039;informaci\u00f3 previstes a la Llei 10\/2025, de 28 de desembre, de serveis d&#039;atenci\u00f3 a la clientela i transpar\u00e8ncia, aix\u00ed com a la normativa sectorial vigent, es fa constar que el preu indicat NO INCLOU les despeses i impostos inherents a l&#039;adquisici\u00f3, els quals es desglossen a continuaci\u00f3:<\/p>\n<p>\u2022 Impost sobre Transmissions Patrimonials (ITP): S&#039;aplicar\u00e0 el tipus impositiu vigent a la Comunitat Aut\u00f2noma de Catalunya (Valor de l&#039;Immoble fins a 600.000\u20ac = 10% (24.000\u20ac), de 600.001\u20ac a 900.000\u20ac = 111TP0T. 1.500.000\u20ac = 12%, m\u00e9s de 1.500.000\u20ac = 13%), sense perjudici dels tipus redu\u00efts del 5% i el 7%, aplicables segons les circumst\u00e0ncies personals del comprador o les caracter\u00edstiques de l&#039;immoble). L&#039;impost es merita sobre el valor de refer\u00e8ncia de cadastre o el preu de venda, aquell que resulti superior.<\/p>\n<p>Per a una informaci\u00f3 exhaustiva sobre el funcionament, tipus impositius i bonificacions de l&#039;ITP a Catalunya, podeu consultar el portal oficial de l&#039;Ag\u00e8ncia Tribut\u00e0ria de l&#039;Ag\u00e8ncia Tribut\u00e0ria Catalana, a l&#039;enlla\u00e7 seg\u00fcent: https:\/\/atc.gencat.cat\/es\/tributs\/itpajd\/tpo\/tarifes-tipus\/<\/p>\n<p>\u2022 Despeses de notaria: Els honoraris notarials es calcularan d&#039;acord amb l&#039;aranzel oficial regulat a l&#039;annex I, del Reial decret 1426\/1989, de 17 de novembre, pel qual s&#039;aprova l&#039;aranzel notarial.<\/p>\n<p>\u2022 Despeses de Registre: La inscripci\u00f3 al Registre de la Propietat es facturar\u00e0 segons l&#039;aranzel oficial establert a l&#039;ANNEX I, del Reial decret 1427\/1989, de 17 de novembre, pel qual s&#039;aprova l&#039;aranzel Notarial.<\/p>\n<p>\u2022 Despeses de Gesti\u00f3 (Gestoria): Els honoraris per la tramitaci\u00f3 administrativa, la liquidaci\u00f3 d&#039;impostos i la inscripci\u00f3 registral, segons les tarifes del professional intervinent.<\/p>\n<p>Les despeses derivades de la compravenda (Notaria, Registre de la Propietat i Gestoria) s&#039;estimen orientativament entre el 1% i el 3% del preu de venda, en funci\u00f3 dels aranzels oficials i el professional elegit.<br \/>\nCertificat d&#039;efici\u00e8ncia energ\u00e8tica : LF15PTKCL lletra F i E i CHB<a href=\"tel:06665725001\">06665725001<\/a><br \/>\n\u2022 Honoraris Ag\u00e8ncia del Venedor: inclosos al PVP i pagadors per la part venedora.<\/p>","protected":false},"excerpt":{"rendered":"<p>Descobreix aquest excepcional d\u00faplex a la tranquil\u00b7la localitat de les Roquetes, Sant Pere de Ribes. Ubicat a l&#039;Avda Mas den Serra, aquesta propietat es presenta com una oportunitat \u00fanica per a aquells que busquen una llar moderna i c\u00f2mode. Amb una superf\u00edcie constru\u00efda de 65 m2 i \u00fatil de 60 m2, cada rac\u00f3 ha estat dissenyat amb atenci\u00f3 al detall. La distribuci\u00f3 inclou una \u00e0mplia habitaci\u00f3 doble i una altra senzilla, a m\u00e9s d&#039;un bany complet i lavabo addicional per a m\u00e9s comoditat. Entre els seus atractius extres destaca el p\u00e0rquing privat incl\u00f2s al preu; aix\u00ed com la seva espectacular terrassa de 20m\u00b2 ideal per gaudir de moments inoblidables fent barbacoes o simplement relaxant-se a l&#039;aire lliure. L&#039;edifici compta tamb\u00e9 amb ascensor el que facilita encara m\u00e9s l&#039;acc\u00e9s a la teva nova llar. Seminou i impecable estat: millor que nou! A m\u00e9s, ve moblat llest per entrar a viure sense preocupacions.<br \/>\nPvp: 240.000.-\u20ac (despeses d&#039;impostos, not\u00e0ria i registre no estan incloses en el preu)<br \/>\nAl preu s&#039;inclou tot el mobiliari excepte coses personals\u2026.<br \/>\nSi voleu un pis nou per\u00f2 sense haver d&#039;esperar-vos, aquesta \u00e9s la seva oportunitat\u2026.<br \/>\nNFORMACI\u00d3 ADDICIONAL: En compliment de les obligacions d&#039;informaci\u00f3 previstes a la Llei 10\/2025, de 28 de desembre, de serveis d&#039;atenci\u00f3 a la clientela i transpar\u00e8ncia, aix\u00ed com a la normativa sectorial vigent, es fa constar que el preu indicat NO INCLOU les despeses i impostos inherents a l&#039;adquisici\u00f3, els quals es desglossen a continuaci\u00f3:<\/p>\n<p>\u2022 Impost sobre Transmissions Patrimonials (ITP): S&#039;aplicar\u00e0 el tipus impositiu vigent a la Comunitat Aut\u00f2noma de Catalunya (Valor de l&#039;Immoble fins a 600.000\u20ac = 10% (24.000\u20ac), de 600.001\u20ac a 900.000\u20ac = 111TP0T. 1.500.000\u20ac = 12%, m\u00e9s de 1.500.000\u20ac = 13%), sense perjudici dels tipus redu\u00efts del 5% i el 7%, aplicables segons les circumst\u00e0ncies personals del comprador o les caracter\u00edstiques de l&#039;immoble). L&#039;impost es merita sobre el valor de refer\u00e8ncia de cadastre o el preu de venda, aquell que resulti superior.<\/p>\n<p>Per a una informaci\u00f3 exhaustiva sobre el funcionament, tipus impositius i bonificacions de l&#039;ITP a Catalunya, podeu consultar el portal oficial de l&#039;Ag\u00e8ncia Tribut\u00e0ria de l&#039;Ag\u00e8ncia Tribut\u00e0ria Catalana, a l&#039;enlla\u00e7 seg\u00fcent: https:\/\/atc.gencat.cat\/es\/tributs\/itpajd\/tpo\/tarifes-tipus\/<\/p>\n<p>\u2022 Despeses de notaria: Els honoraris notarials es calcularan d&#039;acord amb l&#039;aranzel oficial regulat a l&#039;annex I, del Reial decret 1426\/1989, de 17 de novembre, pel qual s&#039;aprova l&#039;aranzel notarial.<\/p>\n<p>\u2022 Despeses de Registre: La inscripci\u00f3 al Registre de la Propietat es facturar\u00e0 segons l&#039;aranzel oficial establert a l&#039;ANNEX I, del Reial decret 1427\/1989, de 17 de novembre, pel qual s&#039;aprova l&#039;aranzel Notarial.<\/p>\n<p>\u2022 Despeses de Gesti\u00f3 (Gestoria): Els honoraris per la tramitaci\u00f3 administrativa, la liquidaci\u00f3 d&#039;impostos i la inscripci\u00f3 registral, segons les tarifes del professional intervinent.<\/p>\n<p>Les despeses derivades de la compravenda (Notaria, Registre de la Propietat i Gestoria) s&#039;estimen orientativament entre el 1% i el 3% del preu de venda, en funci\u00f3 dels aranzels oficials i el professional elegit.<br \/>\nCertificat d&#039;efici\u00e8ncia energ\u00e8tica : LF15PTKCL lletra F i E i CHB06665725001<br \/>\n\u2022 Honoraris Ag\u00e8ncia del Venedor: inclosos al PVP i pagadors per la part venedora.<\/p>","protected":false},"author":4,"featured_media":1318676,"parent":0,"menu_order":0,"template":"","property_type":[835],"property_status":[371],"property_feature":[374,376,375,442,377],"property_label":[],"property_state":[],"property_city":[210],"property_area":[422],"class_list":["post-1300995","property","type-property","status-publish","has-post-thumbnail","hentry","property_type-viviendas","property_status-comprar","property_feature-aire-acondicionado","property_feature-ascensor","property_feature-calefaccion","property_feature-norte-sur","property_feature-terraza","property_city-sant-pere-de-ribes","property_area-les-roquetes-ajuntament"],"property_meta":{"fave_currency":["EUR"],"fave_currency_info":[""],"fave_property_price":["240000"],"fave_property_size":["60.00"],"fave_property_size_prefix":["m2"],"fave_property_land":["0"],"fave_property_land_postfix":["m2"],"fave_property_bedrooms":["2"],"fave_property_bathrooms":["2"],"fave_property_garage":["1"],"fave_virtual_tour":["0"],"fave_property_map":["1"],"fave_property_id":["27-ROC3056\/1553"],"fave_property_year":["2008"],"fave_property_zip":["08812"],"fave_featured":["0"],"houzez_featured_listing_date":[""],"fave_agent_display_option":["agent_info"],"fave_prop_homeslider":["no"],"fave_energy_class":["F"],"fave_energy_global_index":["235"],"fave_energy_performance":["E"],"fave_renewable_energy_global_index":["39"],"floor_plans":[""],"fave_multi_units":[""],"additional_features":[""],"fave_agents":["1179704"],"fave_property_agency":["1214635"],"fave_property_map_address":[null],"fave_property_location":["41.230017931897095,1.74856762580734"],"houzez_geolocation_lat":["41.230017931897095"],"houzez_geolocation_long":["1.74856762580734"],"aicat":["1"],"_wp_page_template":["default"],"fave_property_images":["1318676","1318676","1318677","1318678","1318679","1318680","1318681","1318682","1318683","1318684","1318685","1318686","1318687","1318688","1318689","1318690","1318691","1318692","1318693","1318694","1318695","1318696","1318697","1318698","1318699","1318700","1318701","1318702","1318703","1318704","1318705","1318706","1318707","1318708","1318709","1318710","1318711","1318712","1318713","1318714","1318715"],"_thumbnail_id":["1318676"],"houzez_total_property_views":["6"],"houzez_views_by_date":["a:1:{s:10:\"04-28-2026\";i:6;}"],"houzez_recently_viewed":["2026-04-28 22:08:08"],"_elementor_page_assets":["a:0:{}"]},"_links":{"self":[{"href":"https:\/\/www.serra.immo\/ca\/wp-json\/wp\/v2\/properties\/1300995","targetHints":{"allow":["GET"]}}],"collection":[{"href":"https:\/\/www.serra.immo\/ca\/wp-json\/wp\/v2\/properties"}],"about":[{"href":"https:\/\/www.serra.immo\/ca\/wp-json\/wp\/v2\/types\/property"}],"author":[{"embeddable":true,"href":"https:\/\/www.serra.immo\/ca\/wp-json\/wp\/v2\/users\/4"}],"version-history":[{"count":0,"href":"https:\/\/www.serra.immo\/ca\/wp-json\/wp\/v2\/properties\/1300995\/revisions"}],"wp:featuredmedia":[{"embeddable":true,"href":"https:\/\/www.serra.immo\/ca\/wp-json\/wp\/v2\/media\/1318676"}],"wp:attachment":[{"href":"https:\/\/www.serra.immo\/ca\/wp-json\/wp\/v2\/media?parent=1300995"}],"wp:term":[{"taxonomy":"property_type","embeddable":true,"href":"https:\/\/www.serra.immo\/ca\/wp-json\/wp\/v2\/property_type?post=1300995"},{"taxonomy":"property_status","embeddable":true,"href":"https:\/\/www.serra.immo\/ca\/wp-json\/wp\/v2\/property_status?post=1300995"},{"taxonomy":"property_feature","embeddable":true,"href":"https:\/\/www.serra.immo\/ca\/wp-json\/wp\/v2\/property_feature?post=1300995"},{"taxonomy":"property_label","embeddable":true,"href":"https:\/\/www.serra.immo\/ca\/wp-json\/wp\/v2\/property_label?post=1300995"},{"taxonomy":"property_state","embeddable":true,"href":"https:\/\/www.serra.immo\/ca\/wp-json\/wp\/v2\/property_state?post=1300995"},{"taxonomy":"property_city","embeddable":true,"href":"https:\/\/www.serra.immo\/ca\/wp-json\/wp\/v2\/property_city?post=1300995"},{"taxonomy":"property_area","embeddable":true,"href":"https:\/\/www.serra.immo\/ca\/wp-json\/wp\/v2\/property_area?post=1300995"}],"curies":[{"name":"wp","href":"https:\/\/api.w.org\/{rel}","templated":true}]}}

Ref. 27-ROC3056/1553 – Sense paraules…bé Sí: vine a veure&#039;l!!!!

<p>Descobreix aquest excepcional dúplex a la tranquil·la localitat de les Roquetes, Sant Pere de Ribes. Ubicat a l&#039;Avda Mas den Serra, aquesta propietat es presenta com una oportunitat única per a aquells que busquen una llar moderna i còmode. Amb una superfície construïda de 65 m2 i útil de 60 m2, cada racó ha estat dissenyat amb atenció al detall. La distribució inclou una àmplia habitació doble i una altra senzilla, a més d&#039;un bany complet i lavabo addicional per a més comoditat. Entre els seus atractius extres destaca el pàrquing privat inclòs al preu; així com la seva espectacular terrassa de 20m² ideal per gaudir de moments inoblidables fent barbacoes o simplement relaxant-se a l&#039;aire lliure. L&#039;edifici compta també amb ascensor el que facilita encara més l&#039;accés a la teva nova llar. Seminou i impecable estat: millor que nou! A més, ve moblat llest per entrar a viure sense preocupacions.<br />
Pvp: 240.000.-€ (despeses d&#039;impostos, notària i registre no estan incloses en el preu)<br />
Al preu s&#039;inclou tot el mobiliari excepte coses personals….<br />
Si voleu un pis nou però sense haver d&#039;esperar-vos, aquesta és la seva oportunitat….<br />
NFORMACIÓ ADDICIONAL: En compliment de les obligacions d&#039;informació previstes a la Llei 10/2025, de 28 de desembre, de serveis d&#039;atenció a la clientela i transparència, així com a la normativa sectorial vigent, es fa constar que el preu indicat NO INCLOU les despeses i impostos inherents a l&#039;adquisició, els quals es desglossen a continuació:</p>
<p>• Impost sobre Transmissions Patrimonials (ITP): S&#039;aplicarà el tipus impositiu vigent a la Comunitat Autònoma de Catalunya (Valor de l&#039;Immoble fins a 600.000€ = 10% (24.000€), de 600.001€ a 900.000€ = 111TP0T. 1.500.000€ = 12%, més de 1.500.000€ = 13%), sense perjudici dels tipus reduïts del 5% i el 7%, aplicables segons les circumstàncies personals del comprador o les característiques de l&#039;immoble). L&#039;impost es merita sobre el valor de referència de cadastre o el preu de venda, aquell que resulti superior.</p>
<p>Per a una informació exhaustiva sobre el funcionament, tipus impositius i bonificacions de l&#039;ITP a Catalunya, podeu consultar el portal oficial de l&#039;Agència Tributària de l&#039;Agència Tributària Catalana, a l&#039;enllaç següent: https://atc.gencat.cat/es/tributs/itpajd/tpo/tarifes-tipus/</p>
<p>• Despeses de notaria: Els honoraris notarials es calcularan d&#039;acord amb l&#039;aranzel oficial regulat a l&#039;annex I, del Reial decret 1426/1989, de 17 de novembre, pel qual s&#039;aprova l&#039;aranzel notarial.</p>
<p>• Despeses de Registre: La inscripció al Registre de la Propietat es facturarà segons l&#039;aranzel oficial establert a l&#039;ANNEX I, del Reial decret 1427/1989, de 17 de novembre, pel qual s&#039;aprova l&#039;aranzel Notarial.</p>
<p>• Despeses de Gestió (Gestoria): Els honoraris per la tramitació administrativa, la liquidació d&#039;impostos i la inscripció registral, segons les tarifes del professional intervinent.</p>
<p>Les despeses derivades de la compravenda (Notaria, Registre de la Propietat i Gestoria) s&#039;estimen orientativament entre el 1% i el 3% del preu de venda, en funció dels aranzels oficials i el professional elegit.<br />
Certificat d&#039;eficiència energètica : LF15PTKCL lletra F i E i CHB<a href="tel:06665725001">06665725001</a><br />
• Honoraris Agència del Venedor: inclosos al PVP i pagadors per la part venedora.</p>

<p>Descobreix aquest excepcional dúplex a la tranquil·la localitat de les Roquetes, Sant Pere de Ribes. Ubicat a l&#039;Avda Mas den Serra, aquesta propietat es presenta com una oportunitat única per a aquells que busquen una llar moderna i còmode. Amb una superfície construïda de 65 m2 i útil de 60 m2, cada racó ha estat dissenyat amb atenció al detall. La distribució inclou una àmplia habitació doble i una altra senzilla, a més d&#039;un bany complet i lavabo addicional per a més comoditat. Entre els seus atractius extres destaca el pàrquing privat inclòs al preu; així com la seva espectacular terrassa de 20m² ideal per gaudir de moments inoblidables fent barbacoes o simplement relaxant-se a l&#039;aire lliure. L&#039;edifici compta també amb ascensor el que facilita encara més l&#039;accés a la teva nova llar. Seminou i impecable estat: millor que nou! A més, ve moblat llest per entrar a viure sense preocupacions.<br />
Pvp: 240.000.-€ (despeses d&#039;impostos, notària i registre no estan incloses en el preu)<br />
Al preu s&#039;inclou tot el mobiliari excepte coses personals….<br />
Si voleu un pis nou però sense haver d&#039;esperar-vos, aquesta és la seva oportunitat….<br />
NFORMACIÓ ADDICIONAL: En compliment de les obligacions d&#039;informació previstes a la Llei 10/2025, de 28 de desembre, de serveis d&#039;atenció a la clientela i transparència, així com a la normativa sectorial vigent, es fa constar que el preu indicat NO INCLOU les despeses i impostos inherents a l&#039;adquisició, els quals es desglossen a continuació:</p>
<p>• Impost sobre Transmissions Patrimonials (ITP): S&#039;aplicarà el tipus impositiu vigent a la Comunitat Autònoma de Catalunya (Valor de l&#039;Immoble fins a 600.000€ = 10% (24.000€), de 600.001€ a 900.000€ = 111TP0T. 1.500.000€ = 12%, més de 1.500.000€ = 13%), sense perjudici dels tipus reduïts del 5% i el 7%, aplicables segons les circumstàncies personals del comprador o les característiques de l&#039;immoble). L&#039;impost es merita sobre el valor de referència de cadastre o el preu de venda, aquell que resulti superior.</p>
<p>Per a una informació exhaustiva sobre el funcionament, tipus impositius i bonificacions de l&#039;ITP a Catalunya, podeu consultar el portal oficial de l&#039;Agència Tributària de l&#039;Agència Tributària Catalana, a l&#039;enllaç següent: https://atc.gencat.cat/es/tributs/itpajd/tpo/tarifes-tipus/</p>
<p>• Despeses de notaria: Els honoraris notarials es calcularan d&#039;acord amb l&#039;aranzel oficial regulat a l&#039;annex I, del Reial decret 1426/1989, de 17 de novembre, pel qual s&#039;aprova l&#039;aranzel notarial.</p>
<p>• Despeses de Registre: La inscripció al Registre de la Propietat es facturarà segons l&#039;aranzel oficial establert a l&#039;ANNEX I, del Reial decret 1427/1989, de 17 de novembre, pel qual s&#039;aprova l&#039;aranzel Notarial.</p>
<p>• Despeses de Gestió (Gestoria): Els honoraris per la tramitació administrativa, la liquidació d&#039;impostos i la inscripció registral, segons les tarifes del professional intervinent.</p>
<p>Les despeses derivades de la compravenda (Notaria, Registre de la Propietat i Gestoria) s&#039;estimen orientativament entre el 1% i el 3% del preu de venda, en funció dels aranzels oficials i el professional elegit.<br />
Certificat d&#039;eficiència energètica : LF15PTKCL lletra F i E i CHB06665725001<br />
• Honoraris Agència del Venedor: inclosos al PVP i pagadors per la part venedora.</p>
