{"id":1300327,"date":"2026-04-23T12:09:09","date_gmt":"2026-04-23T10:09:09","guid":{"rendered":"https:\/\/www.serra.immo\/propiedad\/ref-05-7704-1086-duplex-de-obra-nueva-en-venta-en-la-rambla-de-la-pau-de-vilanova-i-la-geltru\/"},"modified":"2026-04-23T12:09:10","modified_gmt":"2026-04-23T10:09:10","slug":"ref-05-7704-1086-duplex-dobra-nova-en-venda-a-la-rambla-de-la-pau-de-vilanova-i-la-geltru","status":"publish","type":"property","link":"https:\/\/www.serra.immo\/ca\/propiedad\/ref-05-7704-1086-duplex-de-obra-nueva-en-venta-en-la-rambla-de-la-pau-de-vilanova-i-la-geltru\/","title":{"rendered":"Ref. 05-7704\/1086 - Duplex d&#039;obra nova en venda a la Rambla de la Pau de Vilanova i la Geltr\u00fa"},"content":{"rendered":"<p>Exclusiu habitatge d\u00faplex d&#039;obra nova a la millor ubicaci\u00f3 de Vilanova i la Geltr\u00fa, en plena Rambla de la Pau.<\/p>\n<p>T&#039;agradaria viure en una llar moderna, amb acabats d&#039;alta qualitat, a una de les zones m\u00e9s emblem\u00e0tiques de la ciutat? Aquesta \u00e9s la teva oportunitat.<\/p>\n<p>Et presentem aquest d\u00faplex de tres habitacions (dues dobles) i dos banys complets, ubicat a la tercera planta de l&#039;edifici. A la planta superior trobar\u00e0s una \u00e0mplia estada addicional que, a m\u00e9s, ofereix acc\u00e9s directe a una terrassa privada de 26 m\u00b2, on podr\u00e0s gaudir de vistes a primera l\u00ednia de la Rambla.<\/p>\n<p>L&#039;habitatge comptar\u00e0 amb acabats d&#039;alta gamma: la fusteria exterior tindr\u00e0 tancaments de trencament de pont t\u00e8rmic d&#039;alumini lacat, mentre que la fusteria interior ser\u00e0 lacada en blanc, destacant la porta d&#039;entrada blindada. Els paviments seran de tarima laminada al sal\u00f3 i les habitacions, i de gres porcel\u00e0nic als banys i la cuina. La cuina ser\u00e0 de la reconeguda marca italiana Lube, garantint un disseny elegant i funcional. La climatitzaci\u00f3 de l&#039;habitatge ser\u00e0 mitjan\u00e7ant aerot\u00e8rmia per conductes, oferint un ambient confortable durant tot l&#039;any.<\/p>\n<p>L&#039;edifici disposa d&#039;ascensor i el lliurament est\u00e0 previst per a finals de 2026, cosa que us permetr\u00e0 gaudir d&#039;una llar completament nova, en una ubicaci\u00f3 excepcional.<\/p>\n<p>El preu no inclou impostos ni despeses de compravenda (notaria, registre, etc.). La informaci\u00f3 exposada \u00e9s orientativa i pot estar subjecta a errors o omissions involunt\u00e0ries.<\/p>","protected":false},"excerpt":{"rendered":"<p>Exclusiu habitatge d\u00faplex d&#039;obra nova a la millor ubicaci\u00f3 de Vilanova i la Geltr\u00fa, en plena Rambla de la Pau.<\/p>\n<p>T&#039;agradaria viure en una llar moderna, amb acabats d&#039;alta qualitat, a una de les zones m\u00e9s emblem\u00e0tiques de la ciutat? Aquesta \u00e9s la teva oportunitat.<\/p>\n<p>Et presentem aquest d\u00faplex de tres habitacions (dues dobles) i dos banys complets, ubicat a la tercera planta de l&#039;edifici. A la planta superior trobar\u00e0s una \u00e0mplia estada addicional que, a m\u00e9s, ofereix acc\u00e9s directe a una terrassa privada de 26 m\u00b2, on podr\u00e0s gaudir de vistes a primera l\u00ednia de la Rambla.<\/p>\n<p>L&#039;habitatge comptar\u00e0 amb acabats d&#039;alta gamma: la fusteria exterior tindr\u00e0 tancaments de trencament de pont t\u00e8rmic d&#039;alumini lacat, mentre que la fusteria interior ser\u00e0 lacada en blanc, destacant la porta d&#039;entrada blindada. Els paviments seran de tarima laminada al sal\u00f3 i les habitacions, i de gres porcel\u00e0nic als banys i la cuina. La cuina ser\u00e0 de la reconeguda marca italiana Lube, garantint un disseny elegant i funcional. La climatitzaci\u00f3 de l&#039;habitatge ser\u00e0 mitjan\u00e7ant aerot\u00e8rmia per conductes, oferint un ambient confortable durant tot l&#039;any.<\/p>\n<p>L&#039;edifici disposa d&#039;ascensor i el lliurament est\u00e0 previst per a finals de 2026, cosa que us permetr\u00e0 gaudir d&#039;una llar completament nova, en una ubicaci\u00f3 excepcional.<\/p>\n<p>El preu no inclou impostos ni despeses de compravenda (notaria, registre, etc.). La informaci\u00f3 exposada \u00e9s orientativa i pot estar subjecta a errors o omissions involunt\u00e0ries.<\/p>","protected":false},"author":4,"featured_media":1319023,"parent":0,"menu_order":0,"template":"","property_type":[835],"property_status":[371],"property_feature":[374,376,375,377,378],"property_label":[],"property_state":[],"property_city":[198],"property_area":[199],"class_list":["post-1300327","property","type-property","status-publish","has-post-thumbnail","hentry","property_type-viviendas","property_status-comprar","property_feature-aire-acondicionado","property_feature-ascensor","property_feature-calefaccion","property_feature-terraza","property_feature-trastero","property_city-vilanova-i-la-geltru","property_area-centre"],"property_meta":{"fave_currency":["EUR"],"fave_currency_info":[""],"fave_property_price":["540000"],"fave_property_size":["115.00"],"fave_property_size_prefix":["m2"],"fave_property_land":["0"],"fave_property_land_postfix":["m2"],"fave_property_bedrooms":["4"],"fave_property_bathrooms":["2"],"fave_virtual_tour":["0"],"fave_property_map":["1"],"fave_property_id":["05-7704\/1086"],"fave_property_year":["1995"],"fave_property_zip":["08800"],"fave_featured":["0"],"houzez_featured_listing_date":[""],"fave_agent_display_option":["agent_info"],"fave_prop_homeslider":["no"],"fave_energy_class":["G"],"fave_energy_global_index":["0"],"fave_energy_performance":["G"],"fave_renewable_energy_global_index":["0"],"floor_plans":[""],"fave_multi_units":[""],"additional_features":[""],"fave_agents":["1179704"],"fave_property_agency":["1214635"],"fave_property_map_address":[null],"fave_property_location":["41.220359881,1.727065033"],"houzez_geolocation_lat":["41.220359881"],"houzez_geolocation_long":["1.727065033"],"aicat":["1"],"_wp_page_template":["default"],"fave_property_images":["1319023","1319023","1319024","1319025","1319026","1319027","1319028","1319029","1319030","1319031","1319032","1319033","1319034","1319035","1319036","1319037"],"_thumbnail_id":["1319023"],"houzez_total_property_views":["12"],"houzez_views_by_date":["a:6:{s:10:\"04-23-2026\";i:1;s:10:\"04-24-2026\";i:1;s:10:\"04-25-2026\";i:1;s:10:\"04-26-2026\";i:2;s:10:\"04-27-2026\";i:5;s:10:\"04-28-2026\";i:2;}"],"houzez_recently_viewed":["2026-04-28 21:20:13"],"wp-smush-lcp-data-ee03b56bf3156b2d73374e74f0595a72":["a:6:{s:8:\"selector\";s:70:\".img-wrap-1houzez-trigger-popup-slider-js > .logo-wrapper > .img-fluid\";s:14:\"selector_xpath\";s:90:\"\/html\/body\/main\/div[1]\/div[1]\/div\/div[1]\/div\/div\/div[2]\/div\/div[2]\/div\/div[1]\/a\/div\/img[1]\";s:11:\"selector_id\";s:0:\"\";s:14:\"selector_class\";s:9:\"img-fluid\";s:9:\"image_url\";s:65:\"https:\/\/www.serra.immo\/wp-content\/smush-webp\/2026\/04\/8-1.jpg.webp\";s:7:\"version\";i:0;}"],"_elementor_page_assets":["a:0:{}"]},"_links":{"self":[{"href":"https:\/\/www.serra.immo\/ca\/wp-json\/wp\/v2\/properties\/1300327","targetHints":{"allow":["GET"]}}],"collection":[{"href":"https:\/\/www.serra.immo\/ca\/wp-json\/wp\/v2\/properties"}],"about":[{"href":"https:\/\/www.serra.immo\/ca\/wp-json\/wp\/v2\/types\/property"}],"author":[{"embeddable":true,"href":"https:\/\/www.serra.immo\/ca\/wp-json\/wp\/v2\/users\/4"}],"version-history":[{"count":0,"href":"https:\/\/www.serra.immo\/ca\/wp-json\/wp\/v2\/properties\/1300327\/revisions"}],"wp:featuredmedia":[{"embeddable":true,"href":"https:\/\/www.serra.immo\/ca\/wp-json\/wp\/v2\/media\/1319023"}],"wp:attachment":[{"href":"https:\/\/www.serra.immo\/ca\/wp-json\/wp\/v2\/media?parent=1300327"}],"wp:term":[{"taxonomy":"property_type","embeddable":true,"href":"https:\/\/www.serra.immo\/ca\/wp-json\/wp\/v2\/property_type?post=1300327"},{"taxonomy":"property_status","embeddable":true,"href":"https:\/\/www.serra.immo\/ca\/wp-json\/wp\/v2\/property_status?post=1300327"},{"taxonomy":"property_feature","embeddable":true,"href":"https:\/\/www.serra.immo\/ca\/wp-json\/wp\/v2\/property_feature?post=1300327"},{"taxonomy":"property_label","embeddable":true,"href":"https:\/\/www.serra.immo\/ca\/wp-json\/wp\/v2\/property_label?post=1300327"},{"taxonomy":"property_state","embeddable":true,"href":"https:\/\/www.serra.immo\/ca\/wp-json\/wp\/v2\/property_state?post=1300327"},{"taxonomy":"property_city","embeddable":true,"href":"https:\/\/www.serra.immo\/ca\/wp-json\/wp\/v2\/property_city?post=1300327"},{"taxonomy":"property_area","embeddable":true,"href":"https:\/\/www.serra.immo\/ca\/wp-json\/wp\/v2\/property_area?post=1300327"}],"curies":[{"name":"wp","href":"https:\/\/api.w.org\/{rel}","templated":true}]}}

Ref. 05-7704/1086 - Duplex d&#039;obra nova en venda a la Rambla de la Pau de Vilanova i la Geltrú

<p>Exclusiu habitatge dúplex d&#039;obra nova a la millor ubicació de Vilanova i la Geltrú, en plena Rambla de la Pau.</p>
<p>T&#039;agradaria viure en una llar moderna, amb acabats d&#039;alta qualitat, a una de les zones més emblemàtiques de la ciutat? Aquesta és la teva oportunitat.</p>
<p>Et presentem aquest dúplex de tres habitacions (dues dobles) i dos banys complets, ubicat a la tercera planta de l&#039;edifici. A la planta superior trobaràs una àmplia estada addicional que, a més, ofereix accés directe a una terrassa privada de 26 m², on podràs gaudir de vistes a primera línia de la Rambla.</p>
<p>L&#039;habitatge comptarà amb acabats d&#039;alta gamma: la fusteria exterior tindrà tancaments de trencament de pont tèrmic d&#039;alumini lacat, mentre que la fusteria interior serà lacada en blanc, destacant la porta d&#039;entrada blindada. Els paviments seran de tarima laminada al saló i les habitacions, i de gres porcelànic als banys i la cuina. La cuina serà de la reconeguda marca italiana Lube, garantint un disseny elegant i funcional. La climatització de l&#039;habitatge serà mitjançant aerotèrmia per conductes, oferint un ambient confortable durant tot l&#039;any.</p>
<p>L&#039;edifici disposa d&#039;ascensor i el lliurament està previst per a finals de 2026, cosa que us permetrà gaudir d&#039;una llar completament nova, en una ubicació excepcional.</p>
<p>El preu no inclou impostos ni despeses de compravenda (notaria, registre, etc.). La informació exposada és orientativa i pot estar subjecta a errors o omissions involuntàries.</p>
