{"id":1300321,"date":"2026-04-30T13:31:41","date_gmt":"2026-04-30T11:31:41","guid":{"rendered":"https:\/\/www.serra.immo\/propiedad\/ref-05-7703-1086-duplex-de-obra-nueva-en-venta-en-vilanova-i-la-geltru-rambla-de-la-pau\/"},"modified":"2026-04-30T13:31:41","modified_gmt":"2026-04-30T11:31:41","slug":"ref-05-7703-1086-duplex-dobra-nova-en-venda-a-vilanova-i-la-geltru-rambla-de-la-pau","status":"publish","type":"property","link":"https:\/\/www.serra.immo\/ca\/propiedad\/ref-05-7703-1086-duplex-de-obra-nueva-en-venta-en-vilanova-i-la-geltru-rambla-de-la-pau\/","title":{"rendered":"Ref. 05-7703\/1086 - Duplex d\u00b4obra nova en venda a Vilanova i la Geltr\u00fa, Rambla de la Pau"},"content":{"rendered":"<p>Habitatge d\u00b4obra nova, a la millor ubicaci\u00f3 de Vilanova i la Geltr\u00fa, Rambla de la Pau.<\/p>\n<p>Vols gaudir d\u00b4un habitatge que es finalitzar\u00e0 amb grans acabats en una zona emblem\u00e0tica de la ciutat?<\/p>\n<p>Aqu\u00ed us presentem aquest habitatge de dues habitacions \u00e0mplies i dues cambres de bany a la tercera planta de l&#039;edifici i a m\u00e9s una tercera estada a la planta superior, accedint des de l&#039;escala o ascensor i des d&#039;aquesta estada tenim acc\u00e9s a una terrassa privada de 26 m2 a primera l\u00ednia de la rambla.<\/p>\n<p>La fusteria exterior ser\u00e0 amb tancament de trencament de pont t\u00e8rmic en alumini lacat i la interior ser\u00e0 lacada en blanc, sent la dentrada blindada. Els paviments de l&#039;habitatge seran de tarima laminada i banys i cuina en gres porcel\u00e0nic. Les cuines seran de la millor qualitat italiana de la marca Lube. La climatitzaci\u00f3 fred-calor ser\u00e0 mitjan\u00e7ant aerot\u00e8rmia per conductes.<\/p>\n<p>L&#039;edifici disposar\u00e0 d&#039;ascensor i es lliurar\u00e0 a finals del 2026<\/p>\n<p>El preu no inclou impostos ni despeses de compravenda (notaria, registre, etc.). La informaci\u00f3 exposada \u00e9s orientativa i pot estar subjecta a errors o omissions involunt\u00e0ries.<\/p>","protected":false},"excerpt":{"rendered":"<p>Habitatge d\u00b4obra nova, a la millor ubicaci\u00f3 de Vilanova i la Geltr\u00fa, Rambla de la Pau.<\/p>\n<p>Vols gaudir d\u00b4un habitatge que es finalitzar\u00e0 amb grans acabats en una zona emblem\u00e0tica de la ciutat?<\/p>\n<p>Aqu\u00ed us presentem aquest habitatge de dues habitacions \u00e0mplies i dues cambres de bany a la tercera planta de l&#039;edifici i a m\u00e9s una tercera estada a la planta superior, accedint des de l&#039;escala o ascensor i des d&#039;aquesta estada tenim acc\u00e9s a una terrassa privada de 26 m2 a primera l\u00ednia de la rambla.<\/p>\n<p>La fusteria exterior ser\u00e0 amb tancament de trencament de pont t\u00e8rmic en alumini lacat i la interior ser\u00e0 lacada en blanc, sent la dentrada blindada. Els paviments de l&#039;habitatge seran de tarima laminada i banys i cuina en gres porcel\u00e0nic. Les cuines seran de la millor qualitat italiana de la marca Lube. La climatitzaci\u00f3 fred-calor ser\u00e0 mitjan\u00e7ant aerot\u00e8rmia per conductes.<\/p>\n<p>L&#039;edifici disposar\u00e0 d&#039;ascensor i es lliurar\u00e0 a finals del 2026<\/p>\n<p>El preu no inclou impostos ni despeses de compravenda (notaria, registre, etc.). La informaci\u00f3 exposada \u00e9s orientativa i pot estar subjecta a errors o omissions involunt\u00e0ries.<\/p>","protected":false},"author":4,"featured_media":1319006,"parent":0,"menu_order":0,"template":"","property_type":[835],"property_status":[371],"property_feature":[374,376,375,377,378],"property_label":[],"property_state":[],"property_city":[198],"property_area":[199],"class_list":["post-1300321","property","type-property","status-publish","has-post-thumbnail","hentry","property_type-viviendas","property_status-comprar","property_feature-aire-acondicionado","property_feature-ascensor","property_feature-calefaccion","property_feature-terraza","property_feature-trastero","property_city-vilanova-i-la-geltru","property_area-centre"],"property_meta":{"fave_currency":["EUR"],"fave_currency_info":[""],"fave_property_price":["410000"],"fave_property_size":["85.00"],"fave_property_size_prefix":["m2"],"fave_property_land":["0"],"fave_property_land_postfix":["m2"],"fave_property_bedrooms":["3"],"fave_property_bathrooms":["2"],"fave_virtual_tour":["0"],"fave_property_map":["1"],"fave_property_id":["05-7703\/1086"],"fave_property_year":["1995"],"fave_property_zip":["08800"],"fave_featured":["0"],"houzez_featured_listing_date":[""],"fave_agent_display_option":["agent_info"],"fave_prop_homeslider":["no"],"fave_energy_class":["G"],"fave_energy_global_index":["0"],"fave_energy_performance":["G"],"fave_renewable_energy_global_index":["0"],"floor_plans":[""],"fave_multi_units":[""],"additional_features":[""],"fave_agents":["1179704"],"fave_property_agency":["1214635"],"fave_property_map_address":[null],"fave_property_location":["41.220359881,1.727065033"],"houzez_geolocation_lat":["41.220359881"],"houzez_geolocation_long":["1.727065033"],"aicat":["1"],"_wp_page_template":["default"],"fave_property_images":["1319006","1319006","1319007","1319008","1319009","1319010","1319011","1319012","1319013","1319014","1319015","1319016","1319017","1319018","1319019"],"_thumbnail_id":["1319006"],"houzez_total_property_views":["5"],"houzez_views_by_date":["a:1:{s:10:\"04-30-2026\";i:5;}"],"houzez_recently_viewed":["2026-05-01 00:04:04"],"_elementor_page_assets":["a:0:{}"]},"_links":{"self":[{"href":"https:\/\/www.serra.immo\/ca\/wp-json\/wp\/v2\/properties\/1300321","targetHints":{"allow":["GET"]}}],"collection":[{"href":"https:\/\/www.serra.immo\/ca\/wp-json\/wp\/v2\/properties"}],"about":[{"href":"https:\/\/www.serra.immo\/ca\/wp-json\/wp\/v2\/types\/property"}],"author":[{"embeddable":true,"href":"https:\/\/www.serra.immo\/ca\/wp-json\/wp\/v2\/users\/4"}],"version-history":[{"count":0,"href":"https:\/\/www.serra.immo\/ca\/wp-json\/wp\/v2\/properties\/1300321\/revisions"}],"wp:featuredmedia":[{"embeddable":true,"href":"https:\/\/www.serra.immo\/ca\/wp-json\/wp\/v2\/media\/1319006"}],"wp:attachment":[{"href":"https:\/\/www.serra.immo\/ca\/wp-json\/wp\/v2\/media?parent=1300321"}],"wp:term":[{"taxonomy":"property_type","embeddable":true,"href":"https:\/\/www.serra.immo\/ca\/wp-json\/wp\/v2\/property_type?post=1300321"},{"taxonomy":"property_status","embeddable":true,"href":"https:\/\/www.serra.immo\/ca\/wp-json\/wp\/v2\/property_status?post=1300321"},{"taxonomy":"property_feature","embeddable":true,"href":"https:\/\/www.serra.immo\/ca\/wp-json\/wp\/v2\/property_feature?post=1300321"},{"taxonomy":"property_label","embeddable":true,"href":"https:\/\/www.serra.immo\/ca\/wp-json\/wp\/v2\/property_label?post=1300321"},{"taxonomy":"property_state","embeddable":true,"href":"https:\/\/www.serra.immo\/ca\/wp-json\/wp\/v2\/property_state?post=1300321"},{"taxonomy":"property_city","embeddable":true,"href":"https:\/\/www.serra.immo\/ca\/wp-json\/wp\/v2\/property_city?post=1300321"},{"taxonomy":"property_area","embeddable":true,"href":"https:\/\/www.serra.immo\/ca\/wp-json\/wp\/v2\/property_area?post=1300321"}],"curies":[{"name":"wp","href":"https:\/\/api.w.org\/{rel}","templated":true}]}}

Ref. 05-7703/1086 - Duplex d´obra nova en venda a Vilanova i la Geltrú, Rambla de la Pau

<p>Habitatge d´obra nova, a la millor ubicació de Vilanova i la Geltrú, Rambla de la Pau.</p>
<p>Vols gaudir d´un habitatge que es finalitzarà amb grans acabats en una zona emblemàtica de la ciutat?</p>
<p>Aquí us presentem aquest habitatge de dues habitacions àmplies i dues cambres de bany a la tercera planta de l&#039;edifici i a més una tercera estada a la planta superior, accedint des de l&#039;escala o ascensor i des d&#039;aquesta estada tenim accés a una terrassa privada de 26 m2 a primera línia de la rambla.</p>
<p>La fusteria exterior serà amb tancament de trencament de pont tèrmic en alumini lacat i la interior serà lacada en blanc, sent la dentrada blindada. Els paviments de l&#039;habitatge seran de tarima laminada i banys i cuina en gres porcelànic. Les cuines seran de la millor qualitat italiana de la marca Lube. La climatització fred-calor serà mitjançant aerotèrmia per conductes.</p>
<p>L&#039;edifici disposarà d&#039;ascensor i es lliurarà a finals del 2026</p>
<p>El preu no inclou impostos ni despeses de compravenda (notaria, registre, etc.). La informació exposada és orientativa i pot estar subjecta a errors o omissions involuntàries.</p>
