{"id":1299823,"date":"2026-04-27T01:32:35","date_gmt":"2026-04-26T23:32:35","guid":{"rendered":"https:\/\/www.serra.immo\/propiedad\/ref-30-fml336-1649\/"},"modified":"2026-04-27T01:32:35","modified_gmt":"2026-04-26T23:32:35","slug":"ref-30-fml336-1649","status":"publish","type":"property","link":"https:\/\/www.serra.immo\/ca\/propiedad\/ref-30-fml336-1649\/","title":{"rendered":"Ref. 30-FML336\/1649 \u2013"},"content":{"rendered":"<p>Oportunitat \u00fanica a Vilanova i la Geltr\u00fa!<\/p>\n<p>Aquest ampli local comercial di\u00e0fan de 170 m\u00b2 es troba a la prestigiosa Rambla Principal de Vilanova, a la millor zona comercial de la ciutat. Amb 160 m\u00b2 \u00fatils, ofereix un espai vers\u00e0til ideal per a qualsevol tipus de negoci. Disposa de dos aparadors que garanteixen una excel\u00b7lent visibilitat i acc\u00e9s directe a peu de carrer.<br \/>\nEl local disposa d\u00b4aire condicionat i calefacci\u00f3, assegurant un ambient confortable durant tot l\u00b4any. A m\u00e9s, inclou un pr\u00e0ctic magatzem a la part posterior, perfecte per emmagatzemar productes o material. Amb persiana el\u00e8ctrica, sortida de fums i 5 metres de fa\u00e7ana.<\/p>\n<p>Serveis de llum i aigua actualment de baixa.<\/p>\n<p>\u00a1\u00a1 No deixis passar aquesta oportunitat i vine a visitar-ho!<\/p>","protected":false},"excerpt":{"rendered":"<p>Oportunitat \u00fanica a Vilanova i la Geltr\u00fa!<\/p>\n<p>Aquest ampli local comercial di\u00e0fan de 170 m\u00b2 es troba a la prestigiosa Rambla Principal de Vilanova, a la millor zona comercial de la ciutat. Amb 160 m\u00b2 \u00fatils, ofereix un espai vers\u00e0til ideal per a qualsevol tipus de negoci. Disposa de dos aparadors que garanteixen una excel\u00b7lent visibilitat i acc\u00e9s directe a peu de carrer.<br \/>\nEl local disposa d\u00b4aire condicionat i calefacci\u00f3, assegurant un ambient confortable durant tot l\u00b4any. A m\u00e9s, inclou un pr\u00e0ctic magatzem a la part posterior, perfecte per emmagatzemar productes o material. Amb persiana el\u00e8ctrica, sortida de fums i 5 metres de fa\u00e7ana.<\/p>\n<p>Serveis de llum i aigua actualment de baixa.<\/p>\n<p>\u00a1\u00a1 No deixis passar aquesta oportunitat i vine a visitar-ho!<\/p>","protected":false},"author":4,"featured_media":1299824,"parent":0,"menu_order":0,"template":"","property_type":[841],"property_status":[204],"property_feature":[],"property_label":[],"property_state":[],"property_city":[198],"property_area":[199],"class_list":["post-1299823","property","type-property","status-publish","has-post-thumbnail","hentry","property_type-locales-comerciales","property_status-alquilar","property_city-vilanova-i-la-geltru","property_area-centre"],"property_meta":{"fave_currency":["EUR"],"fave_currency_info":[""],"fave_property_price":["3500"],"fave_property_size":["0.00"],"fave_property_size_prefix":["m2"],"fave_property_land":["0"],"fave_property_land_postfix":["m2"],"fave_property_bedrooms":["0"],"fave_property_bathrooms":["0"],"fave_virtual_tour":["0"],"fave_property_map":["1"],"fave_property_id":["30-FML336\/1649"],"fave_property_year":["1975"],"fave_property_zip":["08800"],"fave_featured":["0"],"houzez_featured_listing_date":[""],"fave_agent_display_option":["agent_info"],"fave_prop_homeslider":["no"],"fave_energy_class":["E"],"fave_energy_global_index":["120"],"fave_energy_performance":["E"],"fave_renewable_energy_global_index":["25"],"floor_plans":[""],"fave_multi_units":[""],"additional_features":[""],"fave_agents":["1179704"],"fave_property_agency":["1214635"],"fave_property_map_address":[null],"fave_property_location":["41.223669764,1.72503484"],"houzez_geolocation_lat":["41.223669764"],"houzez_geolocation_long":["1.72503484"],"aicat":["1"],"_wp_page_template":["default"],"fave_property_images":["1299824","1299824","1299825","1299826","1299827","1299828","1299829","1299830","1299831","1299832","1299833","1299834","1299835","1299836"],"_thumbnail_id":["1299824"],"houzez_total_property_views":["9"],"houzez_views_by_date":["a:1:{s:10:\"04-27-2026\";i:9;}"],"houzez_recently_viewed":["2026-04-27 16:24:15"],"_elementor_page_assets":["a:0:{}"]},"_links":{"self":[{"href":"https:\/\/www.serra.immo\/ca\/wp-json\/wp\/v2\/properties\/1299823","targetHints":{"allow":["GET"]}}],"collection":[{"href":"https:\/\/www.serra.immo\/ca\/wp-json\/wp\/v2\/properties"}],"about":[{"href":"https:\/\/www.serra.immo\/ca\/wp-json\/wp\/v2\/types\/property"}],"author":[{"embeddable":true,"href":"https:\/\/www.serra.immo\/ca\/wp-json\/wp\/v2\/users\/4"}],"version-history":[{"count":0,"href":"https:\/\/www.serra.immo\/ca\/wp-json\/wp\/v2\/properties\/1299823\/revisions"}],"wp:featuredmedia":[{"embeddable":true,"href":"https:\/\/www.serra.immo\/ca\/wp-json\/wp\/v2\/media\/1299824"}],"wp:attachment":[{"href":"https:\/\/www.serra.immo\/ca\/wp-json\/wp\/v2\/media?parent=1299823"}],"wp:term":[{"taxonomy":"property_type","embeddable":true,"href":"https:\/\/www.serra.immo\/ca\/wp-json\/wp\/v2\/property_type?post=1299823"},{"taxonomy":"property_status","embeddable":true,"href":"https:\/\/www.serra.immo\/ca\/wp-json\/wp\/v2\/property_status?post=1299823"},{"taxonomy":"property_feature","embeddable":true,"href":"https:\/\/www.serra.immo\/ca\/wp-json\/wp\/v2\/property_feature?post=1299823"},{"taxonomy":"property_label","embeddable":true,"href":"https:\/\/www.serra.immo\/ca\/wp-json\/wp\/v2\/property_label?post=1299823"},{"taxonomy":"property_state","embeddable":true,"href":"https:\/\/www.serra.immo\/ca\/wp-json\/wp\/v2\/property_state?post=1299823"},{"taxonomy":"property_city","embeddable":true,"href":"https:\/\/www.serra.immo\/ca\/wp-json\/wp\/v2\/property_city?post=1299823"},{"taxonomy":"property_area","embeddable":true,"href":"https:\/\/www.serra.immo\/ca\/wp-json\/wp\/v2\/property_area?post=1299823"}],"curies":[{"name":"wp","href":"https:\/\/api.w.org\/{rel}","templated":true}]}}

<p>Oportunitat única a Vilanova i la Geltrú!</p>
<p>Aquest ampli local comercial diàfan de 170 m² es troba a la prestigiosa Rambla Principal de Vilanova, a la millor zona comercial de la ciutat. Amb 160 m² útils, ofereix un espai versàtil ideal per a qualsevol tipus de negoci. Disposa de dos aparadors que garanteixen una excel·lent visibilitat i accés directe a peu de carrer.<br />
El local disposa d´aire condicionat i calefacció, assegurant un ambient confortable durant tot l´any. A més, inclou un pràctic magatzem a la part posterior, perfecte per emmagatzemar productes o material. Amb persiana elèctrica, sortida de fums i 5 metres de façana.</p>
<p>Serveis de llum i aigua actualment de baixa.</p>
<p>¡¡ No deixis passar aquesta oportunitat i vine a visitar-ho!</p>
